{"id":1486,"date":"2020-02-28T10:58:49","date_gmt":"2020-02-28T09:58:49","guid":{"rendered":"https:\/\/ostersjostiftelsen.se\/about-the-foundation\/board\/"},"modified":"2025-09-01T09:01:56","modified_gmt":"2025-09-01T07:01:56","slug":"board","status":"publish","type":"page","link":"https:\/\/ostersjostiftelsen.se\/en\/about-the-foundation\/board\/","title":{"rendered":"Board"},"content":{"rendered":"\n<p class=\"has-large-font-size\">Lars-Erik Edlund<\/p>\n\n\n\n<p><strong>Chair of the Board<\/strong><br>Professor of Nordic Languages, Ume\u00e5 University<\/p>\n\n\n\n<hr class=\"wp-block-separator has-alpha-channel-opacity is-style-wide\"\/>\n\n\n\n<p class=\"has-large-font-size\">Veronika Bard<\/p>\n\n\n\n<p><strong>Vice<\/strong> <strong>Chair of the Board<\/strong> <br>Former ambassador<\/p>\n\n\n\n<hr class=\"wp-block-separator has-alpha-channel-opacity is-style-wide\"\/>\n\n\n\n<p class=\"has-large-font-size\">Ulf Bengtsson<\/p>\n\n\n\n<p><strong>Board member<\/strong> <strong>and<\/strong> <strong>member of the investment committee<\/strong><br>Former Director General<\/p>\n\n\n\n<hr class=\"wp-block-separator has-alpha-channel-opacity is-style-wide\"\/>\n\n\n\n<p class=\"has-large-font-size\">Romulo Enmark<\/p>\n\n\n\n<p><strong>Board member<\/strong><br>Former Vice-chancellor<\/p>\n\n\n\n<hr class=\"wp-block-separator has-alpha-channel-opacity is-style-wide\"\/>\n\n\n\n<p class=\"has-large-font-size\">Ann Fust<\/p>\n\n\n\n<p><strong>Board member <\/strong><br>Former Council Director<\/p>\n\n\n\n<hr class=\"wp-block-separator has-alpha-channel-opacity is-style-wide\"\/>\n\n\n\n<p class=\"has-large-font-size\">Laura Hartman<\/p>\n\n\n\n<p><strong>Board member<\/strong><br>Senior Lecturer in Economics<\/p>\n\n\n\n<hr class=\"wp-block-separator has-alpha-channel-opacity is-style-wide\"\/>\n\n\n\n<p class=\"has-large-font-size\">Eleonora Narvselius<\/p>\n\n\n\n<p><strong>Board member<\/strong><br>Senior university lecturer in Ethnology, Associate Professor, Lund University<\/p>\n\n\n\n<hr class=\"wp-block-separator has-alpha-channel-opacity is-style-wide\"\/>\n\n\n\n<p class=\"has-large-font-size\">Lars-G\u00f6ran Orrevall<\/p>\n\n\n\n<p><strong>Board member<\/strong> <strong>and Chair of the investment committee<\/strong><br>Former Chief of Asset Management<\/p>\n\n\n\n<hr class=\"wp-block-separator has-alpha-channel-opacity is-style-wide\"\/>\n\n\n\n<p class=\"has-large-font-size\">Linda Ryan Bengtsson<\/p>\n\n\n\n<p><strong>Board member<\/strong> <strong>and<\/strong> <strong>Chair of the research committee<\/strong><br>Associate Professor of Media and Communication Studies, Karlstad University<\/p>\n\n\n\n<div style=\"height:35px\" aria-hidden=\"true\" class=\"wp-block-spacer\"><\/div>\n\n\n\n<div class=\"wp-block-group has-light-gray-background-color has-background\"><div class=\"wp-block-group__inner-container is-layout-flow wp-block-group-is-layout-flow\">\n<h2 class=\"wp-block-heading has-large-font-size\">Appointment of the Board<\/h2>\n\n\n\n<p>The Board is appointed by the Government (two members) and by the Board itself (seven members). The proposal for members of the Board (six members) is submitted by the Royal Swedish Academy of Sciences, the higher education institutions and the heads of the following Swedish agencies: the Swedish Research Council; the Research Council for Health, Working Life and Welfare (Forte); the Research Council for the Environment, Agricultural Sciences and Spatial Planning (Formas); and Sweden\u2019s Innovation Agency (Vinnova). One member is proposed by the Board itself. <\/p>\n\n\n\n<p>The mandate period is from 1st July 2025 until 30th June 2028.<\/p>\n<\/div><\/div>\n\n\n\n<div style=\"height:35px\" aria-hidden=\"true\" class=\"wp-block-spacer\"><\/div>\n","protected":false},"excerpt":{"rendered":"<p>Lars-Erik Edlund Chair of the BoardProfessor of Nordic Languages, Ume\u00e5 University Veronika Bard Vice Chair&#8230;<\/p>\n","protected":false},"author":1,"featured_media":0,"parent":1478,"menu_order":0,"comment_status":"closed","ping_status":"closed","template":"","meta":{"_acf_changed":false,"_monsterinsights_skip_tracking":false,"_monsterinsights_sitenote_active":false,"_monsterinsights_sitenote_note":"","_monsterinsights_sitenote_category":0,"footnotes":""},"class_list":["post-1486","page","type-page","status-publish","hentry"],"acf":[],"yoast_head":"<!-- This site is optimized with the Yoast SEO plugin v27.3 - https:\/\/yoast.com\/product\/yoast-seo-wordpress\/ -->\n<title>Board - \u00d6stersj\u00f6stiftelsen<\/title>\n<meta name=\"robots\" content=\"index, follow, max-snippet:-1, max-image-preview:large, max-video-preview:-1\" \/>\n<link rel=\"canonical\" href=\"https:\/\/ostersjostiftelsen.se\/en\/about-the-foundation\/board\/\" \/>\n<meta property=\"og:locale\" content=\"en_US\" \/>\n<meta property=\"og:type\" content=\"article\" \/>\n<meta property=\"og:title\" content=\"Board - \u00d6stersj\u00f6stiftelsen\" \/>\n<meta property=\"og:description\" content=\"Lars-Erik Edlund Chair of the BoardProfessor of Nordic Languages, Ume\u00e5 University Veronika Bard Vice Chair...\" \/>\n<meta property=\"og:url\" content=\"https:\/\/ostersjostiftelsen.se\/en\/about-the-foundation\/board\/\" \/>\n<meta property=\"og:site_name\" content=\"\u00d6stersj\u00f6stiftelsen\" \/>\n<meta property=\"article:modified_time\" content=\"2025-09-01T07:01:56+00:00\" \/>\n<meta name=\"twitter:card\" content=\"summary_large_image\" \/>\n<meta name=\"twitter:label1\" content=\"Est. reading time\" \/>\n\t<meta name=\"twitter:data1\" content=\"2 minutes\" \/>\n<script type=\"application\/ld+json\" class=\"yoast-schema-graph\">{\"@context\":\"https:\\\/\\\/schema.org\",\"@graph\":[{\"@type\":\"WebPage\",\"@id\":\"https:\\\/\\\/ostersjostiftelsen.se\\\/en\\\/about-the-foundation\\\/board\\\/\",\"url\":\"https:\\\/\\\/ostersjostiftelsen.se\\\/en\\\/about-the-foundation\\\/board\\\/\",\"name\":\"Board - \u00d6stersj\u00f6stiftelsen\",\"isPartOf\":{\"@id\":\"https:\\\/\\\/ostersjostiftelsen.se\\\/#website\"},\"datePublished\":\"2020-02-28T09:58:49+00:00\",\"dateModified\":\"2025-09-01T07:01:56+00:00\",\"breadcrumb\":{\"@id\":\"https:\\\/\\\/ostersjostiftelsen.se\\\/en\\\/about-the-foundation\\\/board\\\/#breadcrumb\"},\"inLanguage\":\"en-US\",\"potentialAction\":[{\"@type\":\"ReadAction\",\"target\":[\"https:\\\/\\\/ostersjostiftelsen.se\\\/en\\\/about-the-foundation\\\/board\\\/\"]}]},{\"@type\":\"BreadcrumbList\",\"@id\":\"https:\\\/\\\/ostersjostiftelsen.se\\\/en\\\/about-the-foundation\\\/board\\\/#breadcrumb\",\"itemListElement\":[{\"@type\":\"ListItem\",\"position\":1,\"name\":\"Home\",\"item\":\"https:\\\/\\\/ostersjostiftelsen.se\\\/en\\\/\"},{\"@type\":\"ListItem\",\"position\":2,\"name\":\"About the Foundation\",\"item\":\"https:\\\/\\\/ostersjostiftelsen.se\\\/en\\\/about-the-foundation\\\/\"},{\"@type\":\"ListItem\",\"position\":3,\"name\":\"Board\"}]},{\"@type\":\"WebSite\",\"@id\":\"https:\\\/\\\/ostersjostiftelsen.se\\\/#website\",\"url\":\"https:\\\/\\\/ostersjostiftelsen.se\\\/\",\"name\":\"\u00d6stersj\u00f6stiftelsen\",\"description\":\"Stiftelsen f\u00f6r forskning inom omr\u00e5den med anknytning till \u00d6stersj\u00f6regionen och \u00d6steuropa\",\"potentialAction\":[{\"@type\":\"SearchAction\",\"target\":{\"@type\":\"EntryPoint\",\"urlTemplate\":\"https:\\\/\\\/ostersjostiftelsen.se\\\/?s={search_term_string}\"},\"query-input\":{\"@type\":\"PropertyValueSpecification\",\"valueRequired\":true,\"valueName\":\"search_term_string\"}}],\"inLanguage\":\"en-US\"}]}<\/script>\n<!-- \/ Yoast SEO plugin. -->","yoast_head_json":{"title":"Board - \u00d6stersj\u00f6stiftelsen","robots":{"index":"index","follow":"follow","max-snippet":"max-snippet:-1","max-image-preview":"max-image-preview:large","max-video-preview":"max-video-preview:-1"},"canonical":"https:\/\/ostersjostiftelsen.se\/en\/about-the-foundation\/board\/","og_locale":"en_US","og_type":"article","og_title":"Board - \u00d6stersj\u00f6stiftelsen","og_description":"Lars-Erik Edlund Chair of the BoardProfessor of Nordic Languages, Ume\u00e5 University Veronika Bard Vice Chair...","og_url":"https:\/\/ostersjostiftelsen.se\/en\/about-the-foundation\/board\/","og_site_name":"\u00d6stersj\u00f6stiftelsen","article_modified_time":"2025-09-01T07:01:56+00:00","twitter_card":"summary_large_image","twitter_misc":{"Est. reading time":"2 minutes"},"schema":{"@context":"https:\/\/schema.org","@graph":[{"@type":"WebPage","@id":"https:\/\/ostersjostiftelsen.se\/en\/about-the-foundation\/board\/","url":"https:\/\/ostersjostiftelsen.se\/en\/about-the-foundation\/board\/","name":"Board - \u00d6stersj\u00f6stiftelsen","isPartOf":{"@id":"https:\/\/ostersjostiftelsen.se\/#website"},"datePublished":"2020-02-28T09:58:49+00:00","dateModified":"2025-09-01T07:01:56+00:00","breadcrumb":{"@id":"https:\/\/ostersjostiftelsen.se\/en\/about-the-foundation\/board\/#breadcrumb"},"inLanguage":"en-US","potentialAction":[{"@type":"ReadAction","target":["https:\/\/ostersjostiftelsen.se\/en\/about-the-foundation\/board\/"]}]},{"@type":"BreadcrumbList","@id":"https:\/\/ostersjostiftelsen.se\/en\/about-the-foundation\/board\/#breadcrumb","itemListElement":[{"@type":"ListItem","position":1,"name":"Home","item":"https:\/\/ostersjostiftelsen.se\/en\/"},{"@type":"ListItem","position":2,"name":"About the Foundation","item":"https:\/\/ostersjostiftelsen.se\/en\/about-the-foundation\/"},{"@type":"ListItem","position":3,"name":"Board"}]},{"@type":"WebSite","@id":"https:\/\/ostersjostiftelsen.se\/#website","url":"https:\/\/ostersjostiftelsen.se\/","name":"\u00d6stersj\u00f6stiftelsen","description":"Stiftelsen f\u00f6r forskning inom omr\u00e5den med anknytning till \u00d6stersj\u00f6regionen och \u00d6steuropa","potentialAction":[{"@type":"SearchAction","target":{"@type":"EntryPoint","urlTemplate":"https:\/\/ostersjostiftelsen.se\/?s={search_term_string}"},"query-input":{"@type":"PropertyValueSpecification","valueRequired":true,"valueName":"search_term_string"}}],"inLanguage":"en-US"}]}},"_links":{"self":[{"href":"https:\/\/ostersjostiftelsen.se\/en\/wp-json\/wp\/v2\/pages\/1486","targetHints":{"allow":["GET"]}}],"collection":[{"href":"https:\/\/ostersjostiftelsen.se\/en\/wp-json\/wp\/v2\/pages"}],"about":[{"href":"https:\/\/ostersjostiftelsen.se\/en\/wp-json\/wp\/v2\/types\/page"}],"author":[{"embeddable":true,"href":"https:\/\/ostersjostiftelsen.se\/en\/wp-json\/wp\/v2\/users\/1"}],"replies":[{"embeddable":true,"href":"https:\/\/ostersjostiftelsen.se\/en\/wp-json\/wp\/v2\/comments?post=1486"}],"version-history":[{"count":42,"href":"https:\/\/ostersjostiftelsen.se\/en\/wp-json\/wp\/v2\/pages\/1486\/revisions"}],"predecessor-version":[{"id":6534,"href":"https:\/\/ostersjostiftelsen.se\/en\/wp-json\/wp\/v2\/pages\/1486\/revisions\/6534"}],"up":[{"embeddable":true,"href":"https:\/\/ostersjostiftelsen.se\/en\/wp-json\/wp\/v2\/pages\/1478"}],"wp:attachment":[{"href":"https:\/\/ostersjostiftelsen.se\/en\/wp-json\/wp\/v2\/media?parent=1486"}],"curies":[{"name":"wp","href":"https:\/\/api.w.org\/{rel}","templated":true}]}}

<p class="has-large-font-size">Lars-Erik Edlund</p>



<p><strong>Chair of the Board</strong><br>Professor of Nordic Languages, Umeå University</p>



<hr class="wp-block-separator has-alpha-channel-opacity is-style-wide"/>



<p class="has-large-font-size">Veronika Bard</p>



<p><strong>Vice</strong> <strong>Chair of the Board</strong> <br>Former ambassador</p>



<hr class="wp-block-separator has-alpha-channel-opacity is-style-wide"/>



<p class="has-large-font-size">Ulf Bengtsson</p>



<p><strong>Board member</strong> <strong>and</strong> <strong>member of the investment committee</strong><br>Former Director General</p>



<hr class="wp-block-separator has-alpha-channel-opacity is-style-wide"/>



<p class="has-large-font-size">Romulo Enmark</p>



<p><strong>Board member</strong><br>Former Vice-chancellor</p>



<hr class="wp-block-separator has-alpha-channel-opacity is-style-wide"/>



<p class="has-large-font-size">Ann Fust</p>



<p><strong>Board member </strong><br>Former Council Director</p>



<hr class="wp-block-separator has-alpha-channel-opacity is-style-wide"/>



<p class="has-large-font-size">Laura Hartman</p>



<p><strong>Board member</strong><br>Senior Lecturer in Economics</p>



<hr class="wp-block-separator has-alpha-channel-opacity is-style-wide"/>



<p class="has-large-font-size">Eleonora Narvselius</p>



<p><strong>Board member</strong><br>Senior university lecturer in Ethnology, Associate Professor, Lund University</p>



<hr class="wp-block-separator has-alpha-channel-opacity is-style-wide"/>



<p class="has-large-font-size">Lars-Göran Orrevall</p>



<p><strong>Board member</strong> <strong>and Chair of the investment committee</strong><br>Former Chief of Asset Management</p>



<hr class="wp-block-separator has-alpha-channel-opacity is-style-wide"/>



<p class="has-large-font-size">Linda Ryan Bengtsson</p>



<p><strong>Board member</strong> <strong>and</strong> <strong>Chair of the research committee</strong><br>Associate Professor of Media and Communication Studies, Karlstad University</p>



<div style="height:35px" aria-hidden="true" class="wp-block-spacer"></div>



<div class="wp-block-group has-light-gray-background-color has-background"><div class="wp-block-group__inner-container is-layout-flow wp-block-group-is-layout-flow">
<h2 class="wp-block-heading has-large-font-size">Appointment of the Board</h2>



<p>The Board is appointed by the Government (two members) and by the Board itself (seven members). The proposal for members of the Board (six members) is submitted by the Royal Swedish Academy of Sciences, the higher education institutions and the heads of the following Swedish agencies: the Swedish Research Council; the Research Council for Health, Working Life and Welfare (Forte); the Research Council for the Environment, Agricultural Sciences and Spatial Planning (Formas); and Sweden’s Innovation Agency (Vinnova). One member is proposed by the Board itself. </p>



<p>The mandate period is from 1st July 2025 until 30th June 2028.</p>
</div></div>



<div style="height:35px" aria-hidden="true" class="wp-block-spacer"></div>

<p>Lars-Erik Edlund Chair of the BoardProfessor of Nordic Languages, Umeå University Veronika Bard Vice Chair&#8230;</p>

<!-- This site is optimized with the Yoast SEO plugin v27.3 - https://yoast.com/product/yoast-seo-wordpress/ -->
<title>Board - Östersjöstiftelsen</title>
<meta name="robots" content="index, follow, max-snippet:-1, max-image-preview:large, max-video-preview:-1" />
<link rel="canonical" href="https://ostersjostiftelsen.se/en/about-the-foundation/board/" />
<meta property="og:locale" content="en_US" />
<meta property="og:type" content="article" />
<meta property="og:title" content="Board - Östersjöstiftelsen" />
<meta property="og:description" content="Lars-Erik Edlund Chair of the BoardProfessor of Nordic Languages, Umeå University Veronika Bard Vice Chair..." />
<meta property="og:url" content="https://ostersjostiftelsen.se/en/about-the-foundation/board/" />
<meta property="og:site_name" content="Östersjöstiftelsen" />
<meta property="article:modified_time" content="2025-09-01T07:01:56+00:00" />
<meta name="twitter:card" content="summary_large_image" />
<meta name="twitter:label1" content="Est. reading time" />
	<meta name="twitter:data1" content="2 minutes" />
<script type="application/ld+json" class="yoast-schema-graph">{"@context":"https:\/\/schema.org","@graph":[{"@type":"WebPage","@id":"https:\/\/ostersjostiftelsen.se\/en\/about-the-foundation\/board\/","url":"https:\/\/ostersjostiftelsen.se\/en\/about-the-foundation\/board\/","name":"Board - Östersjöstiftelsen","isPartOf":{"@id":"https:\/\/ostersjostiftelsen.se\/#website"},"datePublished":"2020-02-28T09:58:49+00:00","dateModified":"2025-09-01T07:01:56+00:00","breadcrumb":{"@id":"https:\/\/ostersjostiftelsen.se\/en\/about-the-foundation\/board\/#breadcrumb"},"inLanguage":"en-US","potentialAction":[{"@type":"ReadAction","target":["https:\/\/ostersjostiftelsen.se\/en\/about-the-foundation\/board\/"]}]},{"@type":"BreadcrumbList","@id":"https:\/\/ostersjostiftelsen.se\/en\/about-the-foundation\/board\/#breadcrumb","itemListElement":[{"@type":"ListItem","position":1,"name":"Home","item":"https:\/\/ostersjostiftelsen.se\/en\/"},{"@type":"ListItem","position":2,"name":"About the Foundation","item":"https:\/\/ostersjostiftelsen.se\/en\/about-the-foundation\/"},{"@type":"ListItem","position":3,"name":"Board"}]},{"@type":"WebSite","@id":"https:\/\/ostersjostiftelsen.se\/#website","url":"https:\/\/ostersjostiftelsen.se\/","name":"Östersjöstiftelsen","description":"Stiftelsen för forskning inom områden med anknytning till Östersjöregionen och Östeuropa","potentialAction":[{"@type":"SearchAction","target":{"@type":"EntryPoint","urlTemplate":"https:\/\/ostersjostiftelsen.se\/?s={search_term_string}"},"query-input":{"@type":"PropertyValueSpecification","valueRequired":true,"valueName":"search_term_string"}}],"inLanguage":"en-US"}]}</script>
<!-- / Yoast SEO plugin. -->

Board - Östersjöstiftelsen

Lars-Erik Edlund Chair of the BoardProfessor of Nordic Languages, Umeå University Veronika Bard Vice Chair...

Östersjöstiftelsen

Stiftelsen för forskning inom områden med anknytning till Östersjöregionen och Östeuropa
