{"id":2882,"date":"2020-12-09T14:32:30","date_gmt":"2020-12-09T13:32:30","guid":{"rendered":"https:\/\/ostersjostiftelsen.se\/?post_type=project&#038;p=2882"},"modified":"2022-12-05T14:48:52","modified_gmt":"2022-12-05T13:48:52","slug":"post-migrant-voices-in-the-baltic-sea-region-sweden-germany-estonia","status":"publish","type":"project","link":"https:\/\/ostersjostiftelsen.se\/en\/project\/post-migrant-voices-in-the-baltic-sea-region-sweden-germany-estonia\/","title":{"rendered":"Post-migrant voices in the Baltic Sea region (Sweden, Germany, Estonia)"},"content":{"rendered":"\n<p>Today\u2019s European countries are countries of immigration (and emigration). Mainstream news media systematically speak about immigrants, but rarely with them and often in a negative manner. Especially newcomers are underrepresented as sources and are not given a voice. Immigrants and their descendants are increasingly claiming the right to participate in the public sphere by producing their own media. The challenge, however, for today\u2019s marginalized communities is not necessarily being denied a voice in the wider public sphere but rather an audience that listens.<\/p>\n\n\n\n<p>The purpose of the proposed research project is to gather knowledge about the role migrant media play as agents in local, national, and transnational (Baltic Sea region) media landscapes. We explore the societal conditions in which migrants get their voices heard outside their own community.<\/p>\n\n\n\n<p>Our theoretical point of departure is the concept of post-migrant societies, that observes society through the lenses of migration, of how living together on the basis of recognition, equal opportunities, and participation is possible. By doing interviews with media producers and doing analysis of media productions and reception, we focus on migrant media productions (journals, radio stations, tv, web pages, vlogs) that are produced by migrants themselves and address a wider local and national audience in Sweden, Germany and Estonia as well as in the transnational field of the Baltic Sea area.<\/p>\n","protected":false},"featured_media":0,"parent":0,"menu_order":0,"template":"","class_list":["post-2882","project","type-project","status-publish","hentry"],"acf":[],"yoast_head":"<!-- This site is optimized with the Yoast SEO plugin v27.3 - https:\/\/yoast.com\/product\/yoast-seo-wordpress\/ -->\n<title>Post-migrant voices in the Baltic Sea region (Sweden, Germany, Estonia) - \u00d6stersj\u00f6stiftelsen<\/title>\n<meta name=\"robots\" content=\"index, follow, max-snippet:-1, max-image-preview:large, max-video-preview:-1\" \/>\n<link rel=\"canonical\" href=\"https:\/\/ostersjostiftelsen.se\/project\/post-migrant-voices-in-the-baltic-sea-region-sweden-germany-estonia\/\" \/>\n<meta property=\"og:locale\" content=\"en_US\" \/>\n<meta property=\"og:type\" content=\"article\" \/>\n<meta property=\"og:title\" content=\"Post-migrant voices in the Baltic Sea region (Sweden, Germany, Estonia) - \u00d6stersj\u00f6stiftelsen\" \/>\n<meta property=\"og:description\" content=\"Today\u2019s European countries are countries of immigration (and emigration). Mainstream news media systematically speak about...\" \/>\n<meta property=\"og:url\" content=\"https:\/\/ostersjostiftelsen.se\/project\/post-migrant-voices-in-the-baltic-sea-region-sweden-germany-estonia\/\" \/>\n<meta property=\"og:site_name\" content=\"\u00d6stersj\u00f6stiftelsen\" \/>\n<meta property=\"article:modified_time\" content=\"2022-12-05T13:48:52+00:00\" \/>\n<meta name=\"twitter:card\" content=\"summary_large_image\" \/>\n<meta name=\"twitter:label1\" content=\"Est. reading time\" \/>\n\t<meta name=\"twitter:data1\" content=\"2 minutes\" \/>\n<script type=\"application\/ld+json\" class=\"yoast-schema-graph\">{\"@context\":\"https:\\\/\\\/schema.org\",\"@graph\":[{\"@type\":\"WebPage\",\"@id\":\"https:\\\/\\\/ostersjostiftelsen.se\\\/project\\\/post-migrant-voices-in-the-baltic-sea-region-sweden-germany-estonia\\\/\",\"url\":\"https:\\\/\\\/ostersjostiftelsen.se\\\/project\\\/post-migrant-voices-in-the-baltic-sea-region-sweden-germany-estonia\\\/\",\"name\":\"Post-migrant voices in the Baltic Sea region (Sweden, Germany, Estonia) - \u00d6stersj\u00f6stiftelsen\",\"isPartOf\":{\"@id\":\"https:\\\/\\\/ostersjostiftelsen.se\\\/#website\"},\"datePublished\":\"2020-12-09T13:32:30+00:00\",\"dateModified\":\"2022-12-05T13:48:52+00:00\",\"breadcrumb\":{\"@id\":\"https:\\\/\\\/ostersjostiftelsen.se\\\/project\\\/post-migrant-voices-in-the-baltic-sea-region-sweden-germany-estonia\\\/#breadcrumb\"},\"inLanguage\":\"en-US\",\"potentialAction\":[{\"@type\":\"ReadAction\",\"target\":[\"https:\\\/\\\/ostersjostiftelsen.se\\\/project\\\/post-migrant-voices-in-the-baltic-sea-region-sweden-germany-estonia\\\/\"]}]},{\"@type\":\"BreadcrumbList\",\"@id\":\"https:\\\/\\\/ostersjostiftelsen.se\\\/project\\\/post-migrant-voices-in-the-baltic-sea-region-sweden-germany-estonia\\\/#breadcrumb\",\"itemListElement\":[{\"@type\":\"ListItem\",\"position\":1,\"name\":\"Home\",\"item\":\"https:\\\/\\\/ostersjostiftelsen.se\\\/en\\\/\"},{\"@type\":\"ListItem\",\"position\":2,\"name\":\"Projekt\",\"item\":\"https:\\\/\\\/ostersjostiftelsen.se\\\/project\\\/\"},{\"@type\":\"ListItem\",\"position\":3,\"name\":\"Post-migrant voices in the Baltic Sea region (Sweden, Germany, Estonia)\"}]},{\"@type\":\"WebSite\",\"@id\":\"https:\\\/\\\/ostersjostiftelsen.se\\\/#website\",\"url\":\"https:\\\/\\\/ostersjostiftelsen.se\\\/\",\"name\":\"\u00d6stersj\u00f6stiftelsen\",\"description\":\"Stiftelsen f\u00f6r forskning inom omr\u00e5den med anknytning till \u00d6stersj\u00f6regionen och \u00d6steuropa\",\"potentialAction\":[{\"@type\":\"SearchAction\",\"target\":{\"@type\":\"EntryPoint\",\"urlTemplate\":\"https:\\\/\\\/ostersjostiftelsen.se\\\/?s={search_term_string}\"},\"query-input\":{\"@type\":\"PropertyValueSpecification\",\"valueRequired\":true,\"valueName\":\"search_term_string\"}}],\"inLanguage\":\"en-US\"}]}<\/script>\n<!-- \/ Yoast SEO plugin. -->","yoast_head_json":{"title":"Post-migrant voices in the Baltic Sea region (Sweden, Germany, Estonia) - \u00d6stersj\u00f6stiftelsen","robots":{"index":"index","follow":"follow","max-snippet":"max-snippet:-1","max-image-preview":"max-image-preview:large","max-video-preview":"max-video-preview:-1"},"canonical":"https:\/\/ostersjostiftelsen.se\/project\/post-migrant-voices-in-the-baltic-sea-region-sweden-germany-estonia\/","og_locale":"en_US","og_type":"article","og_title":"Post-migrant voices in the Baltic Sea region (Sweden, Germany, Estonia) - \u00d6stersj\u00f6stiftelsen","og_description":"Today\u2019s European countries are countries of immigration (and emigration). Mainstream news media systematically speak about...","og_url":"https:\/\/ostersjostiftelsen.se\/project\/post-migrant-voices-in-the-baltic-sea-region-sweden-germany-estonia\/","og_site_name":"\u00d6stersj\u00f6stiftelsen","article_modified_time":"2022-12-05T13:48:52+00:00","twitter_card":"summary_large_image","twitter_misc":{"Est. reading time":"2 minutes"},"schema":{"@context":"https:\/\/schema.org","@graph":[{"@type":"WebPage","@id":"https:\/\/ostersjostiftelsen.se\/project\/post-migrant-voices-in-the-baltic-sea-region-sweden-germany-estonia\/","url":"https:\/\/ostersjostiftelsen.se\/project\/post-migrant-voices-in-the-baltic-sea-region-sweden-germany-estonia\/","name":"Post-migrant voices in the Baltic Sea region (Sweden, Germany, Estonia) - \u00d6stersj\u00f6stiftelsen","isPartOf":{"@id":"https:\/\/ostersjostiftelsen.se\/#website"},"datePublished":"2020-12-09T13:32:30+00:00","dateModified":"2022-12-05T13:48:52+00:00","breadcrumb":{"@id":"https:\/\/ostersjostiftelsen.se\/project\/post-migrant-voices-in-the-baltic-sea-region-sweden-germany-estonia\/#breadcrumb"},"inLanguage":"en-US","potentialAction":[{"@type":"ReadAction","target":["https:\/\/ostersjostiftelsen.se\/project\/post-migrant-voices-in-the-baltic-sea-region-sweden-germany-estonia\/"]}]},{"@type":"BreadcrumbList","@id":"https:\/\/ostersjostiftelsen.se\/project\/post-migrant-voices-in-the-baltic-sea-region-sweden-germany-estonia\/#breadcrumb","itemListElement":[{"@type":"ListItem","position":1,"name":"Home","item":"https:\/\/ostersjostiftelsen.se\/en\/"},{"@type":"ListItem","position":2,"name":"Projekt","item":"https:\/\/ostersjostiftelsen.se\/project\/"},{"@type":"ListItem","position":3,"name":"Post-migrant voices in the Baltic Sea region (Sweden, Germany, Estonia)"}]},{"@type":"WebSite","@id":"https:\/\/ostersjostiftelsen.se\/#website","url":"https:\/\/ostersjostiftelsen.se\/","name":"\u00d6stersj\u00f6stiftelsen","description":"Stiftelsen f\u00f6r forskning inom omr\u00e5den med anknytning till \u00d6stersj\u00f6regionen och \u00d6steuropa","potentialAction":[{"@type":"SearchAction","target":{"@type":"EntryPoint","urlTemplate":"https:\/\/ostersjostiftelsen.se\/?s={search_term_string}"},"query-input":{"@type":"PropertyValueSpecification","valueRequired":true,"valueName":"search_term_string"}}],"inLanguage":"en-US"}]}},"_links":{"self":[{"href":"https:\/\/ostersjostiftelsen.se\/en\/wp-json\/wp\/v2\/project\/2882","targetHints":{"allow":["GET"]}}],"collection":[{"href":"https:\/\/ostersjostiftelsen.se\/en\/wp-json\/wp\/v2\/project"}],"about":[{"href":"https:\/\/ostersjostiftelsen.se\/en\/wp-json\/wp\/v2\/types\/project"}],"wp:attachment":[{"href":"https:\/\/ostersjostiftelsen.se\/en\/wp-json\/wp\/v2\/media?parent=2882"}],"curies":[{"name":"wp","href":"https:\/\/api.w.org\/{rel}","templated":true}]}}

<!-- This site is optimized with the Yoast SEO plugin v27.3 - https://yoast.com/product/yoast-seo-wordpress/ -->
<title>Post-migrant voices in the Baltic Sea region (Sweden, Germany, Estonia) - Östersjöstiftelsen</title>
<meta name="robots" content="index, follow, max-snippet:-1, max-image-preview:large, max-video-preview:-1" />
<link rel="canonical" href="https://ostersjostiftelsen.se/project/post-migrant-voices-in-the-baltic-sea-region-sweden-germany-estonia/" />
<meta property="og:locale" content="en_US" />
<meta property="og:type" content="article" />
<meta property="og:title" content="Post-migrant voices in the Baltic Sea region (Sweden, Germany, Estonia) - Östersjöstiftelsen" />
<meta property="og:description" content="Today’s European countries are countries of immigration (and emigration). Mainstream news media systematically speak about..." />
<meta property="og:url" content="https://ostersjostiftelsen.se/project/post-migrant-voices-in-the-baltic-sea-region-sweden-germany-estonia/" />
<meta property="og:site_name" content="Östersjöstiftelsen" />
<meta property="article:modified_time" content="2022-12-05T13:48:52+00:00" />
<meta name="twitter:card" content="summary_large_image" />
<meta name="twitter:label1" content="Est. reading time" />
	<meta name="twitter:data1" content="2 minutes" />
<script type="application/ld+json" class="yoast-schema-graph">{"@context":"https:\/\/schema.org","@graph":[{"@type":"WebPage","@id":"https:\/\/ostersjostiftelsen.se\/project\/post-migrant-voices-in-the-baltic-sea-region-sweden-germany-estonia\/","url":"https:\/\/ostersjostiftelsen.se\/project\/post-migrant-voices-in-the-baltic-sea-region-sweden-germany-estonia\/","name":"Post-migrant voices in the Baltic Sea region (Sweden, Germany, Estonia) - Östersjöstiftelsen","isPartOf":{"@id":"https:\/\/ostersjostiftelsen.se\/#website"},"datePublished":"2020-12-09T13:32:30+00:00","dateModified":"2022-12-05T13:48:52+00:00","breadcrumb":{"@id":"https:\/\/ostersjostiftelsen.se\/project\/post-migrant-voices-in-the-baltic-sea-region-sweden-germany-estonia\/#breadcrumb"},"inLanguage":"en-US","potentialAction":[{"@type":"ReadAction","target":["https:\/\/ostersjostiftelsen.se\/project\/post-migrant-voices-in-the-baltic-sea-region-sweden-germany-estonia\/"]}]},{"@type":"BreadcrumbList","@id":"https:\/\/ostersjostiftelsen.se\/project\/post-migrant-voices-in-the-baltic-sea-region-sweden-germany-estonia\/#breadcrumb","itemListElement":[{"@type":"ListItem","position":1,"name":"Home","item":"https:\/\/ostersjostiftelsen.se\/en\/"},{"@type":"ListItem","position":2,"name":"Projekt","item":"https:\/\/ostersjostiftelsen.se\/project\/"},{"@type":"ListItem","position":3,"name":"Post-migrant voices in the Baltic Sea region (Sweden, Germany, Estonia)"}]},{"@type":"WebSite","@id":"https:\/\/ostersjostiftelsen.se\/#website","url":"https:\/\/ostersjostiftelsen.se\/","name":"Östersjöstiftelsen","description":"Stiftelsen för forskning inom områden med anknytning till Östersjöregionen och Östeuropa","potentialAction":[{"@type":"SearchAction","target":{"@type":"EntryPoint","urlTemplate":"https:\/\/ostersjostiftelsen.se\/?s={search_term_string}"},"query-input":{"@type":"PropertyValueSpecification","valueRequired":true,"valueName":"search_term_string"}}],"inLanguage":"en-US"}]}</script>
<!-- / Yoast SEO plugin. -->

Post-migrant voices in the Baltic Sea region (Sweden, Germany, Estonia) - Östersjöstiftelsen

Östersjöstiftelsen

Stiftelsen för forskning inom områden med anknytning till Östersjöregionen och Östeuropa
