{"id":424,"date":"2019-09-17T15:47:26","date_gmt":"2019-09-17T13:47:26","guid":{"rendered":"http:\/\/ostersjostiftelsen.se\/?post_type=project&#038;p=424"},"modified":"2020-12-16T13:03:56","modified_gmt":"2020-12-16T12:03:56","slug":"organismer-i-ostersjon-har-det-inte-latt","status":"publish","type":"project","link":"https:\/\/ostersjostiftelsen.se\/en\/project\/organismer-i-ostersjon-har-det-inte-latt\/","title":{"rendered":"Organismer i \u00d6stersj\u00f6n har det inte l\u00e4tt"},"content":{"rendered":"\n<p>\u00d6stersj\u00f6ns organismv\u00e4rld best\u00e5r av arter som antingen har sitt ursprung i s\u00f6tvatten eller i marin milj\u00f6. Det finns inga arter som ar optimalt anpassade till just det br\u00e4ckta vatten som \u00e4r typiskt f\u00f6r detta innanhav. De arter som klarar denna livsmilj\u00f6 betalar ett pris, f\u00f6r m\u00e5nga \u00e4r de normala livsbetingelserna s\u00e5 h\u00e5rda att de redan utnyttjar mycket av sina inbyggda skyddsmekanismer f\u00f6r att \u00f6verleva.<\/p>\n\n\n\n<p>Ett bra exempel p\u00e5 detta \u00e4r bl\u00e5musslor i \u00d6stersj\u00f6n. Bl\u00e5musslan lever normalt i, och \u00e4r s\u00e5ledes anpassad till, en salthalt som finns i ex Nordsj\u00f6n. Vattnet i \u00d6stersj\u00f6n \u00e4r j\u00e4mf\u00f6relsevis uts\u00f6tat och bl\u00e5musslan har det tuffare d\u00e4r. Trots detta \u00e4r bl\u00e5musslan mycket vanlig i \u00d6stersj\u00f6n men det har visat sig att de \u00e4r betydligt mindre och v\u00e4xer l\u00e5ngsammare i \u00d6stersj\u00f6n \u00e4n i Nordsj\u00f6n. Det kan bero p\u00e5 att mycket energi g\u00e5r \u00e5t f\u00f6r att skydda sig mot den l\u00e5ga skadliga salthaltens inverkan p\u00e5 djurets celler. Bl\u00e5musslan \u00e4r stressad redan &#8220;normalt&#8221; i \u00d6stersj\u00f6n och har d\u00e5 troligen mindre tolerans mot ytterligare st\u00f6rningar. Detta g\u00e4ller m\u00e5nga organismer i \u00d6stersj\u00f6n och \u00e4r en anledning till varf\u00f6r detta hav \u00e4r s\u00e5 k\u00e4nsligt f\u00f6r milj\u00f6st\u00f6rningar.<\/p>\n\n\n\n<p>Om vi kan m\u00e4ta hur stressade bl\u00e5musslor och andra organismer \u00e4r kan det anv\u00e4ndas som ett s\u00e4tt att tidigt uppt\u00e4ck nya st\u00f6rningar i \u00d6stersj\u00f6n. Det finns flera s\u00e4tt at g\u00f6ra detta och vi f\u00f6rs\u00f6ker utveckla en metod som \u00e4r snabb och enkel att anv\u00e4nda.<\/p>\n\n\n\n<p>N\u00e4r en organism blir utsatt f\u00f6r n\u00e5got som den upplever som st\u00f6rande kommer en m\u00e4ngd processer att starta i dess celler. Vissa proteiner beh\u00f6vs det mer andra mindre av. F\u00f6r\u00e4ndringar i balansen mellan cellens proteiner kan d\u00e5 anv\u00e4ndas som mark\u00f6r f\u00f6r hur stressad organismen \u00e4r.<br>Vi studerar f\u00f6r\u00e4ndringar i k\u00e4nda proteiners syntesv\u00e4g vid st\u00f6rningar vi uts\u00e4tter bl\u00e5musslor f\u00f6r. Vi letar ocks\u00e5 nya mark\u00f6rer f\u00f6r samma st\u00f6rningar f\u00f6r att p\u00e5 s\u00e5 s\u00e4tt \u00f6ka sannolikheten att hitta anv\u00e4ndbara mark\u00f6rer. Det inneb\u00e4r att vi arbetar med b\u00e5de proteiner och deras budb\u00e4rarRNA. Vi har visat att t.ex. polyaromatiska kolv\u00e4ten (PAH) g\u00f6r att inducerar ett batteri av proteiner som i annan forskning visats vara inblandad i reparationsprocesser vid DNA-skada. Vi har ett stort insamlat material som l\u00f6pande bearbetas och nya data kommer att presenteras.<br>Projektet drivs i samarbete med en grupp p\u00e5 institutionen f\u00f6r systemekologi vid Stockholms universitet.<\/p>\n","protected":false},"featured_media":0,"parent":0,"menu_order":0,"template":"","class_list":["post-424","project","type-project","status-publish","hentry"],"acf":[],"yoast_head":"<!-- This site is optimized with the Yoast SEO plugin v27.3 - https:\/\/yoast.com\/product\/yoast-seo-wordpress\/ -->\n<title>Organismer i \u00d6stersj\u00f6n har det inte l\u00e4tt - \u00d6stersj\u00f6stiftelsen<\/title>\n<meta name=\"robots\" content=\"index, follow, max-snippet:-1, max-image-preview:large, max-video-preview:-1\" \/>\n<link rel=\"canonical\" href=\"https:\/\/ostersjostiftelsen.se\/en\/project\/organismer-i-ostersjon-har-det-inte-latt\/\" \/>\n<meta property=\"og:locale\" content=\"en_US\" \/>\n<meta property=\"og:type\" content=\"article\" \/>\n<meta property=\"og:title\" content=\"Organismer i \u00d6stersj\u00f6n har det inte l\u00e4tt - \u00d6stersj\u00f6stiftelsen\" \/>\n<meta property=\"og:description\" content=\"\u00d6stersj\u00f6ns organismv\u00e4rld best\u00e5r av arter som antingen har sitt ursprung i s\u00f6tvatten eller i marin...\" \/>\n<meta property=\"og:url\" content=\"https:\/\/ostersjostiftelsen.se\/en\/project\/organismer-i-ostersjon-har-det-inte-latt\/\" \/>\n<meta property=\"og:site_name\" content=\"\u00d6stersj\u00f6stiftelsen\" \/>\n<meta property=\"article:modified_time\" content=\"2020-12-16T12:03:56+00:00\" \/>\n<meta name=\"twitter:card\" content=\"summary_large_image\" \/>\n<meta name=\"twitter:label1\" content=\"Est. reading time\" \/>\n\t<meta name=\"twitter:data1\" content=\"2 minutes\" \/>\n<script type=\"application\/ld+json\" class=\"yoast-schema-graph\">{\"@context\":\"https:\\\/\\\/schema.org\",\"@graph\":[{\"@type\":\"WebPage\",\"@id\":\"https:\\\/\\\/ostersjostiftelsen.se\\\/en\\\/project\\\/organismer-i-ostersjon-har-det-inte-latt\\\/\",\"url\":\"https:\\\/\\\/ostersjostiftelsen.se\\\/en\\\/project\\\/organismer-i-ostersjon-har-det-inte-latt\\\/\",\"name\":\"Organismer i \u00d6stersj\u00f6n har det inte l\u00e4tt - \u00d6stersj\u00f6stiftelsen\",\"isPartOf\":{\"@id\":\"https:\\\/\\\/ostersjostiftelsen.se\\\/#website\"},\"datePublished\":\"2019-09-17T13:47:26+00:00\",\"dateModified\":\"2020-12-16T12:03:56+00:00\",\"breadcrumb\":{\"@id\":\"https:\\\/\\\/ostersjostiftelsen.se\\\/en\\\/project\\\/organismer-i-ostersjon-har-det-inte-latt\\\/#breadcrumb\"},\"inLanguage\":\"en-US\",\"potentialAction\":[{\"@type\":\"ReadAction\",\"target\":[\"https:\\\/\\\/ostersjostiftelsen.se\\\/en\\\/project\\\/organismer-i-ostersjon-har-det-inte-latt\\\/\"]}]},{\"@type\":\"BreadcrumbList\",\"@id\":\"https:\\\/\\\/ostersjostiftelsen.se\\\/en\\\/project\\\/organismer-i-ostersjon-har-det-inte-latt\\\/#breadcrumb\",\"itemListElement\":[{\"@type\":\"ListItem\",\"position\":1,\"name\":\"Home\",\"item\":\"https:\\\/\\\/ostersjostiftelsen.se\\\/en\\\/\"},{\"@type\":\"ListItem\",\"position\":2,\"name\":\"Projekt\",\"item\":\"https:\\\/\\\/ostersjostiftelsen.se\\\/project\\\/\"},{\"@type\":\"ListItem\",\"position\":3,\"name\":\"Organismer i \u00d6stersj\u00f6n har det inte l\u00e4tt\"}]},{\"@type\":\"WebSite\",\"@id\":\"https:\\\/\\\/ostersjostiftelsen.se\\\/#website\",\"url\":\"https:\\\/\\\/ostersjostiftelsen.se\\\/\",\"name\":\"\u00d6stersj\u00f6stiftelsen\",\"description\":\"Stiftelsen f\u00f6r forskning inom omr\u00e5den med anknytning till \u00d6stersj\u00f6regionen och \u00d6steuropa\",\"potentialAction\":[{\"@type\":\"SearchAction\",\"target\":{\"@type\":\"EntryPoint\",\"urlTemplate\":\"https:\\\/\\\/ostersjostiftelsen.se\\\/?s={search_term_string}\"},\"query-input\":{\"@type\":\"PropertyValueSpecification\",\"valueRequired\":true,\"valueName\":\"search_term_string\"}}],\"inLanguage\":\"en-US\"}]}<\/script>\n<!-- \/ Yoast SEO plugin. -->","yoast_head_json":{"title":"Organismer i \u00d6stersj\u00f6n har det inte l\u00e4tt - \u00d6stersj\u00f6stiftelsen","robots":{"index":"index","follow":"follow","max-snippet":"max-snippet:-1","max-image-preview":"max-image-preview:large","max-video-preview":"max-video-preview:-1"},"canonical":"https:\/\/ostersjostiftelsen.se\/en\/project\/organismer-i-ostersjon-har-det-inte-latt\/","og_locale":"en_US","og_type":"article","og_title":"Organismer i \u00d6stersj\u00f6n har det inte l\u00e4tt - \u00d6stersj\u00f6stiftelsen","og_description":"\u00d6stersj\u00f6ns organismv\u00e4rld best\u00e5r av arter som antingen har sitt ursprung i s\u00f6tvatten eller i marin...","og_url":"https:\/\/ostersjostiftelsen.se\/en\/project\/organismer-i-ostersjon-har-det-inte-latt\/","og_site_name":"\u00d6stersj\u00f6stiftelsen","article_modified_time":"2020-12-16T12:03:56+00:00","twitter_card":"summary_large_image","twitter_misc":{"Est. reading time":"2 minutes"},"schema":{"@context":"https:\/\/schema.org","@graph":[{"@type":"WebPage","@id":"https:\/\/ostersjostiftelsen.se\/en\/project\/organismer-i-ostersjon-har-det-inte-latt\/","url":"https:\/\/ostersjostiftelsen.se\/en\/project\/organismer-i-ostersjon-har-det-inte-latt\/","name":"Organismer i \u00d6stersj\u00f6n har det inte l\u00e4tt - \u00d6stersj\u00f6stiftelsen","isPartOf":{"@id":"https:\/\/ostersjostiftelsen.se\/#website"},"datePublished":"2019-09-17T13:47:26+00:00","dateModified":"2020-12-16T12:03:56+00:00","breadcrumb":{"@id":"https:\/\/ostersjostiftelsen.se\/en\/project\/organismer-i-ostersjon-har-det-inte-latt\/#breadcrumb"},"inLanguage":"en-US","potentialAction":[{"@type":"ReadAction","target":["https:\/\/ostersjostiftelsen.se\/en\/project\/organismer-i-ostersjon-har-det-inte-latt\/"]}]},{"@type":"BreadcrumbList","@id":"https:\/\/ostersjostiftelsen.se\/en\/project\/organismer-i-ostersjon-har-det-inte-latt\/#breadcrumb","itemListElement":[{"@type":"ListItem","position":1,"name":"Home","item":"https:\/\/ostersjostiftelsen.se\/en\/"},{"@type":"ListItem","position":2,"name":"Projekt","item":"https:\/\/ostersjostiftelsen.se\/project\/"},{"@type":"ListItem","position":3,"name":"Organismer i \u00d6stersj\u00f6n har det inte l\u00e4tt"}]},{"@type":"WebSite","@id":"https:\/\/ostersjostiftelsen.se\/#website","url":"https:\/\/ostersjostiftelsen.se\/","name":"\u00d6stersj\u00f6stiftelsen","description":"Stiftelsen f\u00f6r forskning inom omr\u00e5den med anknytning till \u00d6stersj\u00f6regionen och \u00d6steuropa","potentialAction":[{"@type":"SearchAction","target":{"@type":"EntryPoint","urlTemplate":"https:\/\/ostersjostiftelsen.se\/?s={search_term_string}"},"query-input":{"@type":"PropertyValueSpecification","valueRequired":true,"valueName":"search_term_string"}}],"inLanguage":"en-US"}]}},"_links":{"self":[{"href":"https:\/\/ostersjostiftelsen.se\/en\/wp-json\/wp\/v2\/project\/424","targetHints":{"allow":["GET"]}}],"collection":[{"href":"https:\/\/ostersjostiftelsen.se\/en\/wp-json\/wp\/v2\/project"}],"about":[{"href":"https:\/\/ostersjostiftelsen.se\/en\/wp-json\/wp\/v2\/types\/project"}],"wp:attachment":[{"href":"https:\/\/ostersjostiftelsen.se\/en\/wp-json\/wp\/v2\/media?parent=424"}],"curies":[{"name":"wp","href":"https:\/\/api.w.org\/{rel}","templated":true}]}}

Organismer i Östersjön har det inte lätt

<p>Östersjöns organismvärld består av arter som antingen har sitt ursprung i sötvatten eller i marin miljö. Det finns inga arter som ar optimalt anpassade till just det bräckta vatten som är typiskt för detta innanhav. De arter som klarar denna livsmiljö betalar ett pris, för många är de normala livsbetingelserna så hårda att de redan utnyttjar mycket av sina inbyggda skyddsmekanismer för att överleva.</p>



<p>Ett bra exempel på detta är blåmusslor i Östersjön. Blåmusslan lever normalt i, och är således anpassad till, en salthalt som finns i ex Nordsjön. Vattnet i Östersjön är jämförelsevis utsötat och blåmusslan har det tuffare där. Trots detta är blåmusslan mycket vanlig i Östersjön men det har visat sig att de är betydligt mindre och växer långsammare i Östersjön än i Nordsjön. Det kan bero på att mycket energi går åt för att skydda sig mot den låga skadliga salthaltens inverkan på djurets celler. Blåmusslan är stressad redan &#8220;normalt&#8221; i Östersjön och har då troligen mindre tolerans mot ytterligare störningar. Detta gäller många organismer i Östersjön och är en anledning till varför detta hav är så känsligt för miljöstörningar.</p>



<p>Om vi kan mäta hur stressade blåmusslor och andra organismer är kan det användas som ett sätt att tidigt upptäck nya störningar i Östersjön. Det finns flera sätt at göra detta och vi försöker utveckla en metod som är snabb och enkel att använda.</p>



<p>När en organism blir utsatt för något som den upplever som störande kommer en mängd processer att starta i dess celler. Vissa proteiner behövs det mer andra mindre av. Förändringar i balansen mellan cellens proteiner kan då användas som markör för hur stressad organismen är.<br>Vi studerar förändringar i kända proteiners syntesväg vid störningar vi utsätter blåmusslor för. Vi letar också nya markörer för samma störningar för att på så sätt öka sannolikheten att hitta användbara markörer. Det innebär att vi arbetar med både proteiner och deras budbärarRNA. Vi har visat att t.ex. polyaromatiska kolväten (PAH) gör att inducerar ett batteri av proteiner som i annan forskning visats vara inblandad i reparationsprocesser vid DNA-skada. Vi har ett stort insamlat material som löpande bearbetas och nya data kommer att presenteras.<br>Projektet drivs i samarbete med en grupp på institutionen för systemekologi vid Stockholms universitet.</p>

<!-- This site is optimized with the Yoast SEO plugin v27.3 - https://yoast.com/product/yoast-seo-wordpress/ -->
<title>Organismer i Östersjön har det inte lätt - Östersjöstiftelsen</title>
<meta name="robots" content="index, follow, max-snippet:-1, max-image-preview:large, max-video-preview:-1" />
<link rel="canonical" href="https://ostersjostiftelsen.se/en/project/organismer-i-ostersjon-har-det-inte-latt/" />
<meta property="og:locale" content="en_US" />
<meta property="og:type" content="article" />
<meta property="og:title" content="Organismer i Östersjön har det inte lätt - Östersjöstiftelsen" />
<meta property="og:description" content="Östersjöns organismvärld består av arter som antingen har sitt ursprung i sötvatten eller i marin..." />
<meta property="og:url" content="https://ostersjostiftelsen.se/en/project/organismer-i-ostersjon-har-det-inte-latt/" />
<meta property="og:site_name" content="Östersjöstiftelsen" />
<meta property="article:modified_time" content="2020-12-16T12:03:56+00:00" />
<meta name="twitter:card" content="summary_large_image" />
<meta name="twitter:label1" content="Est. reading time" />
	<meta name="twitter:data1" content="2 minutes" />
<script type="application/ld+json" class="yoast-schema-graph">{"@context":"https:\/\/schema.org","@graph":[{"@type":"WebPage","@id":"https:\/\/ostersjostiftelsen.se\/en\/project\/organismer-i-ostersjon-har-det-inte-latt\/","url":"https:\/\/ostersjostiftelsen.se\/en\/project\/organismer-i-ostersjon-har-det-inte-latt\/","name":"Organismer i Östersjön har det inte lätt - Östersjöstiftelsen","isPartOf":{"@id":"https:\/\/ostersjostiftelsen.se\/#website"},"datePublished":"2019-09-17T13:47:26+00:00","dateModified":"2020-12-16T12:03:56+00:00","breadcrumb":{"@id":"https:\/\/ostersjostiftelsen.se\/en\/project\/organismer-i-ostersjon-har-det-inte-latt\/#breadcrumb"},"inLanguage":"en-US","potentialAction":[{"@type":"ReadAction","target":["https:\/\/ostersjostiftelsen.se\/en\/project\/organismer-i-ostersjon-har-det-inte-latt\/"]}]},{"@type":"BreadcrumbList","@id":"https:\/\/ostersjostiftelsen.se\/en\/project\/organismer-i-ostersjon-har-det-inte-latt\/#breadcrumb","itemListElement":[{"@type":"ListItem","position":1,"name":"Home","item":"https:\/\/ostersjostiftelsen.se\/en\/"},{"@type":"ListItem","position":2,"name":"Projekt","item":"https:\/\/ostersjostiftelsen.se\/project\/"},{"@type":"ListItem","position":3,"name":"Organismer i Östersjön har det inte lätt"}]},{"@type":"WebSite","@id":"https:\/\/ostersjostiftelsen.se\/#website","url":"https:\/\/ostersjostiftelsen.se\/","name":"Östersjöstiftelsen","description":"Stiftelsen för forskning inom områden med anknytning till Östersjöregionen och Östeuropa","potentialAction":[{"@type":"SearchAction","target":{"@type":"EntryPoint","urlTemplate":"https:\/\/ostersjostiftelsen.se\/?s={search_term_string}"},"query-input":{"@type":"PropertyValueSpecification","valueRequired":true,"valueName":"search_term_string"}}],"inLanguage":"en-US"}]}</script>
<!-- / Yoast SEO plugin. -->

Organismer i Östersjön har det inte lätt - Östersjöstiftelsen

Östersjöns organismvärld består av arter som antingen har sitt ursprung i sötvatten eller i marin...

Östersjöstiftelsen

Stiftelsen för forskning inom områden med anknytning till Östersjöregionen och Östeuropa
