{"id":428,"date":"2019-09-18T10:10:15","date_gmt":"2019-09-18T08:10:15","guid":{"rendered":"http:\/\/ostersjostiftelsen.se\/?post_type=project&#038;p=428"},"modified":"2020-12-16T13:10:28","modified_gmt":"2020-12-16T12:10:28","slug":"svensk-tyska-kulturforbindelser-under-medeltiden","status":"publish","type":"project","link":"https:\/\/ostersjostiftelsen.se\/en\/project\/svensk-tyska-kulturforbindelser-under-medeltiden\/","title":{"rendered":"Svensk \u2013 tyska kulturf\u00f6rbindelser under medeltiden"},"content":{"rendered":"\n<p>Projektet ska beskriva en del av det spr\u00e5k- och kulturm\u00f6te som f\u00f6ljde av den omfattande nordtyska bos\u00e4ttningen i svenska st\u00e4der under perioden 1250-1520. Medeltidens stadsmilj\u00f6er var tv\u00e5spr\u00e5kiga och den medeltida stadskulturen var i h\u00f6g grad tyskpr\u00e4glad. Inom projektet arbetar s\u00e5v\u00e4l spr\u00e5kvetare som historiker. De spr\u00e5kvetenskapliga delprojekten unders\u00f6ker verksamheten vid flerspr\u00e5kiga kanslier i Sverige under perioden med utg\u00e5ngspunkt i s.k. diplom, dvs. brev och juridiska handlingar av offentlig karakt\u00e4r. Unders\u00f6kningarna behandlar dels tyska inslag i svenskt diplomspr\u00e5k, dels det tyska diplomspr\u00e5k som anv\u00e4ndes av skrivare i Sverige. Den kulturhistoriska delen av projektet behandlar det svensk-tyska kulturm\u00f6tet i st\u00e4derna betr\u00e4ffande tysk p\u00e5verkan p\u00e5 vitala delar av den svenska urbana kulturen.<\/p>\n","protected":false},"featured_media":0,"parent":0,"menu_order":0,"template":"","class_list":["post-428","project","type-project","status-publish","hentry"],"acf":[],"yoast_head":"<!-- This site is optimized with the Yoast SEO plugin v27.3 - https:\/\/yoast.com\/product\/yoast-seo-wordpress\/ -->\n<title>Svensk \u2013 tyska kulturf\u00f6rbindelser under medeltiden - \u00d6stersj\u00f6stiftelsen<\/title>\n<meta name=\"robots\" content=\"index, follow, max-snippet:-1, max-image-preview:large, max-video-preview:-1\" \/>\n<link rel=\"canonical\" href=\"https:\/\/ostersjostiftelsen.se\/project\/svensk-tyska-kulturforbindelser-under-medeltiden\/\" \/>\n<meta property=\"og:locale\" content=\"en_US\" \/>\n<meta property=\"og:type\" content=\"article\" \/>\n<meta property=\"og:title\" content=\"Svensk \u2013 tyska kulturf\u00f6rbindelser under medeltiden - \u00d6stersj\u00f6stiftelsen\" \/>\n<meta property=\"og:description\" content=\"Projektet ska beskriva en del av det spr\u00e5k- och kulturm\u00f6te som f\u00f6ljde av den omfattande...\" \/>\n<meta property=\"og:url\" content=\"https:\/\/ostersjostiftelsen.se\/project\/svensk-tyska-kulturforbindelser-under-medeltiden\/\" \/>\n<meta property=\"og:site_name\" content=\"\u00d6stersj\u00f6stiftelsen\" \/>\n<meta property=\"article:modified_time\" content=\"2020-12-16T12:10:28+00:00\" \/>\n<meta name=\"twitter:card\" content=\"summary_large_image\" \/>\n<meta name=\"twitter:label1\" content=\"Est. reading time\" \/>\n\t<meta name=\"twitter:data1\" content=\"1 minute\" \/>\n<script type=\"application\/ld+json\" class=\"yoast-schema-graph\">{\"@context\":\"https:\\\/\\\/schema.org\",\"@graph\":[{\"@type\":\"WebPage\",\"@id\":\"https:\\\/\\\/ostersjostiftelsen.se\\\/project\\\/svensk-tyska-kulturforbindelser-under-medeltiden\\\/\",\"url\":\"https:\\\/\\\/ostersjostiftelsen.se\\\/project\\\/svensk-tyska-kulturforbindelser-under-medeltiden\\\/\",\"name\":\"Svensk \u2013 tyska kulturf\u00f6rbindelser under medeltiden - \u00d6stersj\u00f6stiftelsen\",\"isPartOf\":{\"@id\":\"https:\\\/\\\/ostersjostiftelsen.se\\\/#website\"},\"datePublished\":\"2019-09-18T08:10:15+00:00\",\"dateModified\":\"2020-12-16T12:10:28+00:00\",\"breadcrumb\":{\"@id\":\"https:\\\/\\\/ostersjostiftelsen.se\\\/project\\\/svensk-tyska-kulturforbindelser-under-medeltiden\\\/#breadcrumb\"},\"inLanguage\":\"en-US\",\"potentialAction\":[{\"@type\":\"ReadAction\",\"target\":[\"https:\\\/\\\/ostersjostiftelsen.se\\\/project\\\/svensk-tyska-kulturforbindelser-under-medeltiden\\\/\"]}]},{\"@type\":\"BreadcrumbList\",\"@id\":\"https:\\\/\\\/ostersjostiftelsen.se\\\/project\\\/svensk-tyska-kulturforbindelser-under-medeltiden\\\/#breadcrumb\",\"itemListElement\":[{\"@type\":\"ListItem\",\"position\":1,\"name\":\"Home\",\"item\":\"https:\\\/\\\/ostersjostiftelsen.se\\\/en\\\/\"},{\"@type\":\"ListItem\",\"position\":2,\"name\":\"Projekt\",\"item\":\"https:\\\/\\\/ostersjostiftelsen.se\\\/project\\\/\"},{\"@type\":\"ListItem\",\"position\":3,\"name\":\"Svensk \u2013 tyska kulturf\u00f6rbindelser under medeltiden\"}]},{\"@type\":\"WebSite\",\"@id\":\"https:\\\/\\\/ostersjostiftelsen.se\\\/#website\",\"url\":\"https:\\\/\\\/ostersjostiftelsen.se\\\/\",\"name\":\"\u00d6stersj\u00f6stiftelsen\",\"description\":\"Stiftelsen f\u00f6r forskning inom omr\u00e5den med anknytning till \u00d6stersj\u00f6regionen och \u00d6steuropa\",\"potentialAction\":[{\"@type\":\"SearchAction\",\"target\":{\"@type\":\"EntryPoint\",\"urlTemplate\":\"https:\\\/\\\/ostersjostiftelsen.se\\\/?s={search_term_string}\"},\"query-input\":{\"@type\":\"PropertyValueSpecification\",\"valueRequired\":true,\"valueName\":\"search_term_string\"}}],\"inLanguage\":\"en-US\"}]}<\/script>\n<!-- \/ Yoast SEO plugin. -->","yoast_head_json":{"title":"Svensk \u2013 tyska kulturf\u00f6rbindelser under medeltiden - \u00d6stersj\u00f6stiftelsen","robots":{"index":"index","follow":"follow","max-snippet":"max-snippet:-1","max-image-preview":"max-image-preview:large","max-video-preview":"max-video-preview:-1"},"canonical":"https:\/\/ostersjostiftelsen.se\/project\/svensk-tyska-kulturforbindelser-under-medeltiden\/","og_locale":"en_US","og_type":"article","og_title":"Svensk \u2013 tyska kulturf\u00f6rbindelser under medeltiden - \u00d6stersj\u00f6stiftelsen","og_description":"Projektet ska beskriva en del av det spr\u00e5k- och kulturm\u00f6te som f\u00f6ljde av den omfattande...","og_url":"https:\/\/ostersjostiftelsen.se\/project\/svensk-tyska-kulturforbindelser-under-medeltiden\/","og_site_name":"\u00d6stersj\u00f6stiftelsen","article_modified_time":"2020-12-16T12:10:28+00:00","twitter_card":"summary_large_image","twitter_misc":{"Est. reading time":"1 minute"},"schema":{"@context":"https:\/\/schema.org","@graph":[{"@type":"WebPage","@id":"https:\/\/ostersjostiftelsen.se\/project\/svensk-tyska-kulturforbindelser-under-medeltiden\/","url":"https:\/\/ostersjostiftelsen.se\/project\/svensk-tyska-kulturforbindelser-under-medeltiden\/","name":"Svensk \u2013 tyska kulturf\u00f6rbindelser under medeltiden - \u00d6stersj\u00f6stiftelsen","isPartOf":{"@id":"https:\/\/ostersjostiftelsen.se\/#website"},"datePublished":"2019-09-18T08:10:15+00:00","dateModified":"2020-12-16T12:10:28+00:00","breadcrumb":{"@id":"https:\/\/ostersjostiftelsen.se\/project\/svensk-tyska-kulturforbindelser-under-medeltiden\/#breadcrumb"},"inLanguage":"en-US","potentialAction":[{"@type":"ReadAction","target":["https:\/\/ostersjostiftelsen.se\/project\/svensk-tyska-kulturforbindelser-under-medeltiden\/"]}]},{"@type":"BreadcrumbList","@id":"https:\/\/ostersjostiftelsen.se\/project\/svensk-tyska-kulturforbindelser-under-medeltiden\/#breadcrumb","itemListElement":[{"@type":"ListItem","position":1,"name":"Home","item":"https:\/\/ostersjostiftelsen.se\/en\/"},{"@type":"ListItem","position":2,"name":"Projekt","item":"https:\/\/ostersjostiftelsen.se\/project\/"},{"@type":"ListItem","position":3,"name":"Svensk \u2013 tyska kulturf\u00f6rbindelser under medeltiden"}]},{"@type":"WebSite","@id":"https:\/\/ostersjostiftelsen.se\/#website","url":"https:\/\/ostersjostiftelsen.se\/","name":"\u00d6stersj\u00f6stiftelsen","description":"Stiftelsen f\u00f6r forskning inom omr\u00e5den med anknytning till \u00d6stersj\u00f6regionen och \u00d6steuropa","potentialAction":[{"@type":"SearchAction","target":{"@type":"EntryPoint","urlTemplate":"https:\/\/ostersjostiftelsen.se\/?s={search_term_string}"},"query-input":{"@type":"PropertyValueSpecification","valueRequired":true,"valueName":"search_term_string"}}],"inLanguage":"en-US"}]}},"_links":{"self":[{"href":"https:\/\/ostersjostiftelsen.se\/en\/wp-json\/wp\/v2\/project\/428","targetHints":{"allow":["GET"]}}],"collection":[{"href":"https:\/\/ostersjostiftelsen.se\/en\/wp-json\/wp\/v2\/project"}],"about":[{"href":"https:\/\/ostersjostiftelsen.se\/en\/wp-json\/wp\/v2\/types\/project"}],"wp:attachment":[{"href":"https:\/\/ostersjostiftelsen.se\/en\/wp-json\/wp\/v2\/media?parent=428"}],"curies":[{"name":"wp","href":"https:\/\/api.w.org\/{rel}","templated":true}]}}

Svensk – tyska kulturförbindelser under medeltiden

<p>Projektet ska beskriva en del av det språk- och kulturmöte som följde av den omfattande nordtyska bosättningen i svenska städer under perioden 1250-1520. Medeltidens stadsmiljöer var tvåspråkiga och den medeltida stadskulturen var i hög grad tyskpräglad. Inom projektet arbetar såväl språkvetare som historiker. De språkvetenskapliga delprojekten undersöker verksamheten vid flerspråkiga kanslier i Sverige under perioden med utgångspunkt i s.k. diplom, dvs. brev och juridiska handlingar av offentlig karaktär. Undersökningarna behandlar dels tyska inslag i svenskt diplomspråk, dels det tyska diplomspråk som användes av skrivare i Sverige. Den kulturhistoriska delen av projektet behandlar det svensk-tyska kulturmötet i städerna beträffande tysk påverkan på vitala delar av den svenska urbana kulturen.</p>

<!-- This site is optimized with the Yoast SEO plugin v27.3 - https://yoast.com/product/yoast-seo-wordpress/ -->
<title>Svensk – tyska kulturförbindelser under medeltiden - Östersjöstiftelsen</title>
<meta name="robots" content="index, follow, max-snippet:-1, max-image-preview:large, max-video-preview:-1" />
<link rel="canonical" href="https://ostersjostiftelsen.se/project/svensk-tyska-kulturforbindelser-under-medeltiden/" />
<meta property="og:locale" content="en_US" />
<meta property="og:type" content="article" />
<meta property="og:title" content="Svensk – tyska kulturförbindelser under medeltiden - Östersjöstiftelsen" />
<meta property="og:description" content="Projektet ska beskriva en del av det språk- och kulturmöte som följde av den omfattande..." />
<meta property="og:url" content="https://ostersjostiftelsen.se/project/svensk-tyska-kulturforbindelser-under-medeltiden/" />
<meta property="og:site_name" content="Östersjöstiftelsen" />
<meta property="article:modified_time" content="2020-12-16T12:10:28+00:00" />
<meta name="twitter:card" content="summary_large_image" />
<meta name="twitter:label1" content="Est. reading time" />
	<meta name="twitter:data1" content="1 minute" />
<script type="application/ld+json" class="yoast-schema-graph">{"@context":"https:\/\/schema.org","@graph":[{"@type":"WebPage","@id":"https:\/\/ostersjostiftelsen.se\/project\/svensk-tyska-kulturforbindelser-under-medeltiden\/","url":"https:\/\/ostersjostiftelsen.se\/project\/svensk-tyska-kulturforbindelser-under-medeltiden\/","name":"Svensk – tyska kulturförbindelser under medeltiden - Östersjöstiftelsen","isPartOf":{"@id":"https:\/\/ostersjostiftelsen.se\/#website"},"datePublished":"2019-09-18T08:10:15+00:00","dateModified":"2020-12-16T12:10:28+00:00","breadcrumb":{"@id":"https:\/\/ostersjostiftelsen.se\/project\/svensk-tyska-kulturforbindelser-under-medeltiden\/#breadcrumb"},"inLanguage":"en-US","potentialAction":[{"@type":"ReadAction","target":["https:\/\/ostersjostiftelsen.se\/project\/svensk-tyska-kulturforbindelser-under-medeltiden\/"]}]},{"@type":"BreadcrumbList","@id":"https:\/\/ostersjostiftelsen.se\/project\/svensk-tyska-kulturforbindelser-under-medeltiden\/#breadcrumb","itemListElement":[{"@type":"ListItem","position":1,"name":"Home","item":"https:\/\/ostersjostiftelsen.se\/en\/"},{"@type":"ListItem","position":2,"name":"Projekt","item":"https:\/\/ostersjostiftelsen.se\/project\/"},{"@type":"ListItem","position":3,"name":"Svensk – tyska kulturförbindelser under medeltiden"}]},{"@type":"WebSite","@id":"https:\/\/ostersjostiftelsen.se\/#website","url":"https:\/\/ostersjostiftelsen.se\/","name":"Östersjöstiftelsen","description":"Stiftelsen för forskning inom områden med anknytning till Östersjöregionen och Östeuropa","potentialAction":[{"@type":"SearchAction","target":{"@type":"EntryPoint","urlTemplate":"https:\/\/ostersjostiftelsen.se\/?s={search_term_string}"},"query-input":{"@type":"PropertyValueSpecification","valueRequired":true,"valueName":"search_term_string"}}],"inLanguage":"en-US"}]}</script>
<!-- / Yoast SEO plugin. -->

Svensk – tyska kulturförbindelser under medeltiden - Östersjöstiftelsen

Projektet ska beskriva en del av det språk- och kulturmöte som följde av den omfattande...

Östersjöstiftelsen

Stiftelsen för forskning inom områden med anknytning till Östersjöregionen och Östeuropa
