{"id":464,"date":"2019-09-19T13:39:39","date_gmt":"2019-09-19T11:39:39","guid":{"rendered":"http:\/\/ostersjostiftelsen.se\/?post_type=project&#038;p=464"},"modified":"2020-12-16T12:46:39","modified_gmt":"2020-12-16T11:46:39","slug":"labor-market-policy-and-the-emergence-of-social-enterprises-in-poland-and-sweden","status":"publish","type":"project","link":"https:\/\/ostersjostiftelsen.se\/en\/project\/labor-market-policy-and-the-emergence-of-social-enterprises-in-poland-and-sweden\/","title":{"rendered":"Labor-market Policy and the Emergence of Social Enterprises in Poland and Sweden"},"content":{"rendered":"\n<p>The project explores the practice of social entrepreneurship in Sweden and Poland, its role in the emergence of new civic initiatives for dealing with exclusion and market failures in the Polish and Swedish labor markets, and the policy tools created, at local and national levels to facilitate them. The prime research focus is on bottom-up action. The institutional features of the respective labor market, and the regulatory and facilitative activity (the later, primarily through framework programs) of the EU in this field, form the institutional backdrop of the processes studied.<\/p>\n\n\n\n<p>Thematically, the project addresses the theme of democracy and welfare. The introduction of EUs social agenda that targets issues of social cohesion and employment occupies a central place in the ongoing enlargement process. Swedish experience indicates that accession is likely to stimulate the emergence of new initiatives on the interface between new and traditional systems in the field of labor-market integration. A comparable process that is currently unfolding in the new accession countries opens a range of institutional alternatives.<\/p>\n\n\n\n<p>The project explores emergent alternatives, in the case of Sweden and Poland, and the course actually chosen. Theoretically, the project develops further the foundations laid by the European EMES thematic network and the PERSE project, and connects to the research on social enterprise and social capital conducted by the CONSCISE project and to my previous research on institutional transformation. The themes dealt with are:<br>Methodically, it focuses on the generation of theory from the comparative aggregation and study of case studies, in Sweden and Poland.<\/p>\n\n\n\n<p>Academically and logistically, the project is based on cooperation with the University of L\u00f3dz. It also draws on ENTERforum extensive network of academic ties in Poland, and on the scientific network of the EMES network.<\/p>\n","protected":false},"featured_media":0,"parent":0,"menu_order":0,"template":"","class_list":["post-464","project","type-project","status-publish","hentry"],"acf":[],"yoast_head":"<!-- This site is optimized with the Yoast SEO plugin v27.3 - https:\/\/yoast.com\/product\/yoast-seo-wordpress\/ -->\n<title>Labor-market Policy and the Emergence of Social Enterprises in Poland and Sweden - \u00d6stersj\u00f6stiftelsen<\/title>\n<meta name=\"robots\" content=\"index, follow, max-snippet:-1, max-image-preview:large, max-video-preview:-1\" \/>\n<link rel=\"canonical\" href=\"https:\/\/ostersjostiftelsen.se\/en\/project\/labor-market-policy-and-the-emergence-of-social-enterprises-in-poland-and-sweden\/\" \/>\n<meta property=\"og:locale\" content=\"en_US\" \/>\n<meta property=\"og:type\" content=\"article\" \/>\n<meta property=\"og:title\" content=\"Labor-market Policy and the Emergence of Social Enterprises in Poland and Sweden - \u00d6stersj\u00f6stiftelsen\" \/>\n<meta property=\"og:description\" content=\"The project explores the practice of social entrepreneurship in Sweden and Poland, its role in...\" \/>\n<meta property=\"og:url\" content=\"https:\/\/ostersjostiftelsen.se\/en\/project\/labor-market-policy-and-the-emergence-of-social-enterprises-in-poland-and-sweden\/\" \/>\n<meta property=\"og:site_name\" content=\"\u00d6stersj\u00f6stiftelsen\" \/>\n<meta property=\"article:modified_time\" content=\"2020-12-16T11:46:39+00:00\" \/>\n<meta name=\"twitter:card\" content=\"summary_large_image\" \/>\n<meta name=\"twitter:label1\" content=\"Est. reading time\" \/>\n\t<meta name=\"twitter:data1\" content=\"1 minute\" \/>\n<script type=\"application\/ld+json\" class=\"yoast-schema-graph\">{\"@context\":\"https:\\\/\\\/schema.org\",\"@graph\":[{\"@type\":\"WebPage\",\"@id\":\"https:\\\/\\\/ostersjostiftelsen.se\\\/en\\\/project\\\/labor-market-policy-and-the-emergence-of-social-enterprises-in-poland-and-sweden\\\/\",\"url\":\"https:\\\/\\\/ostersjostiftelsen.se\\\/en\\\/project\\\/labor-market-policy-and-the-emergence-of-social-enterprises-in-poland-and-sweden\\\/\",\"name\":\"Labor-market Policy and the Emergence of Social Enterprises in Poland and Sweden - \u00d6stersj\u00f6stiftelsen\",\"isPartOf\":{\"@id\":\"https:\\\/\\\/ostersjostiftelsen.se\\\/#website\"},\"datePublished\":\"2019-09-19T11:39:39+00:00\",\"dateModified\":\"2020-12-16T11:46:39+00:00\",\"breadcrumb\":{\"@id\":\"https:\\\/\\\/ostersjostiftelsen.se\\\/en\\\/project\\\/labor-market-policy-and-the-emergence-of-social-enterprises-in-poland-and-sweden\\\/#breadcrumb\"},\"inLanguage\":\"en-US\",\"potentialAction\":[{\"@type\":\"ReadAction\",\"target\":[\"https:\\\/\\\/ostersjostiftelsen.se\\\/en\\\/project\\\/labor-market-policy-and-the-emergence-of-social-enterprises-in-poland-and-sweden\\\/\"]}]},{\"@type\":\"BreadcrumbList\",\"@id\":\"https:\\\/\\\/ostersjostiftelsen.se\\\/en\\\/project\\\/labor-market-policy-and-the-emergence-of-social-enterprises-in-poland-and-sweden\\\/#breadcrumb\",\"itemListElement\":[{\"@type\":\"ListItem\",\"position\":1,\"name\":\"Home\",\"item\":\"https:\\\/\\\/ostersjostiftelsen.se\\\/en\\\/\"},{\"@type\":\"ListItem\",\"position\":2,\"name\":\"Projekt\",\"item\":\"https:\\\/\\\/ostersjostiftelsen.se\\\/project\\\/\"},{\"@type\":\"ListItem\",\"position\":3,\"name\":\"Labor-market Policy and the Emergence of Social Enterprises in Poland and Sweden\"}]},{\"@type\":\"WebSite\",\"@id\":\"https:\\\/\\\/ostersjostiftelsen.se\\\/#website\",\"url\":\"https:\\\/\\\/ostersjostiftelsen.se\\\/\",\"name\":\"\u00d6stersj\u00f6stiftelsen\",\"description\":\"Stiftelsen f\u00f6r forskning inom omr\u00e5den med anknytning till \u00d6stersj\u00f6regionen och \u00d6steuropa\",\"potentialAction\":[{\"@type\":\"SearchAction\",\"target\":{\"@type\":\"EntryPoint\",\"urlTemplate\":\"https:\\\/\\\/ostersjostiftelsen.se\\\/?s={search_term_string}\"},\"query-input\":{\"@type\":\"PropertyValueSpecification\",\"valueRequired\":true,\"valueName\":\"search_term_string\"}}],\"inLanguage\":\"en-US\"}]}<\/script>\n<!-- \/ Yoast SEO plugin. -->","yoast_head_json":{"title":"Labor-market Policy and the Emergence of Social Enterprises in Poland and Sweden - \u00d6stersj\u00f6stiftelsen","robots":{"index":"index","follow":"follow","max-snippet":"max-snippet:-1","max-image-preview":"max-image-preview:large","max-video-preview":"max-video-preview:-1"},"canonical":"https:\/\/ostersjostiftelsen.se\/en\/project\/labor-market-policy-and-the-emergence-of-social-enterprises-in-poland-and-sweden\/","og_locale":"en_US","og_type":"article","og_title":"Labor-market Policy and the Emergence of Social Enterprises in Poland and Sweden - \u00d6stersj\u00f6stiftelsen","og_description":"The project explores the practice of social entrepreneurship in Sweden and Poland, its role in...","og_url":"https:\/\/ostersjostiftelsen.se\/en\/project\/labor-market-policy-and-the-emergence-of-social-enterprises-in-poland-and-sweden\/","og_site_name":"\u00d6stersj\u00f6stiftelsen","article_modified_time":"2020-12-16T11:46:39+00:00","twitter_card":"summary_large_image","twitter_misc":{"Est. reading time":"1 minute"},"schema":{"@context":"https:\/\/schema.org","@graph":[{"@type":"WebPage","@id":"https:\/\/ostersjostiftelsen.se\/en\/project\/labor-market-policy-and-the-emergence-of-social-enterprises-in-poland-and-sweden\/","url":"https:\/\/ostersjostiftelsen.se\/en\/project\/labor-market-policy-and-the-emergence-of-social-enterprises-in-poland-and-sweden\/","name":"Labor-market Policy and the Emergence of Social Enterprises in Poland and Sweden - \u00d6stersj\u00f6stiftelsen","isPartOf":{"@id":"https:\/\/ostersjostiftelsen.se\/#website"},"datePublished":"2019-09-19T11:39:39+00:00","dateModified":"2020-12-16T11:46:39+00:00","breadcrumb":{"@id":"https:\/\/ostersjostiftelsen.se\/en\/project\/labor-market-policy-and-the-emergence-of-social-enterprises-in-poland-and-sweden\/#breadcrumb"},"inLanguage":"en-US","potentialAction":[{"@type":"ReadAction","target":["https:\/\/ostersjostiftelsen.se\/en\/project\/labor-market-policy-and-the-emergence-of-social-enterprises-in-poland-and-sweden\/"]}]},{"@type":"BreadcrumbList","@id":"https:\/\/ostersjostiftelsen.se\/en\/project\/labor-market-policy-and-the-emergence-of-social-enterprises-in-poland-and-sweden\/#breadcrumb","itemListElement":[{"@type":"ListItem","position":1,"name":"Home","item":"https:\/\/ostersjostiftelsen.se\/en\/"},{"@type":"ListItem","position":2,"name":"Projekt","item":"https:\/\/ostersjostiftelsen.se\/project\/"},{"@type":"ListItem","position":3,"name":"Labor-market Policy and the Emergence of Social Enterprises in Poland and Sweden"}]},{"@type":"WebSite","@id":"https:\/\/ostersjostiftelsen.se\/#website","url":"https:\/\/ostersjostiftelsen.se\/","name":"\u00d6stersj\u00f6stiftelsen","description":"Stiftelsen f\u00f6r forskning inom omr\u00e5den med anknytning till \u00d6stersj\u00f6regionen och \u00d6steuropa","potentialAction":[{"@type":"SearchAction","target":{"@type":"EntryPoint","urlTemplate":"https:\/\/ostersjostiftelsen.se\/?s={search_term_string}"},"query-input":{"@type":"PropertyValueSpecification","valueRequired":true,"valueName":"search_term_string"}}],"inLanguage":"en-US"}]}},"_links":{"self":[{"href":"https:\/\/ostersjostiftelsen.se\/en\/wp-json\/wp\/v2\/project\/464","targetHints":{"allow":["GET"]}}],"collection":[{"href":"https:\/\/ostersjostiftelsen.se\/en\/wp-json\/wp\/v2\/project"}],"about":[{"href":"https:\/\/ostersjostiftelsen.se\/en\/wp-json\/wp\/v2\/types\/project"}],"wp:attachment":[{"href":"https:\/\/ostersjostiftelsen.se\/en\/wp-json\/wp\/v2\/media?parent=464"}],"curies":[{"name":"wp","href":"https:\/\/api.w.org\/{rel}","templated":true}]}}

<p>The project explores the practice of social entrepreneurship in Sweden and Poland, its role in the emergence of new civic initiatives for dealing with exclusion and market failures in the Polish and Swedish labor markets, and the policy tools created, at local and national levels to facilitate them. The prime research focus is on bottom-up action. The institutional features of the respective labor market, and the regulatory and facilitative activity (the later, primarily through framework programs) of the EU in this field, form the institutional backdrop of the processes studied.</p>



<p>Thematically, the project addresses the theme of democracy and welfare. The introduction of EUs social agenda that targets issues of social cohesion and employment occupies a central place in the ongoing enlargement process. Swedish experience indicates that accession is likely to stimulate the emergence of new initiatives on the interface between new and traditional systems in the field of labor-market integration. A comparable process that is currently unfolding in the new accession countries opens a range of institutional alternatives.</p>



<p>The project explores emergent alternatives, in the case of Sweden and Poland, and the course actually chosen. Theoretically, the project develops further the foundations laid by the European EMES thematic network and the PERSE project, and connects to the research on social enterprise and social capital conducted by the CONSCISE project and to my previous research on institutional transformation. The themes dealt with are:<br>Methodically, it focuses on the generation of theory from the comparative aggregation and study of case studies, in Sweden and Poland.</p>



<p>Academically and logistically, the project is based on cooperation with the University of Lódz. It also draws on ENTERforum extensive network of academic ties in Poland, and on the scientific network of the EMES network.</p>

<!-- This site is optimized with the Yoast SEO plugin v27.3 - https://yoast.com/product/yoast-seo-wordpress/ -->
<title>Labor-market Policy and the Emergence of Social Enterprises in Poland and Sweden - Östersjöstiftelsen</title>
<meta name="robots" content="index, follow, max-snippet:-1, max-image-preview:large, max-video-preview:-1" />
<link rel="canonical" href="https://ostersjostiftelsen.se/en/project/labor-market-policy-and-the-emergence-of-social-enterprises-in-poland-and-sweden/" />
<meta property="og:locale" content="en_US" />
<meta property="og:type" content="article" />
<meta property="og:title" content="Labor-market Policy and the Emergence of Social Enterprises in Poland and Sweden - Östersjöstiftelsen" />
<meta property="og:description" content="The project explores the practice of social entrepreneurship in Sweden and Poland, its role in..." />
<meta property="og:url" content="https://ostersjostiftelsen.se/en/project/labor-market-policy-and-the-emergence-of-social-enterprises-in-poland-and-sweden/" />
<meta property="og:site_name" content="Östersjöstiftelsen" />
<meta property="article:modified_time" content="2020-12-16T11:46:39+00:00" />
<meta name="twitter:card" content="summary_large_image" />
<meta name="twitter:label1" content="Est. reading time" />
	<meta name="twitter:data1" content="1 minute" />
<script type="application/ld+json" class="yoast-schema-graph">{"@context":"https:\/\/schema.org","@graph":[{"@type":"WebPage","@id":"https:\/\/ostersjostiftelsen.se\/en\/project\/labor-market-policy-and-the-emergence-of-social-enterprises-in-poland-and-sweden\/","url":"https:\/\/ostersjostiftelsen.se\/en\/project\/labor-market-policy-and-the-emergence-of-social-enterprises-in-poland-and-sweden\/","name":"Labor-market Policy and the Emergence of Social Enterprises in Poland and Sweden - Östersjöstiftelsen","isPartOf":{"@id":"https:\/\/ostersjostiftelsen.se\/#website"},"datePublished":"2019-09-19T11:39:39+00:00","dateModified":"2020-12-16T11:46:39+00:00","breadcrumb":{"@id":"https:\/\/ostersjostiftelsen.se\/en\/project\/labor-market-policy-and-the-emergence-of-social-enterprises-in-poland-and-sweden\/#breadcrumb"},"inLanguage":"en-US","potentialAction":[{"@type":"ReadAction","target":["https:\/\/ostersjostiftelsen.se\/en\/project\/labor-market-policy-and-the-emergence-of-social-enterprises-in-poland-and-sweden\/"]}]},{"@type":"BreadcrumbList","@id":"https:\/\/ostersjostiftelsen.se\/en\/project\/labor-market-policy-and-the-emergence-of-social-enterprises-in-poland-and-sweden\/#breadcrumb","itemListElement":[{"@type":"ListItem","position":1,"name":"Home","item":"https:\/\/ostersjostiftelsen.se\/en\/"},{"@type":"ListItem","position":2,"name":"Projekt","item":"https:\/\/ostersjostiftelsen.se\/project\/"},{"@type":"ListItem","position":3,"name":"Labor-market Policy and the Emergence of Social Enterprises in Poland and Sweden"}]},{"@type":"WebSite","@id":"https:\/\/ostersjostiftelsen.se\/#website","url":"https:\/\/ostersjostiftelsen.se\/","name":"Östersjöstiftelsen","description":"Stiftelsen för forskning inom områden med anknytning till Östersjöregionen och Östeuropa","potentialAction":[{"@type":"SearchAction","target":{"@type":"EntryPoint","urlTemplate":"https:\/\/ostersjostiftelsen.se\/?s={search_term_string}"},"query-input":{"@type":"PropertyValueSpecification","valueRequired":true,"valueName":"search_term_string"}}],"inLanguage":"en-US"}]}</script>
<!-- / Yoast SEO plugin. -->

Labor-market Policy and the Emergence of Social Enterprises in Poland and Sweden - Östersjöstiftelsen

Östersjöstiftelsen

Stiftelsen för forskning inom områden med anknytning till Östersjöregionen och Östeuropa
