{"id":473,"date":"2019-09-19T14:15:51","date_gmt":"2019-09-19T12:15:51","guid":{"rendered":"http:\/\/ostersjostiftelsen.se\/?post_type=project&#038;p=473"},"modified":"2020-12-16T12:34:02","modified_gmt":"2020-12-16T11:34:02","slug":"den-moderna-staten-och-retoriken-en-studie-over-relationen-mellan-kultur-sprak-och-nationell-identitet","status":"publish","type":"project","link":"https:\/\/ostersjostiftelsen.se\/en\/project\/den-moderna-staten-och-retoriken-en-studie-over-relationen-mellan-kultur-sprak-och-nationell-identitet\/","title":{"rendered":"Den moderna staten och retoriken \u2013 en studie \u00f6ver relationen mellan kultur, spr\u00e5k och nationell identitet"},"content":{"rendered":"\n<p>Den svenska stormaktstiden var en period av betydande social mobilitet. Nya grupper steg till positioner av makt och inflytande i det expanderande svenska v\u00e4ldet kring \u00d6stersj\u00f6n. Statens behov av \u00e4mbetsm\u00e4n och andra tj\u00e4nstem\u00e4n kr\u00e4vde utbildning, och de n\u00e4tverk och det spr\u00e5k som dessa \u201duppkomlingar\u201d helt hade att lita till skapade nya familjer som inte hade en l\u00e5ng tradition av familjeband att f\u00f6rlita sig till.<\/p>\n\n\n\n<p>Projektet avser allts\u00e5 studera och uppm\u00e4rksamma samspelet mellan politik, social f\u00f6r\u00e4ndring och retorik. Vi vill v\u00e4sentligt f\u00f6rdjupa studiet av den kulturella p\u00e5verkan som den tidiga svenska enhetsstaten utsattes f\u00f6r och som medverkat till dess omgestaltning efter europeisk f\u00f6rebild. S\u00e4rskilt vill projektet studera den betydelse som retoriken, och d\u00e5 fr\u00e4mst brevkontakter, hade i denna process. Betydelsen av n\u00e4tverk och familjekonstellationer och hur dessa nyttjar retoriken i dess vidaste mening f\u00f6r att s\u00e5v\u00e4l skapa en aktionsradie som bidra direkt till den v\u00e4xande statens politiska m\u00e5l kommer att st\u00e5 i fokus. En s\u00e4rskilt viktig del blir d\u00e4rf\u00f6r att studera den utbildning och kulturpolitik som kom att utm\u00e4rka den unga stormakten.<\/p>\n\n\n\n<p>Latinet spelade i stormaktstidens \u00f6stersj\u00f6omr\u00e5de en stor roll. Det var det l\u00e4rda, internationella och sammanh\u00e5llande kommunikationsmedlet i skapandet av den starka staten och, m\u00e4rkligt nog, \u00e4ven av den nationella identiteten. Det material som ligger till grund f\u00f6r det h\u00e4r skisserade projektet \u00e4r ett tydligt exempel p\u00e5 detta; det utg\u00f6rs bland annat av en st\u00f6rre samling brev, officiella och privata, nedtecknade p\u00e5 latin, fr\u00e5n \u00e5boprofessorn Mikael Olai Wexionius Gyldenstolpe (1609-1670). Han utg\u00f6r ett tydligt och hittills outforskat exempel p\u00e5 byggande av nationell identitet och politisk makt under perioden. Hans litter\u00e4ra alster f\u00e5r p\u00e5 s\u00e5 vis illustrera s\u00e5v\u00e4l maktbyggande, n\u00e4tverksagerande, latinets centrala st\u00e4llning som retorikens funktion f\u00f6r samtidens maktstrukturer. Som ett delresultat av projektets verksamhet kommer att produceras ett stort antal \u00f6vers\u00e4ttningar av hittills otillg\u00e4ngligt material p\u00e5 latin.<\/p>\n","protected":false},"featured_media":0,"parent":0,"menu_order":0,"template":"","class_list":["post-473","project","type-project","status-publish","hentry"],"acf":[],"yoast_head":"<!-- This site is optimized with the Yoast SEO plugin v27.3 - https:\/\/yoast.com\/product\/yoast-seo-wordpress\/ -->\n<title>Den moderna staten och retoriken \u2013 en studie \u00f6ver relationen mellan kultur, spr\u00e5k och nationell identitet - \u00d6stersj\u00f6stiftelsen<\/title>\n<meta name=\"robots\" content=\"index, follow, max-snippet:-1, max-image-preview:large, max-video-preview:-1\" \/>\n<link rel=\"canonical\" href=\"https:\/\/ostersjostiftelsen.se\/project\/den-moderna-staten-och-retoriken-en-studie-over-relationen-mellan-kultur-sprak-och-nationell-identitet\/\" \/>\n<meta property=\"og:locale\" content=\"en_US\" \/>\n<meta property=\"og:type\" content=\"article\" \/>\n<meta property=\"og:title\" content=\"Den moderna staten och retoriken \u2013 en studie \u00f6ver relationen mellan kultur, spr\u00e5k och nationell identitet - \u00d6stersj\u00f6stiftelsen\" \/>\n<meta property=\"og:description\" content=\"Den svenska stormaktstiden var en period av betydande social mobilitet. Nya grupper steg till positioner...\" \/>\n<meta property=\"og:url\" content=\"https:\/\/ostersjostiftelsen.se\/project\/den-moderna-staten-och-retoriken-en-studie-over-relationen-mellan-kultur-sprak-och-nationell-identitet\/\" \/>\n<meta property=\"og:site_name\" content=\"\u00d6stersj\u00f6stiftelsen\" \/>\n<meta property=\"article:modified_time\" content=\"2020-12-16T11:34:02+00:00\" \/>\n<meta name=\"twitter:card\" content=\"summary_large_image\" \/>\n<meta name=\"twitter:label1\" content=\"Est. reading time\" \/>\n\t<meta name=\"twitter:data1\" content=\"2 minutes\" \/>\n<script type=\"application\/ld+json\" class=\"yoast-schema-graph\">{\"@context\":\"https:\\\/\\\/schema.org\",\"@graph\":[{\"@type\":\"WebPage\",\"@id\":\"https:\\\/\\\/ostersjostiftelsen.se\\\/project\\\/den-moderna-staten-och-retoriken-en-studie-over-relationen-mellan-kultur-sprak-och-nationell-identitet\\\/\",\"url\":\"https:\\\/\\\/ostersjostiftelsen.se\\\/project\\\/den-moderna-staten-och-retoriken-en-studie-over-relationen-mellan-kultur-sprak-och-nationell-identitet\\\/\",\"name\":\"Den moderna staten och retoriken \u2013 en studie \u00f6ver relationen mellan kultur, spr\u00e5k och nationell identitet - \u00d6stersj\u00f6stiftelsen\",\"isPartOf\":{\"@id\":\"https:\\\/\\\/ostersjostiftelsen.se\\\/#website\"},\"datePublished\":\"2019-09-19T12:15:51+00:00\",\"dateModified\":\"2020-12-16T11:34:02+00:00\",\"breadcrumb\":{\"@id\":\"https:\\\/\\\/ostersjostiftelsen.se\\\/project\\\/den-moderna-staten-och-retoriken-en-studie-over-relationen-mellan-kultur-sprak-och-nationell-identitet\\\/#breadcrumb\"},\"inLanguage\":\"en-US\",\"potentialAction\":[{\"@type\":\"ReadAction\",\"target\":[\"https:\\\/\\\/ostersjostiftelsen.se\\\/project\\\/den-moderna-staten-och-retoriken-en-studie-over-relationen-mellan-kultur-sprak-och-nationell-identitet\\\/\"]}]},{\"@type\":\"BreadcrumbList\",\"@id\":\"https:\\\/\\\/ostersjostiftelsen.se\\\/project\\\/den-moderna-staten-och-retoriken-en-studie-over-relationen-mellan-kultur-sprak-och-nationell-identitet\\\/#breadcrumb\",\"itemListElement\":[{\"@type\":\"ListItem\",\"position\":1,\"name\":\"Home\",\"item\":\"https:\\\/\\\/ostersjostiftelsen.se\\\/en\\\/\"},{\"@type\":\"ListItem\",\"position\":2,\"name\":\"Projekt\",\"item\":\"https:\\\/\\\/ostersjostiftelsen.se\\\/project\\\/\"},{\"@type\":\"ListItem\",\"position\":3,\"name\":\"Den moderna staten och retoriken \u2013 en studie \u00f6ver relationen mellan kultur, spr\u00e5k och nationell identitet\"}]},{\"@type\":\"WebSite\",\"@id\":\"https:\\\/\\\/ostersjostiftelsen.se\\\/#website\",\"url\":\"https:\\\/\\\/ostersjostiftelsen.se\\\/\",\"name\":\"\u00d6stersj\u00f6stiftelsen\",\"description\":\"Stiftelsen f\u00f6r forskning inom omr\u00e5den med anknytning till \u00d6stersj\u00f6regionen och \u00d6steuropa\",\"potentialAction\":[{\"@type\":\"SearchAction\",\"target\":{\"@type\":\"EntryPoint\",\"urlTemplate\":\"https:\\\/\\\/ostersjostiftelsen.se\\\/?s={search_term_string}\"},\"query-input\":{\"@type\":\"PropertyValueSpecification\",\"valueRequired\":true,\"valueName\":\"search_term_string\"}}],\"inLanguage\":\"en-US\"}]}<\/script>\n<!-- \/ Yoast SEO plugin. -->","yoast_head_json":{"title":"Den moderna staten och retoriken \u2013 en studie \u00f6ver relationen mellan kultur, spr\u00e5k och nationell identitet - \u00d6stersj\u00f6stiftelsen","robots":{"index":"index","follow":"follow","max-snippet":"max-snippet:-1","max-image-preview":"max-image-preview:large","max-video-preview":"max-video-preview:-1"},"canonical":"https:\/\/ostersjostiftelsen.se\/project\/den-moderna-staten-och-retoriken-en-studie-over-relationen-mellan-kultur-sprak-och-nationell-identitet\/","og_locale":"en_US","og_type":"article","og_title":"Den moderna staten och retoriken \u2013 en studie \u00f6ver relationen mellan kultur, spr\u00e5k och nationell identitet - \u00d6stersj\u00f6stiftelsen","og_description":"Den svenska stormaktstiden var en period av betydande social mobilitet. Nya grupper steg till positioner...","og_url":"https:\/\/ostersjostiftelsen.se\/project\/den-moderna-staten-och-retoriken-en-studie-over-relationen-mellan-kultur-sprak-och-nationell-identitet\/","og_site_name":"\u00d6stersj\u00f6stiftelsen","article_modified_time":"2020-12-16T11:34:02+00:00","twitter_card":"summary_large_image","twitter_misc":{"Est. reading time":"2 minutes"},"schema":{"@context":"https:\/\/schema.org","@graph":[{"@type":"WebPage","@id":"https:\/\/ostersjostiftelsen.se\/project\/den-moderna-staten-och-retoriken-en-studie-over-relationen-mellan-kultur-sprak-och-nationell-identitet\/","url":"https:\/\/ostersjostiftelsen.se\/project\/den-moderna-staten-och-retoriken-en-studie-over-relationen-mellan-kultur-sprak-och-nationell-identitet\/","name":"Den moderna staten och retoriken \u2013 en studie \u00f6ver relationen mellan kultur, spr\u00e5k och nationell identitet - \u00d6stersj\u00f6stiftelsen","isPartOf":{"@id":"https:\/\/ostersjostiftelsen.se\/#website"},"datePublished":"2019-09-19T12:15:51+00:00","dateModified":"2020-12-16T11:34:02+00:00","breadcrumb":{"@id":"https:\/\/ostersjostiftelsen.se\/project\/den-moderna-staten-och-retoriken-en-studie-over-relationen-mellan-kultur-sprak-och-nationell-identitet\/#breadcrumb"},"inLanguage":"en-US","potentialAction":[{"@type":"ReadAction","target":["https:\/\/ostersjostiftelsen.se\/project\/den-moderna-staten-och-retoriken-en-studie-over-relationen-mellan-kultur-sprak-och-nationell-identitet\/"]}]},{"@type":"BreadcrumbList","@id":"https:\/\/ostersjostiftelsen.se\/project\/den-moderna-staten-och-retoriken-en-studie-over-relationen-mellan-kultur-sprak-och-nationell-identitet\/#breadcrumb","itemListElement":[{"@type":"ListItem","position":1,"name":"Home","item":"https:\/\/ostersjostiftelsen.se\/en\/"},{"@type":"ListItem","position":2,"name":"Projekt","item":"https:\/\/ostersjostiftelsen.se\/project\/"},{"@type":"ListItem","position":3,"name":"Den moderna staten och retoriken \u2013 en studie \u00f6ver relationen mellan kultur, spr\u00e5k och nationell identitet"}]},{"@type":"WebSite","@id":"https:\/\/ostersjostiftelsen.se\/#website","url":"https:\/\/ostersjostiftelsen.se\/","name":"\u00d6stersj\u00f6stiftelsen","description":"Stiftelsen f\u00f6r forskning inom omr\u00e5den med anknytning till \u00d6stersj\u00f6regionen och \u00d6steuropa","potentialAction":[{"@type":"SearchAction","target":{"@type":"EntryPoint","urlTemplate":"https:\/\/ostersjostiftelsen.se\/?s={search_term_string}"},"query-input":{"@type":"PropertyValueSpecification","valueRequired":true,"valueName":"search_term_string"}}],"inLanguage":"en-US"}]}},"_links":{"self":[{"href":"https:\/\/ostersjostiftelsen.se\/en\/wp-json\/wp\/v2\/project\/473","targetHints":{"allow":["GET"]}}],"collection":[{"href":"https:\/\/ostersjostiftelsen.se\/en\/wp-json\/wp\/v2\/project"}],"about":[{"href":"https:\/\/ostersjostiftelsen.se\/en\/wp-json\/wp\/v2\/types\/project"}],"wp:attachment":[{"href":"https:\/\/ostersjostiftelsen.se\/en\/wp-json\/wp\/v2\/media?parent=473"}],"curies":[{"name":"wp","href":"https:\/\/api.w.org\/{rel}","templated":true}]}}

Den moderna staten och retoriken – en studie över relationen mellan kultur, språk och nationell identitet

<p>Den svenska stormaktstiden var en period av betydande social mobilitet. Nya grupper steg till positioner av makt och inflytande i det expanderande svenska väldet kring Östersjön. Statens behov av ämbetsmän och andra tjänstemän krävde utbildning, och de nätverk och det språk som dessa ”uppkomlingar” helt hade att lita till skapade nya familjer som inte hade en lång tradition av familjeband att förlita sig till.</p>



<p>Projektet avser alltså studera och uppmärksamma samspelet mellan politik, social förändring och retorik. Vi vill väsentligt fördjupa studiet av den kulturella påverkan som den tidiga svenska enhetsstaten utsattes för och som medverkat till dess omgestaltning efter europeisk förebild. Särskilt vill projektet studera den betydelse som retoriken, och då främst brevkontakter, hade i denna process. Betydelsen av nätverk och familjekonstellationer och hur dessa nyttjar retoriken i dess vidaste mening för att såväl skapa en aktionsradie som bidra direkt till den växande statens politiska mål kommer att stå i fokus. En särskilt viktig del blir därför att studera den utbildning och kulturpolitik som kom att utmärka den unga stormakten.</p>



<p>Latinet spelade i stormaktstidens östersjöområde en stor roll. Det var det lärda, internationella och sammanhållande kommunikationsmedlet i skapandet av den starka staten och, märkligt nog, även av den nationella identiteten. Det material som ligger till grund för det här skisserade projektet är ett tydligt exempel på detta; det utgörs bland annat av en större samling brev, officiella och privata, nedtecknade på latin, från åboprofessorn Mikael Olai Wexionius Gyldenstolpe (1609-1670). Han utgör ett tydligt och hittills outforskat exempel på byggande av nationell identitet och politisk makt under perioden. Hans litterära alster får på så vis illustrera såväl maktbyggande, nätverksagerande, latinets centrala ställning som retorikens funktion för samtidens maktstrukturer. Som ett delresultat av projektets verksamhet kommer att produceras ett stort antal översättningar av hittills otillgängligt material på latin.</p>

<!-- This site is optimized with the Yoast SEO plugin v27.3 - https://yoast.com/product/yoast-seo-wordpress/ -->
<title>Den moderna staten och retoriken – en studie över relationen mellan kultur, språk och nationell identitet - Östersjöstiftelsen</title>
<meta name="robots" content="index, follow, max-snippet:-1, max-image-preview:large, max-video-preview:-1" />
<link rel="canonical" href="https://ostersjostiftelsen.se/project/den-moderna-staten-och-retoriken-en-studie-over-relationen-mellan-kultur-sprak-och-nationell-identitet/" />
<meta property="og:locale" content="en_US" />
<meta property="og:type" content="article" />
<meta property="og:title" content="Den moderna staten och retoriken – en studie över relationen mellan kultur, språk och nationell identitet - Östersjöstiftelsen" />
<meta property="og:description" content="Den svenska stormaktstiden var en period av betydande social mobilitet. Nya grupper steg till positioner..." />
<meta property="og:url" content="https://ostersjostiftelsen.se/project/den-moderna-staten-och-retoriken-en-studie-over-relationen-mellan-kultur-sprak-och-nationell-identitet/" />
<meta property="og:site_name" content="Östersjöstiftelsen" />
<meta property="article:modified_time" content="2020-12-16T11:34:02+00:00" />
<meta name="twitter:card" content="summary_large_image" />
<meta name="twitter:label1" content="Est. reading time" />
	<meta name="twitter:data1" content="2 minutes" />
<script type="application/ld+json" class="yoast-schema-graph">{"@context":"https:\/\/schema.org","@graph":[{"@type":"WebPage","@id":"https:\/\/ostersjostiftelsen.se\/project\/den-moderna-staten-och-retoriken-en-studie-over-relationen-mellan-kultur-sprak-och-nationell-identitet\/","url":"https:\/\/ostersjostiftelsen.se\/project\/den-moderna-staten-och-retoriken-en-studie-over-relationen-mellan-kultur-sprak-och-nationell-identitet\/","name":"Den moderna staten och retoriken – en studie över relationen mellan kultur, språk och nationell identitet - Östersjöstiftelsen","isPartOf":{"@id":"https:\/\/ostersjostiftelsen.se\/#website"},"datePublished":"2019-09-19T12:15:51+00:00","dateModified":"2020-12-16T11:34:02+00:00","breadcrumb":{"@id":"https:\/\/ostersjostiftelsen.se\/project\/den-moderna-staten-och-retoriken-en-studie-over-relationen-mellan-kultur-sprak-och-nationell-identitet\/#breadcrumb"},"inLanguage":"en-US","potentialAction":[{"@type":"ReadAction","target":["https:\/\/ostersjostiftelsen.se\/project\/den-moderna-staten-och-retoriken-en-studie-over-relationen-mellan-kultur-sprak-och-nationell-identitet\/"]}]},{"@type":"BreadcrumbList","@id":"https:\/\/ostersjostiftelsen.se\/project\/den-moderna-staten-och-retoriken-en-studie-over-relationen-mellan-kultur-sprak-och-nationell-identitet\/#breadcrumb","itemListElement":[{"@type":"ListItem","position":1,"name":"Home","item":"https:\/\/ostersjostiftelsen.se\/en\/"},{"@type":"ListItem","position":2,"name":"Projekt","item":"https:\/\/ostersjostiftelsen.se\/project\/"},{"@type":"ListItem","position":3,"name":"Den moderna staten och retoriken – en studie över relationen mellan kultur, språk och nationell identitet"}]},{"@type":"WebSite","@id":"https:\/\/ostersjostiftelsen.se\/#website","url":"https:\/\/ostersjostiftelsen.se\/","name":"Östersjöstiftelsen","description":"Stiftelsen för forskning inom områden med anknytning till Östersjöregionen och Östeuropa","potentialAction":[{"@type":"SearchAction","target":{"@type":"EntryPoint","urlTemplate":"https:\/\/ostersjostiftelsen.se\/?s={search_term_string}"},"query-input":{"@type":"PropertyValueSpecification","valueRequired":true,"valueName":"search_term_string"}}],"inLanguage":"en-US"}]}</script>
<!-- / Yoast SEO plugin. -->

Den moderna staten och retoriken – en studie över relationen mellan kultur, språk och nationell identitet - Östersjöstiftelsen

Östersjöstiftelsen

Stiftelsen för forskning inom områden med anknytning till Östersjöregionen och Östeuropa
