{"id":540,"date":"2019-09-20T10:40:47","date_gmt":"2019-09-20T08:40:47","guid":{"rendered":"http:\/\/ostersjostiftelsen.se\/?post_type=project&#038;p=540"},"modified":"2020-12-16T12:54:26","modified_gmt":"2020-12-16T11:54:26","slug":"making-sense-of-aisthesis-the-return-of-sensibility","status":"publish","type":"project","link":"https:\/\/ostersjostiftelsen.se\/en\/project\/making-sense-of-aisthesis-the-return-of-sensibility\/","title":{"rendered":"Making Sense of Aisthesis: The Return of Sensibility"},"content":{"rendered":"\n<p>&#8220;Making Sense of Aisthesis: The Return of Sensibility&#8221; is a research project involving four scholars, Katarina Elam, Sara Danius, Cecilia Sj\u00f6holm and Sven-Olov Wallenstein, contributing to a vivid international debate concerning a contemporary \u201daesthetic turn\u201d. Our lifeworld has been aestheticized to an extraordinary degree, whilst at the same time our way of looking at the world has been affected by medias and technologies enhancing the experience of a new kind of sensibility. How are we to understand the aesthetic turn? The academic study of aesthetics is concerned with perception, i.e. the capacity of the human body to approach the world. \u201dAesthetics\u201d is referring to the Greek concept of aisthesis, referring to perception and sensibility. How do the sense mediate between man and world, body and consciousness, ideas and objects? How are we to explain the relation between the experience of sensibility and modern technologies of perception? What happens with the sense in modernity? Do they have a social and political history? In what way can we interpret the history of aesthetics through contemporary art? In what way do questions of sexuality and gender relate to theories of aesthetics? The research project &#8220;Making Sense of Aisthesis: The Return of Sensibility&#8221; intends to examine the relation between the history of the aesthetics as an academic discipline, and greater cultural and social shifts involving an impact of the senses. The project involves different parts, comprising isolating moments in a development spanning over three hundred years. To begin with, the establishment of the study of aesthetics during the 18th century is being examined, then the development of realism in the 19th century, and the asthetization of literature and art, continuing to the performance-art of the 60s and the development of a new aesthetic space, involving corporeality. Finally we intend to analyze the aesthetization of ordinary life in contemporary society, and its reliance on visual communication above all.<\/p>\n\n\n\n<p>The project aims to take particular interest in cultural shifts that carry a high social and political significance, thereby establishing its historical method. Aesthetic expression becomes a symptom of farreaching social and cultural change. An academic study of aesthetics that is interested in the history of sensibility, establishing a broad concept of aesthetics as aesthesis, will open for a new form of theoretical reflection in the humanities, calling for a pluralistic and interdisciplinary approach. On this point the project ties into a growing interest in the theoretical and historical study of the experience of sensibility. The academic discipline of aesthetics has a particular place in the countries surrounding the Baltic Sea. The German tradition stretching from Baumgarten, Winckelmann and Kant up to Welsch has examined the concept of aesthetics in a systematic manner. There is, however, another reason fo tying the project to the geographical region of the Baltic Sea: in several countries in this area there is a vivid interest in the continued study of the aesthetics tradition. The specific place of the study of aesthetics in the region of the academy Baltic Sea can be further developed.<\/p>\n","protected":false},"featured_media":0,"parent":0,"menu_order":0,"template":"","class_list":["post-540","project","type-project","status-publish","hentry"],"acf":[],"yoast_head":"<!-- This site is optimized with the Yoast SEO plugin v27.3 - https:\/\/yoast.com\/product\/yoast-seo-wordpress\/ -->\n<title>Making Sense of Aisthesis: The Return of Sensibility - \u00d6stersj\u00f6stiftelsen<\/title>\n<meta name=\"robots\" content=\"index, follow, max-snippet:-1, max-image-preview:large, max-video-preview:-1\" \/>\n<link rel=\"canonical\" href=\"https:\/\/ostersjostiftelsen.se\/project\/making-sense-of-aisthesis-the-return-of-sensibility\/\" \/>\n<meta property=\"og:locale\" content=\"en_US\" \/>\n<meta property=\"og:type\" content=\"article\" \/>\n<meta property=\"og:title\" content=\"Making Sense of Aisthesis: The Return of Sensibility - \u00d6stersj\u00f6stiftelsen\" \/>\n<meta property=\"og:description\" content=\"&#8220;Making Sense of Aisthesis: The Return of Sensibility&#8221; is a research project involving four scholars,...\" \/>\n<meta property=\"og:url\" content=\"https:\/\/ostersjostiftelsen.se\/project\/making-sense-of-aisthesis-the-return-of-sensibility\/\" \/>\n<meta property=\"og:site_name\" content=\"\u00d6stersj\u00f6stiftelsen\" \/>\n<meta property=\"article:modified_time\" content=\"2020-12-16T11:54:26+00:00\" \/>\n<meta name=\"twitter:card\" content=\"summary_large_image\" \/>\n<meta name=\"twitter:label1\" content=\"Est. reading time\" \/>\n\t<meta name=\"twitter:data1\" content=\"3 minutes\" \/>\n<script type=\"application\/ld+json\" class=\"yoast-schema-graph\">{\"@context\":\"https:\\\/\\\/schema.org\",\"@graph\":[{\"@type\":\"WebPage\",\"@id\":\"https:\\\/\\\/ostersjostiftelsen.se\\\/project\\\/making-sense-of-aisthesis-the-return-of-sensibility\\\/\",\"url\":\"https:\\\/\\\/ostersjostiftelsen.se\\\/project\\\/making-sense-of-aisthesis-the-return-of-sensibility\\\/\",\"name\":\"Making Sense of Aisthesis: The Return of Sensibility - \u00d6stersj\u00f6stiftelsen\",\"isPartOf\":{\"@id\":\"https:\\\/\\\/ostersjostiftelsen.se\\\/#website\"},\"datePublished\":\"2019-09-20T08:40:47+00:00\",\"dateModified\":\"2020-12-16T11:54:26+00:00\",\"breadcrumb\":{\"@id\":\"https:\\\/\\\/ostersjostiftelsen.se\\\/project\\\/making-sense-of-aisthesis-the-return-of-sensibility\\\/#breadcrumb\"},\"inLanguage\":\"en-US\",\"potentialAction\":[{\"@type\":\"ReadAction\",\"target\":[\"https:\\\/\\\/ostersjostiftelsen.se\\\/project\\\/making-sense-of-aisthesis-the-return-of-sensibility\\\/\"]}]},{\"@type\":\"BreadcrumbList\",\"@id\":\"https:\\\/\\\/ostersjostiftelsen.se\\\/project\\\/making-sense-of-aisthesis-the-return-of-sensibility\\\/#breadcrumb\",\"itemListElement\":[{\"@type\":\"ListItem\",\"position\":1,\"name\":\"Home\",\"item\":\"https:\\\/\\\/ostersjostiftelsen.se\\\/en\\\/\"},{\"@type\":\"ListItem\",\"position\":2,\"name\":\"Projekt\",\"item\":\"https:\\\/\\\/ostersjostiftelsen.se\\\/project\\\/\"},{\"@type\":\"ListItem\",\"position\":3,\"name\":\"Making Sense of Aisthesis: The Return of Sensibility\"}]},{\"@type\":\"WebSite\",\"@id\":\"https:\\\/\\\/ostersjostiftelsen.se\\\/#website\",\"url\":\"https:\\\/\\\/ostersjostiftelsen.se\\\/\",\"name\":\"\u00d6stersj\u00f6stiftelsen\",\"description\":\"Stiftelsen f\u00f6r forskning inom omr\u00e5den med anknytning till \u00d6stersj\u00f6regionen och \u00d6steuropa\",\"potentialAction\":[{\"@type\":\"SearchAction\",\"target\":{\"@type\":\"EntryPoint\",\"urlTemplate\":\"https:\\\/\\\/ostersjostiftelsen.se\\\/?s={search_term_string}\"},\"query-input\":{\"@type\":\"PropertyValueSpecification\",\"valueRequired\":true,\"valueName\":\"search_term_string\"}}],\"inLanguage\":\"en-US\"}]}<\/script>\n<!-- \/ Yoast SEO plugin. -->","yoast_head_json":{"title":"Making Sense of Aisthesis: The Return of Sensibility - \u00d6stersj\u00f6stiftelsen","robots":{"index":"index","follow":"follow","max-snippet":"max-snippet:-1","max-image-preview":"max-image-preview:large","max-video-preview":"max-video-preview:-1"},"canonical":"https:\/\/ostersjostiftelsen.se\/project\/making-sense-of-aisthesis-the-return-of-sensibility\/","og_locale":"en_US","og_type":"article","og_title":"Making Sense of Aisthesis: The Return of Sensibility - \u00d6stersj\u00f6stiftelsen","og_description":"&#8220;Making Sense of Aisthesis: The Return of Sensibility&#8221; is a research project involving four scholars,...","og_url":"https:\/\/ostersjostiftelsen.se\/project\/making-sense-of-aisthesis-the-return-of-sensibility\/","og_site_name":"\u00d6stersj\u00f6stiftelsen","article_modified_time":"2020-12-16T11:54:26+00:00","twitter_card":"summary_large_image","twitter_misc":{"Est. reading time":"3 minutes"},"schema":{"@context":"https:\/\/schema.org","@graph":[{"@type":"WebPage","@id":"https:\/\/ostersjostiftelsen.se\/project\/making-sense-of-aisthesis-the-return-of-sensibility\/","url":"https:\/\/ostersjostiftelsen.se\/project\/making-sense-of-aisthesis-the-return-of-sensibility\/","name":"Making Sense of Aisthesis: The Return of Sensibility - \u00d6stersj\u00f6stiftelsen","isPartOf":{"@id":"https:\/\/ostersjostiftelsen.se\/#website"},"datePublished":"2019-09-20T08:40:47+00:00","dateModified":"2020-12-16T11:54:26+00:00","breadcrumb":{"@id":"https:\/\/ostersjostiftelsen.se\/project\/making-sense-of-aisthesis-the-return-of-sensibility\/#breadcrumb"},"inLanguage":"en-US","potentialAction":[{"@type":"ReadAction","target":["https:\/\/ostersjostiftelsen.se\/project\/making-sense-of-aisthesis-the-return-of-sensibility\/"]}]},{"@type":"BreadcrumbList","@id":"https:\/\/ostersjostiftelsen.se\/project\/making-sense-of-aisthesis-the-return-of-sensibility\/#breadcrumb","itemListElement":[{"@type":"ListItem","position":1,"name":"Home","item":"https:\/\/ostersjostiftelsen.se\/en\/"},{"@type":"ListItem","position":2,"name":"Projekt","item":"https:\/\/ostersjostiftelsen.se\/project\/"},{"@type":"ListItem","position":3,"name":"Making Sense of Aisthesis: The Return of Sensibility"}]},{"@type":"WebSite","@id":"https:\/\/ostersjostiftelsen.se\/#website","url":"https:\/\/ostersjostiftelsen.se\/","name":"\u00d6stersj\u00f6stiftelsen","description":"Stiftelsen f\u00f6r forskning inom omr\u00e5den med anknytning till \u00d6stersj\u00f6regionen och \u00d6steuropa","potentialAction":[{"@type":"SearchAction","target":{"@type":"EntryPoint","urlTemplate":"https:\/\/ostersjostiftelsen.se\/?s={search_term_string}"},"query-input":{"@type":"PropertyValueSpecification","valueRequired":true,"valueName":"search_term_string"}}],"inLanguage":"en-US"}]}},"_links":{"self":[{"href":"https:\/\/ostersjostiftelsen.se\/en\/wp-json\/wp\/v2\/project\/540","targetHints":{"allow":["GET"]}}],"collection":[{"href":"https:\/\/ostersjostiftelsen.se\/en\/wp-json\/wp\/v2\/project"}],"about":[{"href":"https:\/\/ostersjostiftelsen.se\/en\/wp-json\/wp\/v2\/types\/project"}],"wp:attachment":[{"href":"https:\/\/ostersjostiftelsen.se\/en\/wp-json\/wp\/v2\/media?parent=540"}],"curies":[{"name":"wp","href":"https:\/\/api.w.org\/{rel}","templated":true}]}}

<p>&#8220;Making Sense of Aisthesis: The Return of Sensibility&#8221; is a research project involving four scholars, Katarina Elam, Sara Danius, Cecilia Sjöholm and Sven-Olov Wallenstein, contributing to a vivid international debate concerning a contemporary ”aesthetic turn”. Our lifeworld has been aestheticized to an extraordinary degree, whilst at the same time our way of looking at the world has been affected by medias and technologies enhancing the experience of a new kind of sensibility. How are we to understand the aesthetic turn? The academic study of aesthetics is concerned with perception, i.e. the capacity of the human body to approach the world. ”Aesthetics” is referring to the Greek concept of aisthesis, referring to perception and sensibility. How do the sense mediate between man and world, body and consciousness, ideas and objects? How are we to explain the relation between the experience of sensibility and modern technologies of perception? What happens with the sense in modernity? Do they have a social and political history? In what way can we interpret the history of aesthetics through contemporary art? In what way do questions of sexuality and gender relate to theories of aesthetics? The research project &#8220;Making Sense of Aisthesis: The Return of Sensibility&#8221; intends to examine the relation between the history of the aesthetics as an academic discipline, and greater cultural and social shifts involving an impact of the senses. The project involves different parts, comprising isolating moments in a development spanning over three hundred years. To begin with, the establishment of the study of aesthetics during the 18th century is being examined, then the development of realism in the 19th century, and the asthetization of literature and art, continuing to the performance-art of the 60s and the development of a new aesthetic space, involving corporeality. Finally we intend to analyze the aesthetization of ordinary life in contemporary society, and its reliance on visual communication above all.</p>



<p>The project aims to take particular interest in cultural shifts that carry a high social and political significance, thereby establishing its historical method. Aesthetic expression becomes a symptom of farreaching social and cultural change. An academic study of aesthetics that is interested in the history of sensibility, establishing a broad concept of aesthetics as aesthesis, will open for a new form of theoretical reflection in the humanities, calling for a pluralistic and interdisciplinary approach. On this point the project ties into a growing interest in the theoretical and historical study of the experience of sensibility. The academic discipline of aesthetics has a particular place in the countries surrounding the Baltic Sea. The German tradition stretching from Baumgarten, Winckelmann and Kant up to Welsch has examined the concept of aesthetics in a systematic manner. There is, however, another reason fo tying the project to the geographical region of the Baltic Sea: in several countries in this area there is a vivid interest in the continued study of the aesthetics tradition. The specific place of the study of aesthetics in the region of the academy Baltic Sea can be further developed.</p>

<!-- This site is optimized with the Yoast SEO plugin v27.3 - https://yoast.com/product/yoast-seo-wordpress/ -->
<title>Making Sense of Aisthesis: The Return of Sensibility - Östersjöstiftelsen</title>
<meta name="robots" content="index, follow, max-snippet:-1, max-image-preview:large, max-video-preview:-1" />
<link rel="canonical" href="https://ostersjostiftelsen.se/project/making-sense-of-aisthesis-the-return-of-sensibility/" />
<meta property="og:locale" content="en_US" />
<meta property="og:type" content="article" />
<meta property="og:title" content="Making Sense of Aisthesis: The Return of Sensibility - Östersjöstiftelsen" />
<meta property="og:description" content="&#8220;Making Sense of Aisthesis: The Return of Sensibility&#8221; is a research project involving four scholars,..." />
<meta property="og:url" content="https://ostersjostiftelsen.se/project/making-sense-of-aisthesis-the-return-of-sensibility/" />
<meta property="og:site_name" content="Östersjöstiftelsen" />
<meta property="article:modified_time" content="2020-12-16T11:54:26+00:00" />
<meta name="twitter:card" content="summary_large_image" />
<meta name="twitter:label1" content="Est. reading time" />
	<meta name="twitter:data1" content="3 minutes" />
<script type="application/ld+json" class="yoast-schema-graph">{"@context":"https:\/\/schema.org","@graph":[{"@type":"WebPage","@id":"https:\/\/ostersjostiftelsen.se\/project\/making-sense-of-aisthesis-the-return-of-sensibility\/","url":"https:\/\/ostersjostiftelsen.se\/project\/making-sense-of-aisthesis-the-return-of-sensibility\/","name":"Making Sense of Aisthesis: The Return of Sensibility - Östersjöstiftelsen","isPartOf":{"@id":"https:\/\/ostersjostiftelsen.se\/#website"},"datePublished":"2019-09-20T08:40:47+00:00","dateModified":"2020-12-16T11:54:26+00:00","breadcrumb":{"@id":"https:\/\/ostersjostiftelsen.se\/project\/making-sense-of-aisthesis-the-return-of-sensibility\/#breadcrumb"},"inLanguage":"en-US","potentialAction":[{"@type":"ReadAction","target":["https:\/\/ostersjostiftelsen.se\/project\/making-sense-of-aisthesis-the-return-of-sensibility\/"]}]},{"@type":"BreadcrumbList","@id":"https:\/\/ostersjostiftelsen.se\/project\/making-sense-of-aisthesis-the-return-of-sensibility\/#breadcrumb","itemListElement":[{"@type":"ListItem","position":1,"name":"Home","item":"https:\/\/ostersjostiftelsen.se\/en\/"},{"@type":"ListItem","position":2,"name":"Projekt","item":"https:\/\/ostersjostiftelsen.se\/project\/"},{"@type":"ListItem","position":3,"name":"Making Sense of Aisthesis: The Return of Sensibility"}]},{"@type":"WebSite","@id":"https:\/\/ostersjostiftelsen.se\/#website","url":"https:\/\/ostersjostiftelsen.se\/","name":"Östersjöstiftelsen","description":"Stiftelsen för forskning inom områden med anknytning till Östersjöregionen och Östeuropa","potentialAction":[{"@type":"SearchAction","target":{"@type":"EntryPoint","urlTemplate":"https:\/\/ostersjostiftelsen.se\/?s={search_term_string}"},"query-input":{"@type":"PropertyValueSpecification","valueRequired":true,"valueName":"search_term_string"}}],"inLanguage":"en-US"}]}</script>
<!-- / Yoast SEO plugin. -->

Making Sense of Aisthesis: The Return of Sensibility - Östersjöstiftelsen

Östersjöstiftelsen

Stiftelsen för forskning inom områden med anknytning till Östersjöregionen och Östeuropa
