{"id":5407,"date":"2023-11-22T16:23:56","date_gmt":"2023-11-22T15:23:56","guid":{"rendered":"https:\/\/ostersjostiftelsen.se\/?post_type=project&#038;p=5407"},"modified":"2023-11-22T16:58:27","modified_gmt":"2023-11-22T15:58:27","slug":"the-other-victims-of-auschwitz-the-murder-of-sick-prisoners-in-upper-silesian-forced-labour-camps-for-jews","status":"publish","type":"project","link":"https:\/\/ostersjostiftelsen.se\/en\/project\/the-other-victims-of-auschwitz-the-murder-of-sick-prisoners-in-upper-silesian-forced-labour-camps-for-jews\/","title":{"rendered":"The Other Victims of Auschwitz: The Murder of Sick Prisoners in Upper Silesian Forced Labour Camps for Jews"},"content":{"rendered":"\n<p>The project examines the Holocaust in Eastern Upper Silesia, a territory annexed by Nazi Germany from Poland after the invasion of 1939. Out of the local Jewish population of 120,000, about 50,000 died as a result of their internment in forced labour camps set up by Himmler\u2019s Special Commissioner Albrecht Schmelt from October 1940. A major factor for their high mortality was the selection of sick and emaciated prisoners for the gas chambers of Auschwitz, or their murder in the camps by cold water, leading to drowning or hypothermia. As the so-called \u201cSchmelt camps\u201d operated in a legal vacuum, there were different perpetrators than in the concentration camps: German order policemen and ethnic German auxiliaries from Bessarabia served as guards, and male and female Upper Silesian civilians as camp leaders. The project investigates how this unregulated space was used to try out new, radical killing methods and how it permitted parts of the mixed Polish-German population of Upper Silesia to prove their alleged \u201cGermanness\u201d by collaborating in these crimes. Agamben\u2019s theory of the Nazi regime reducing Jews and other groups to \u201cbare life\u201d without civil rights, who could be killed without punishment, will be used to analyze the delegation of the state\u2019s prerogative to destine prisoners for death to civilian Schmelt camp leaders. The collaboration of ethnically diverse male and female perpetrators will be contextualized within the concept of \u201ccross-identity performance.\u201d<\/p>\n","protected":false},"featured_media":0,"parent":0,"menu_order":0,"template":"","class_list":["post-5407","project","type-project","status-publish","hentry"],"acf":[],"yoast_head":"<!-- This site is optimized with the Yoast SEO plugin v27.3 - https:\/\/yoast.com\/product\/yoast-seo-wordpress\/ -->\n<title>The Other Victims of Auschwitz: The Murder of Sick Prisoners in Upper Silesian Forced Labour Camps for Jews - \u00d6stersj\u00f6stiftelsen<\/title>\n<meta name=\"robots\" content=\"index, follow, max-snippet:-1, max-image-preview:large, max-video-preview:-1\" \/>\n<link rel=\"canonical\" href=\"https:\/\/ostersjostiftelsen.se\/project\/the-other-victims-of-auschwitz-the-murder-of-sick-prisoners-in-upper-silesian-forced-labour-camps-for-jews\/\" \/>\n<meta property=\"og:locale\" content=\"en_US\" \/>\n<meta property=\"og:type\" content=\"article\" \/>\n<meta property=\"og:title\" content=\"The Other Victims of Auschwitz: The Murder of Sick Prisoners in Upper Silesian Forced Labour Camps for Jews - \u00d6stersj\u00f6stiftelsen\" \/>\n<meta property=\"og:description\" content=\"The project examines the Holocaust in Eastern Upper Silesia, a territory annexed by Nazi Germany...\" \/>\n<meta property=\"og:url\" content=\"https:\/\/ostersjostiftelsen.se\/project\/the-other-victims-of-auschwitz-the-murder-of-sick-prisoners-in-upper-silesian-forced-labour-camps-for-jews\/\" \/>\n<meta property=\"og:site_name\" content=\"\u00d6stersj\u00f6stiftelsen\" \/>\n<meta property=\"article:modified_time\" content=\"2023-11-22T15:58:27+00:00\" \/>\n<meta name=\"twitter:card\" content=\"summary_large_image\" \/>\n<meta name=\"twitter:label1\" content=\"Est. reading time\" \/>\n\t<meta name=\"twitter:data1\" content=\"2 minutes\" \/>\n<script type=\"application\/ld+json\" class=\"yoast-schema-graph\">{\"@context\":\"https:\\\/\\\/schema.org\",\"@graph\":[{\"@type\":\"WebPage\",\"@id\":\"https:\\\/\\\/ostersjostiftelsen.se\\\/project\\\/the-other-victims-of-auschwitz-the-murder-of-sick-prisoners-in-upper-silesian-forced-labour-camps-for-jews\\\/\",\"url\":\"https:\\\/\\\/ostersjostiftelsen.se\\\/project\\\/the-other-victims-of-auschwitz-the-murder-of-sick-prisoners-in-upper-silesian-forced-labour-camps-for-jews\\\/\",\"name\":\"The Other Victims of Auschwitz: The Murder of Sick Prisoners in Upper Silesian Forced Labour Camps for Jews - \u00d6stersj\u00f6stiftelsen\",\"isPartOf\":{\"@id\":\"https:\\\/\\\/ostersjostiftelsen.se\\\/#website\"},\"datePublished\":\"2023-11-22T15:23:56+00:00\",\"dateModified\":\"2023-11-22T15:58:27+00:00\",\"breadcrumb\":{\"@id\":\"https:\\\/\\\/ostersjostiftelsen.se\\\/project\\\/the-other-victims-of-auschwitz-the-murder-of-sick-prisoners-in-upper-silesian-forced-labour-camps-for-jews\\\/#breadcrumb\"},\"inLanguage\":\"en-US\",\"potentialAction\":[{\"@type\":\"ReadAction\",\"target\":[\"https:\\\/\\\/ostersjostiftelsen.se\\\/project\\\/the-other-victims-of-auschwitz-the-murder-of-sick-prisoners-in-upper-silesian-forced-labour-camps-for-jews\\\/\"]}]},{\"@type\":\"BreadcrumbList\",\"@id\":\"https:\\\/\\\/ostersjostiftelsen.se\\\/project\\\/the-other-victims-of-auschwitz-the-murder-of-sick-prisoners-in-upper-silesian-forced-labour-camps-for-jews\\\/#breadcrumb\",\"itemListElement\":[{\"@type\":\"ListItem\",\"position\":1,\"name\":\"Home\",\"item\":\"https:\\\/\\\/ostersjostiftelsen.se\\\/en\\\/\"},{\"@type\":\"ListItem\",\"position\":2,\"name\":\"Projekt\",\"item\":\"https:\\\/\\\/ostersjostiftelsen.se\\\/project\\\/\"},{\"@type\":\"ListItem\",\"position\":3,\"name\":\"The Other Victims of Auschwitz: The Murder of Sick Prisoners in Upper Silesian Forced Labour Camps for Jews\"}]},{\"@type\":\"WebSite\",\"@id\":\"https:\\\/\\\/ostersjostiftelsen.se\\\/#website\",\"url\":\"https:\\\/\\\/ostersjostiftelsen.se\\\/\",\"name\":\"\u00d6stersj\u00f6stiftelsen\",\"description\":\"Stiftelsen f\u00f6r forskning inom omr\u00e5den med anknytning till \u00d6stersj\u00f6regionen och \u00d6steuropa\",\"potentialAction\":[{\"@type\":\"SearchAction\",\"target\":{\"@type\":\"EntryPoint\",\"urlTemplate\":\"https:\\\/\\\/ostersjostiftelsen.se\\\/?s={search_term_string}\"},\"query-input\":{\"@type\":\"PropertyValueSpecification\",\"valueRequired\":true,\"valueName\":\"search_term_string\"}}],\"inLanguage\":\"en-US\"}]}<\/script>\n<!-- \/ Yoast SEO plugin. -->","yoast_head_json":{"title":"The Other Victims of Auschwitz: The Murder of Sick Prisoners in Upper Silesian Forced Labour Camps for Jews - \u00d6stersj\u00f6stiftelsen","robots":{"index":"index","follow":"follow","max-snippet":"max-snippet:-1","max-image-preview":"max-image-preview:large","max-video-preview":"max-video-preview:-1"},"canonical":"https:\/\/ostersjostiftelsen.se\/project\/the-other-victims-of-auschwitz-the-murder-of-sick-prisoners-in-upper-silesian-forced-labour-camps-for-jews\/","og_locale":"en_US","og_type":"article","og_title":"The Other Victims of Auschwitz: The Murder of Sick Prisoners in Upper Silesian Forced Labour Camps for Jews - \u00d6stersj\u00f6stiftelsen","og_description":"The project examines the Holocaust in Eastern Upper Silesia, a territory annexed by Nazi Germany...","og_url":"https:\/\/ostersjostiftelsen.se\/project\/the-other-victims-of-auschwitz-the-murder-of-sick-prisoners-in-upper-silesian-forced-labour-camps-for-jews\/","og_site_name":"\u00d6stersj\u00f6stiftelsen","article_modified_time":"2023-11-22T15:58:27+00:00","twitter_card":"summary_large_image","twitter_misc":{"Est. reading time":"2 minutes"},"schema":{"@context":"https:\/\/schema.org","@graph":[{"@type":"WebPage","@id":"https:\/\/ostersjostiftelsen.se\/project\/the-other-victims-of-auschwitz-the-murder-of-sick-prisoners-in-upper-silesian-forced-labour-camps-for-jews\/","url":"https:\/\/ostersjostiftelsen.se\/project\/the-other-victims-of-auschwitz-the-murder-of-sick-prisoners-in-upper-silesian-forced-labour-camps-for-jews\/","name":"The Other Victims of Auschwitz: The Murder of Sick Prisoners in Upper Silesian Forced Labour Camps for Jews - \u00d6stersj\u00f6stiftelsen","isPartOf":{"@id":"https:\/\/ostersjostiftelsen.se\/#website"},"datePublished":"2023-11-22T15:23:56+00:00","dateModified":"2023-11-22T15:58:27+00:00","breadcrumb":{"@id":"https:\/\/ostersjostiftelsen.se\/project\/the-other-victims-of-auschwitz-the-murder-of-sick-prisoners-in-upper-silesian-forced-labour-camps-for-jews\/#breadcrumb"},"inLanguage":"en-US","potentialAction":[{"@type":"ReadAction","target":["https:\/\/ostersjostiftelsen.se\/project\/the-other-victims-of-auschwitz-the-murder-of-sick-prisoners-in-upper-silesian-forced-labour-camps-for-jews\/"]}]},{"@type":"BreadcrumbList","@id":"https:\/\/ostersjostiftelsen.se\/project\/the-other-victims-of-auschwitz-the-murder-of-sick-prisoners-in-upper-silesian-forced-labour-camps-for-jews\/#breadcrumb","itemListElement":[{"@type":"ListItem","position":1,"name":"Home","item":"https:\/\/ostersjostiftelsen.se\/en\/"},{"@type":"ListItem","position":2,"name":"Projekt","item":"https:\/\/ostersjostiftelsen.se\/project\/"},{"@type":"ListItem","position":3,"name":"The Other Victims of Auschwitz: The Murder of Sick Prisoners in Upper Silesian Forced Labour Camps for Jews"}]},{"@type":"WebSite","@id":"https:\/\/ostersjostiftelsen.se\/#website","url":"https:\/\/ostersjostiftelsen.se\/","name":"\u00d6stersj\u00f6stiftelsen","description":"Stiftelsen f\u00f6r forskning inom omr\u00e5den med anknytning till \u00d6stersj\u00f6regionen och \u00d6steuropa","potentialAction":[{"@type":"SearchAction","target":{"@type":"EntryPoint","urlTemplate":"https:\/\/ostersjostiftelsen.se\/?s={search_term_string}"},"query-input":{"@type":"PropertyValueSpecification","valueRequired":true,"valueName":"search_term_string"}}],"inLanguage":"en-US"}]}},"_links":{"self":[{"href":"https:\/\/ostersjostiftelsen.se\/en\/wp-json\/wp\/v2\/project\/5407","targetHints":{"allow":["GET"]}}],"collection":[{"href":"https:\/\/ostersjostiftelsen.se\/en\/wp-json\/wp\/v2\/project"}],"about":[{"href":"https:\/\/ostersjostiftelsen.se\/en\/wp-json\/wp\/v2\/types\/project"}],"wp:attachment":[{"href":"https:\/\/ostersjostiftelsen.se\/en\/wp-json\/wp\/v2\/media?parent=5407"}],"curies":[{"name":"wp","href":"https:\/\/api.w.org\/{rel}","templated":true}]}}

<!-- This site is optimized with the Yoast SEO plugin v27.3 - https://yoast.com/product/yoast-seo-wordpress/ -->
<title>The Other Victims of Auschwitz: The Murder of Sick Prisoners in Upper Silesian Forced Labour Camps for Jews - Östersjöstiftelsen</title>
<meta name="robots" content="index, follow, max-snippet:-1, max-image-preview:large, max-video-preview:-1" />
<link rel="canonical" href="https://ostersjostiftelsen.se/project/the-other-victims-of-auschwitz-the-murder-of-sick-prisoners-in-upper-silesian-forced-labour-camps-for-jews/" />
<meta property="og:locale" content="en_US" />
<meta property="og:type" content="article" />
<meta property="og:title" content="The Other Victims of Auschwitz: The Murder of Sick Prisoners in Upper Silesian Forced Labour Camps for Jews - Östersjöstiftelsen" />
<meta property="og:description" content="The project examines the Holocaust in Eastern Upper Silesia, a territory annexed by Nazi Germany..." />
<meta property="og:url" content="https://ostersjostiftelsen.se/project/the-other-victims-of-auschwitz-the-murder-of-sick-prisoners-in-upper-silesian-forced-labour-camps-for-jews/" />
<meta property="og:site_name" content="Östersjöstiftelsen" />
<meta property="article:modified_time" content="2023-11-22T15:58:27+00:00" />
<meta name="twitter:card" content="summary_large_image" />
<meta name="twitter:label1" content="Est. reading time" />
	<meta name="twitter:data1" content="2 minutes" />
<script type="application/ld+json" class="yoast-schema-graph">{"@context":"https:\/\/schema.org","@graph":[{"@type":"WebPage","@id":"https:\/\/ostersjostiftelsen.se\/project\/the-other-victims-of-auschwitz-the-murder-of-sick-prisoners-in-upper-silesian-forced-labour-camps-for-jews\/","url":"https:\/\/ostersjostiftelsen.se\/project\/the-other-victims-of-auschwitz-the-murder-of-sick-prisoners-in-upper-silesian-forced-labour-camps-for-jews\/","name":"The Other Victims of Auschwitz: The Murder of Sick Prisoners in Upper Silesian Forced Labour Camps for Jews - Östersjöstiftelsen","isPartOf":{"@id":"https:\/\/ostersjostiftelsen.se\/#website"},"datePublished":"2023-11-22T15:23:56+00:00","dateModified":"2023-11-22T15:58:27+00:00","breadcrumb":{"@id":"https:\/\/ostersjostiftelsen.se\/project\/the-other-victims-of-auschwitz-the-murder-of-sick-prisoners-in-upper-silesian-forced-labour-camps-for-jews\/#breadcrumb"},"inLanguage":"en-US","potentialAction":[{"@type":"ReadAction","target":["https:\/\/ostersjostiftelsen.se\/project\/the-other-victims-of-auschwitz-the-murder-of-sick-prisoners-in-upper-silesian-forced-labour-camps-for-jews\/"]}]},{"@type":"BreadcrumbList","@id":"https:\/\/ostersjostiftelsen.se\/project\/the-other-victims-of-auschwitz-the-murder-of-sick-prisoners-in-upper-silesian-forced-labour-camps-for-jews\/#breadcrumb","itemListElement":[{"@type":"ListItem","position":1,"name":"Home","item":"https:\/\/ostersjostiftelsen.se\/en\/"},{"@type":"ListItem","position":2,"name":"Projekt","item":"https:\/\/ostersjostiftelsen.se\/project\/"},{"@type":"ListItem","position":3,"name":"The Other Victims of Auschwitz: The Murder of Sick Prisoners in Upper Silesian Forced Labour Camps for Jews"}]},{"@type":"WebSite","@id":"https:\/\/ostersjostiftelsen.se\/#website","url":"https:\/\/ostersjostiftelsen.se\/","name":"Östersjöstiftelsen","description":"Stiftelsen för forskning inom områden med anknytning till Östersjöregionen och Östeuropa","potentialAction":[{"@type":"SearchAction","target":{"@type":"EntryPoint","urlTemplate":"https:\/\/ostersjostiftelsen.se\/?s={search_term_string}"},"query-input":{"@type":"PropertyValueSpecification","valueRequired":true,"valueName":"search_term_string"}}],"inLanguage":"en-US"}]}</script>
<!-- / Yoast SEO plugin. -->

The Other Victims of Auschwitz: The Murder of Sick Prisoners in Upper Silesian Forced Labour Camps for Jews - Östersjöstiftelsen

Östersjöstiftelsen

Stiftelsen för forskning inom områden med anknytning till Östersjöregionen och Östeuropa
