{"id":546,"date":"2019-09-20T10:47:50","date_gmt":"2019-09-20T08:47:50","guid":{"rendered":"http:\/\/ostersjostiftelsen.se\/?post_type=project&#038;p=546"},"modified":"2020-12-16T13:06:53","modified_gmt":"2020-12-16T12:06:53","slug":"private-ownership-in-sweden-swedish-privatisation-from-an-east-european-perspective","status":"publish","type":"project","link":"https:\/\/ostersjostiftelsen.se\/en\/project\/private-ownership-in-sweden-swedish-privatisation-from-an-east-european-perspective\/","title":{"rendered":"Private Ownership in Sweden \u2013 Swedish Privatisation from an East European Perspective"},"content":{"rendered":"\n<p>Why was state ownership initiated and how was it so widely extended during the 20th century? Why has state owned property during different periods been privatised and how was these operations conducted?<\/p>\n\n\n\n<p>In this project we seek to advance the story about central issues of state ownership and privatisation in Sweden from a long-term perspective. In short, the purpose of the project is three-folded.<\/p>\n\n\n\n<p>First, analysing the driving forces behind state ownership since the mid-1800s and in particular highlight periods when state ownership has increased widely. The driving forces behind nationalisation has rarely been based on ideological grounds, instead the main reason, among others, has been in the wake of economic crises, and the government has acted as \u201cowner-of-last-resort\u201d.<\/p>\n\n\n\n<p>Second, the project will analyse the first privatisation process that occurred in the end of the 1980s and early 1990s, with help of an earlier classified source material (the minutes of the so-called \u201cPrivatisation Committee\u201d).<\/p>\n\n\n\n<p>Third, the project will highlight the privatisation occurring right now where the conservative-liberal government intended to sell 6 state-owned companies, for instance the bank Nordea and the mortgage institute SBAB. So far the government have sold parts of the Telecom company Telia-Sonera, and the entire liquor company Vin &amp; Sprit). In the wake of the current financial crisis the privatisation process has stopped and in one case even been reversed (the financial institute Carnegie).<\/p>\n\n\n\n<p>These issues will be analysed in the light of the experiences gathered during the privatisation process in the previous planned economies in Central and Eastern Europe the last two decades. During these operations a lot of new knowledge about different modes of privatisation and their outcomes has been generated, and the point of departure for this project is to analyze the privatisation in Sweden from an international perspective, which can give us new insight about this processes. Still, major questions remain open in the case of Swedish privatisations.<\/p>\n","protected":false},"featured_media":0,"parent":0,"menu_order":0,"template":"","class_list":["post-546","project","type-project","status-publish","hentry"],"acf":[],"yoast_head":"<!-- This site is optimized with the Yoast SEO plugin v27.3 - https:\/\/yoast.com\/product\/yoast-seo-wordpress\/ -->\n<title>Private Ownership in Sweden \u2013 Swedish Privatisation from an East European Perspective - \u00d6stersj\u00f6stiftelsen<\/title>\n<meta name=\"robots\" content=\"index, follow, max-snippet:-1, max-image-preview:large, max-video-preview:-1\" \/>\n<link rel=\"canonical\" href=\"https:\/\/ostersjostiftelsen.se\/project\/private-ownership-in-sweden-swedish-privatisation-from-an-east-european-perspective\/\" \/>\n<meta property=\"og:locale\" content=\"en_US\" \/>\n<meta property=\"og:type\" content=\"article\" \/>\n<meta property=\"og:title\" content=\"Private Ownership in Sweden \u2013 Swedish Privatisation from an East European Perspective - \u00d6stersj\u00f6stiftelsen\" \/>\n<meta property=\"og:description\" content=\"Why was state ownership initiated and how was it so widely extended during the 20th...\" \/>\n<meta property=\"og:url\" content=\"https:\/\/ostersjostiftelsen.se\/project\/private-ownership-in-sweden-swedish-privatisation-from-an-east-european-perspective\/\" \/>\n<meta property=\"og:site_name\" content=\"\u00d6stersj\u00f6stiftelsen\" \/>\n<meta property=\"article:modified_time\" content=\"2020-12-16T12:06:53+00:00\" \/>\n<meta name=\"twitter:card\" content=\"summary_large_image\" \/>\n<meta name=\"twitter:label1\" content=\"Est. reading time\" \/>\n\t<meta name=\"twitter:data1\" content=\"2 minutes\" \/>\n<script type=\"application\/ld+json\" class=\"yoast-schema-graph\">{\"@context\":\"https:\\\/\\\/schema.org\",\"@graph\":[{\"@type\":\"WebPage\",\"@id\":\"https:\\\/\\\/ostersjostiftelsen.se\\\/project\\\/private-ownership-in-sweden-swedish-privatisation-from-an-east-european-perspective\\\/\",\"url\":\"https:\\\/\\\/ostersjostiftelsen.se\\\/project\\\/private-ownership-in-sweden-swedish-privatisation-from-an-east-european-perspective\\\/\",\"name\":\"Private Ownership in Sweden \u2013 Swedish Privatisation from an East European Perspective - \u00d6stersj\u00f6stiftelsen\",\"isPartOf\":{\"@id\":\"https:\\\/\\\/ostersjostiftelsen.se\\\/#website\"},\"datePublished\":\"2019-09-20T08:47:50+00:00\",\"dateModified\":\"2020-12-16T12:06:53+00:00\",\"breadcrumb\":{\"@id\":\"https:\\\/\\\/ostersjostiftelsen.se\\\/project\\\/private-ownership-in-sweden-swedish-privatisation-from-an-east-european-perspective\\\/#breadcrumb\"},\"inLanguage\":\"en-US\",\"potentialAction\":[{\"@type\":\"ReadAction\",\"target\":[\"https:\\\/\\\/ostersjostiftelsen.se\\\/project\\\/private-ownership-in-sweden-swedish-privatisation-from-an-east-european-perspective\\\/\"]}]},{\"@type\":\"BreadcrumbList\",\"@id\":\"https:\\\/\\\/ostersjostiftelsen.se\\\/project\\\/private-ownership-in-sweden-swedish-privatisation-from-an-east-european-perspective\\\/#breadcrumb\",\"itemListElement\":[{\"@type\":\"ListItem\",\"position\":1,\"name\":\"Home\",\"item\":\"https:\\\/\\\/ostersjostiftelsen.se\\\/en\\\/\"},{\"@type\":\"ListItem\",\"position\":2,\"name\":\"Projekt\",\"item\":\"https:\\\/\\\/ostersjostiftelsen.se\\\/project\\\/\"},{\"@type\":\"ListItem\",\"position\":3,\"name\":\"Private Ownership in Sweden \u2013 Swedish Privatisation from an East European Perspective\"}]},{\"@type\":\"WebSite\",\"@id\":\"https:\\\/\\\/ostersjostiftelsen.se\\\/#website\",\"url\":\"https:\\\/\\\/ostersjostiftelsen.se\\\/\",\"name\":\"\u00d6stersj\u00f6stiftelsen\",\"description\":\"Stiftelsen f\u00f6r forskning inom omr\u00e5den med anknytning till \u00d6stersj\u00f6regionen och \u00d6steuropa\",\"potentialAction\":[{\"@type\":\"SearchAction\",\"target\":{\"@type\":\"EntryPoint\",\"urlTemplate\":\"https:\\\/\\\/ostersjostiftelsen.se\\\/?s={search_term_string}\"},\"query-input\":{\"@type\":\"PropertyValueSpecification\",\"valueRequired\":true,\"valueName\":\"search_term_string\"}}],\"inLanguage\":\"en-US\"}]}<\/script>\n<!-- \/ Yoast SEO plugin. -->","yoast_head_json":{"title":"Private Ownership in Sweden \u2013 Swedish Privatisation from an East European Perspective - \u00d6stersj\u00f6stiftelsen","robots":{"index":"index","follow":"follow","max-snippet":"max-snippet:-1","max-image-preview":"max-image-preview:large","max-video-preview":"max-video-preview:-1"},"canonical":"https:\/\/ostersjostiftelsen.se\/project\/private-ownership-in-sweden-swedish-privatisation-from-an-east-european-perspective\/","og_locale":"en_US","og_type":"article","og_title":"Private Ownership in Sweden \u2013 Swedish Privatisation from an East European Perspective - \u00d6stersj\u00f6stiftelsen","og_description":"Why was state ownership initiated and how was it so widely extended during the 20th...","og_url":"https:\/\/ostersjostiftelsen.se\/project\/private-ownership-in-sweden-swedish-privatisation-from-an-east-european-perspective\/","og_site_name":"\u00d6stersj\u00f6stiftelsen","article_modified_time":"2020-12-16T12:06:53+00:00","twitter_card":"summary_large_image","twitter_misc":{"Est. reading time":"2 minutes"},"schema":{"@context":"https:\/\/schema.org","@graph":[{"@type":"WebPage","@id":"https:\/\/ostersjostiftelsen.se\/project\/private-ownership-in-sweden-swedish-privatisation-from-an-east-european-perspective\/","url":"https:\/\/ostersjostiftelsen.se\/project\/private-ownership-in-sweden-swedish-privatisation-from-an-east-european-perspective\/","name":"Private Ownership in Sweden \u2013 Swedish Privatisation from an East European Perspective - \u00d6stersj\u00f6stiftelsen","isPartOf":{"@id":"https:\/\/ostersjostiftelsen.se\/#website"},"datePublished":"2019-09-20T08:47:50+00:00","dateModified":"2020-12-16T12:06:53+00:00","breadcrumb":{"@id":"https:\/\/ostersjostiftelsen.se\/project\/private-ownership-in-sweden-swedish-privatisation-from-an-east-european-perspective\/#breadcrumb"},"inLanguage":"en-US","potentialAction":[{"@type":"ReadAction","target":["https:\/\/ostersjostiftelsen.se\/project\/private-ownership-in-sweden-swedish-privatisation-from-an-east-european-perspective\/"]}]},{"@type":"BreadcrumbList","@id":"https:\/\/ostersjostiftelsen.se\/project\/private-ownership-in-sweden-swedish-privatisation-from-an-east-european-perspective\/#breadcrumb","itemListElement":[{"@type":"ListItem","position":1,"name":"Home","item":"https:\/\/ostersjostiftelsen.se\/en\/"},{"@type":"ListItem","position":2,"name":"Projekt","item":"https:\/\/ostersjostiftelsen.se\/project\/"},{"@type":"ListItem","position":3,"name":"Private Ownership in Sweden \u2013 Swedish Privatisation from an East European Perspective"}]},{"@type":"WebSite","@id":"https:\/\/ostersjostiftelsen.se\/#website","url":"https:\/\/ostersjostiftelsen.se\/","name":"\u00d6stersj\u00f6stiftelsen","description":"Stiftelsen f\u00f6r forskning inom omr\u00e5den med anknytning till \u00d6stersj\u00f6regionen och \u00d6steuropa","potentialAction":[{"@type":"SearchAction","target":{"@type":"EntryPoint","urlTemplate":"https:\/\/ostersjostiftelsen.se\/?s={search_term_string}"},"query-input":{"@type":"PropertyValueSpecification","valueRequired":true,"valueName":"search_term_string"}}],"inLanguage":"en-US"}]}},"_links":{"self":[{"href":"https:\/\/ostersjostiftelsen.se\/en\/wp-json\/wp\/v2\/project\/546","targetHints":{"allow":["GET"]}}],"collection":[{"href":"https:\/\/ostersjostiftelsen.se\/en\/wp-json\/wp\/v2\/project"}],"about":[{"href":"https:\/\/ostersjostiftelsen.se\/en\/wp-json\/wp\/v2\/types\/project"}],"wp:attachment":[{"href":"https:\/\/ostersjostiftelsen.se\/en\/wp-json\/wp\/v2\/media?parent=546"}],"curies":[{"name":"wp","href":"https:\/\/api.w.org\/{rel}","templated":true}]}}

<!-- This site is optimized with the Yoast SEO plugin v27.3 - https://yoast.com/product/yoast-seo-wordpress/ -->
<title>Private Ownership in Sweden – Swedish Privatisation from an East European Perspective - Östersjöstiftelsen</title>
<meta name="robots" content="index, follow, max-snippet:-1, max-image-preview:large, max-video-preview:-1" />
<link rel="canonical" href="https://ostersjostiftelsen.se/project/private-ownership-in-sweden-swedish-privatisation-from-an-east-european-perspective/" />
<meta property="og:locale" content="en_US" />
<meta property="og:type" content="article" />
<meta property="og:title" content="Private Ownership in Sweden – Swedish Privatisation from an East European Perspective - Östersjöstiftelsen" />
<meta property="og:description" content="Why was state ownership initiated and how was it so widely extended during the 20th..." />
<meta property="og:url" content="https://ostersjostiftelsen.se/project/private-ownership-in-sweden-swedish-privatisation-from-an-east-european-perspective/" />
<meta property="og:site_name" content="Östersjöstiftelsen" />
<meta property="article:modified_time" content="2020-12-16T12:06:53+00:00" />
<meta name="twitter:card" content="summary_large_image" />
<meta name="twitter:label1" content="Est. reading time" />
	<meta name="twitter:data1" content="2 minutes" />
<script type="application/ld+json" class="yoast-schema-graph">{"@context":"https:\/\/schema.org","@graph":[{"@type":"WebPage","@id":"https:\/\/ostersjostiftelsen.se\/project\/private-ownership-in-sweden-swedish-privatisation-from-an-east-european-perspective\/","url":"https:\/\/ostersjostiftelsen.se\/project\/private-ownership-in-sweden-swedish-privatisation-from-an-east-european-perspective\/","name":"Private Ownership in Sweden – Swedish Privatisation from an East European Perspective - Östersjöstiftelsen","isPartOf":{"@id":"https:\/\/ostersjostiftelsen.se\/#website"},"datePublished":"2019-09-20T08:47:50+00:00","dateModified":"2020-12-16T12:06:53+00:00","breadcrumb":{"@id":"https:\/\/ostersjostiftelsen.se\/project\/private-ownership-in-sweden-swedish-privatisation-from-an-east-european-perspective\/#breadcrumb"},"inLanguage":"en-US","potentialAction":[{"@type":"ReadAction","target":["https:\/\/ostersjostiftelsen.se\/project\/private-ownership-in-sweden-swedish-privatisation-from-an-east-european-perspective\/"]}]},{"@type":"BreadcrumbList","@id":"https:\/\/ostersjostiftelsen.se\/project\/private-ownership-in-sweden-swedish-privatisation-from-an-east-european-perspective\/#breadcrumb","itemListElement":[{"@type":"ListItem","position":1,"name":"Home","item":"https:\/\/ostersjostiftelsen.se\/en\/"},{"@type":"ListItem","position":2,"name":"Projekt","item":"https:\/\/ostersjostiftelsen.se\/project\/"},{"@type":"ListItem","position":3,"name":"Private Ownership in Sweden – Swedish Privatisation from an East European Perspective"}]},{"@type":"WebSite","@id":"https:\/\/ostersjostiftelsen.se\/#website","url":"https:\/\/ostersjostiftelsen.se\/","name":"Östersjöstiftelsen","description":"Stiftelsen för forskning inom områden med anknytning till Östersjöregionen och Östeuropa","potentialAction":[{"@type":"SearchAction","target":{"@type":"EntryPoint","urlTemplate":"https:\/\/ostersjostiftelsen.se\/?s={search_term_string}"},"query-input":{"@type":"PropertyValueSpecification","valueRequired":true,"valueName":"search_term_string"}}],"inLanguage":"en-US"}]}</script>
<!-- / Yoast SEO plugin. -->

Private Ownership in Sweden – Swedish Privatisation from an East European Perspective - Östersjöstiftelsen

Östersjöstiftelsen

Stiftelsen för forskning inom områden med anknytning till Östersjöregionen och Östeuropa
