{"id":575,"date":"2019-09-20T13:32:47","date_gmt":"2019-09-20T11:32:47","guid":{"rendered":"http:\/\/ostersjostiftelsen.se\/?post_type=project&#038;p=575"},"modified":"2020-12-15T09:17:51","modified_gmt":"2020-12-15T08:17:51","slug":"audiences-in-the-age-of-media-convergence-media-generations-in-estonia-and-sweden","status":"publish","type":"project","link":"https:\/\/ostersjostiftelsen.se\/en\/project\/audiences-in-the-age-of-media-convergence-media-generations-in-estonia-and-sweden\/","title":{"rendered":"Audiences in the Age of Media Convergence: Media Generations in Estonia and Sweden"},"content":{"rendered":"\n<p>It is often argued that young people are among the first to adopt new media technologies, and that they are especially keen on taking on all new features connected with mobile technology and the Internet. In spite of this oft-repeated claim, one could suspect that since computers, mobile phones and other personal and digital media have become so widespread among large portions of the populations in the industrialised world, it might not be technology, per se, that distinguishes younger people from old, but rather the actual ways in which the media are used.<\/p>\n\n\n\n<p>One way to discuss this is in terms of media generations. It could be expected that generations that have grown up with different mediated experiences during their formative years will relate to media technology in varied ways. This project aims at analysing media use and perceptions of media use among three generations in Sweden and Estonia, in order to analyses if, and to what extent, media technologies and media genres contribute to the generational experience.<\/p>\n\n\n\n<p>The project focuses on three media generations: the radio\/print generation (born in the 1930s), the TV generation (born in the 1950s), and the mobile technology generation (born in the 1980s). Access and usage patterns are researched, and the degree to which the three generations differ when it comes to their relations to digital media technology is discussed.<\/p>\n\n\n\n<p>The methodological approach is twofold: quantitatively, results from bi-annually conducted surveys that are representative for Swedish and Estonian media users are analysed. Qualitatively, a range of individual and focus group interviews will be carried out in the two national contexts. The project is led by Professor G\u00f6ran Bolin, who works together with a doctoral candidate.<\/p>\n","protected":false},"featured_media":0,"parent":0,"menu_order":0,"template":"","class_list":["post-575","project","type-project","status-publish","hentry"],"acf":[],"yoast_head":"<!-- This site is optimized with the Yoast SEO plugin v27.3 - https:\/\/yoast.com\/product\/yoast-seo-wordpress\/ -->\n<title>Audiences in the Age of Media Convergence: Media Generations in Estonia and Sweden - \u00d6stersj\u00f6stiftelsen<\/title>\n<meta name=\"robots\" content=\"index, follow, max-snippet:-1, max-image-preview:large, max-video-preview:-1\" \/>\n<link rel=\"canonical\" href=\"https:\/\/ostersjostiftelsen.se\/project\/audiences-in-the-age-of-media-convergence-media-generations-in-estonia-and-sweden\/\" \/>\n<meta property=\"og:locale\" content=\"en_US\" \/>\n<meta property=\"og:type\" content=\"article\" \/>\n<meta property=\"og:title\" content=\"Audiences in the Age of Media Convergence: Media Generations in Estonia and Sweden - \u00d6stersj\u00f6stiftelsen\" \/>\n<meta property=\"og:description\" content=\"It is often argued that young people are among the first to adopt new media...\" \/>\n<meta property=\"og:url\" content=\"https:\/\/ostersjostiftelsen.se\/project\/audiences-in-the-age-of-media-convergence-media-generations-in-estonia-and-sweden\/\" \/>\n<meta property=\"og:site_name\" content=\"\u00d6stersj\u00f6stiftelsen\" \/>\n<meta property=\"article:modified_time\" content=\"2020-12-15T08:17:51+00:00\" \/>\n<meta name=\"twitter:card\" content=\"summary_large_image\" \/>\n<meta name=\"twitter:label1\" content=\"Est. reading time\" \/>\n\t<meta name=\"twitter:data1\" content=\"1 minute\" \/>\n<script type=\"application\/ld+json\" class=\"yoast-schema-graph\">{\"@context\":\"https:\\\/\\\/schema.org\",\"@graph\":[{\"@type\":\"WebPage\",\"@id\":\"https:\\\/\\\/ostersjostiftelsen.se\\\/project\\\/audiences-in-the-age-of-media-convergence-media-generations-in-estonia-and-sweden\\\/\",\"url\":\"https:\\\/\\\/ostersjostiftelsen.se\\\/project\\\/audiences-in-the-age-of-media-convergence-media-generations-in-estonia-and-sweden\\\/\",\"name\":\"Audiences in the Age of Media Convergence: Media Generations in Estonia and Sweden - \u00d6stersj\u00f6stiftelsen\",\"isPartOf\":{\"@id\":\"https:\\\/\\\/ostersjostiftelsen.se\\\/#website\"},\"datePublished\":\"2019-09-20T11:32:47+00:00\",\"dateModified\":\"2020-12-15T08:17:51+00:00\",\"breadcrumb\":{\"@id\":\"https:\\\/\\\/ostersjostiftelsen.se\\\/project\\\/audiences-in-the-age-of-media-convergence-media-generations-in-estonia-and-sweden\\\/#breadcrumb\"},\"inLanguage\":\"en-US\",\"potentialAction\":[{\"@type\":\"ReadAction\",\"target\":[\"https:\\\/\\\/ostersjostiftelsen.se\\\/project\\\/audiences-in-the-age-of-media-convergence-media-generations-in-estonia-and-sweden\\\/\"]}]},{\"@type\":\"BreadcrumbList\",\"@id\":\"https:\\\/\\\/ostersjostiftelsen.se\\\/project\\\/audiences-in-the-age-of-media-convergence-media-generations-in-estonia-and-sweden\\\/#breadcrumb\",\"itemListElement\":[{\"@type\":\"ListItem\",\"position\":1,\"name\":\"Home\",\"item\":\"https:\\\/\\\/ostersjostiftelsen.se\\\/en\\\/\"},{\"@type\":\"ListItem\",\"position\":2,\"name\":\"Projekt\",\"item\":\"https:\\\/\\\/ostersjostiftelsen.se\\\/project\\\/\"},{\"@type\":\"ListItem\",\"position\":3,\"name\":\"Audiences in the Age of Media Convergence: Media Generations in Estonia and Sweden\"}]},{\"@type\":\"WebSite\",\"@id\":\"https:\\\/\\\/ostersjostiftelsen.se\\\/#website\",\"url\":\"https:\\\/\\\/ostersjostiftelsen.se\\\/\",\"name\":\"\u00d6stersj\u00f6stiftelsen\",\"description\":\"Stiftelsen f\u00f6r forskning inom omr\u00e5den med anknytning till \u00d6stersj\u00f6regionen och \u00d6steuropa\",\"potentialAction\":[{\"@type\":\"SearchAction\",\"target\":{\"@type\":\"EntryPoint\",\"urlTemplate\":\"https:\\\/\\\/ostersjostiftelsen.se\\\/?s={search_term_string}\"},\"query-input\":{\"@type\":\"PropertyValueSpecification\",\"valueRequired\":true,\"valueName\":\"search_term_string\"}}],\"inLanguage\":\"en-US\"}]}<\/script>\n<!-- \/ Yoast SEO plugin. -->","yoast_head_json":{"title":"Audiences in the Age of Media Convergence: Media Generations in Estonia and Sweden - \u00d6stersj\u00f6stiftelsen","robots":{"index":"index","follow":"follow","max-snippet":"max-snippet:-1","max-image-preview":"max-image-preview:large","max-video-preview":"max-video-preview:-1"},"canonical":"https:\/\/ostersjostiftelsen.se\/project\/audiences-in-the-age-of-media-convergence-media-generations-in-estonia-and-sweden\/","og_locale":"en_US","og_type":"article","og_title":"Audiences in the Age of Media Convergence: Media Generations in Estonia and Sweden - \u00d6stersj\u00f6stiftelsen","og_description":"It is often argued that young people are among the first to adopt new media...","og_url":"https:\/\/ostersjostiftelsen.se\/project\/audiences-in-the-age-of-media-convergence-media-generations-in-estonia-and-sweden\/","og_site_name":"\u00d6stersj\u00f6stiftelsen","article_modified_time":"2020-12-15T08:17:51+00:00","twitter_card":"summary_large_image","twitter_misc":{"Est. reading time":"1 minute"},"schema":{"@context":"https:\/\/schema.org","@graph":[{"@type":"WebPage","@id":"https:\/\/ostersjostiftelsen.se\/project\/audiences-in-the-age-of-media-convergence-media-generations-in-estonia-and-sweden\/","url":"https:\/\/ostersjostiftelsen.se\/project\/audiences-in-the-age-of-media-convergence-media-generations-in-estonia-and-sweden\/","name":"Audiences in the Age of Media Convergence: Media Generations in Estonia and Sweden - \u00d6stersj\u00f6stiftelsen","isPartOf":{"@id":"https:\/\/ostersjostiftelsen.se\/#website"},"datePublished":"2019-09-20T11:32:47+00:00","dateModified":"2020-12-15T08:17:51+00:00","breadcrumb":{"@id":"https:\/\/ostersjostiftelsen.se\/project\/audiences-in-the-age-of-media-convergence-media-generations-in-estonia-and-sweden\/#breadcrumb"},"inLanguage":"en-US","potentialAction":[{"@type":"ReadAction","target":["https:\/\/ostersjostiftelsen.se\/project\/audiences-in-the-age-of-media-convergence-media-generations-in-estonia-and-sweden\/"]}]},{"@type":"BreadcrumbList","@id":"https:\/\/ostersjostiftelsen.se\/project\/audiences-in-the-age-of-media-convergence-media-generations-in-estonia-and-sweden\/#breadcrumb","itemListElement":[{"@type":"ListItem","position":1,"name":"Home","item":"https:\/\/ostersjostiftelsen.se\/en\/"},{"@type":"ListItem","position":2,"name":"Projekt","item":"https:\/\/ostersjostiftelsen.se\/project\/"},{"@type":"ListItem","position":3,"name":"Audiences in the Age of Media Convergence: Media Generations in Estonia and Sweden"}]},{"@type":"WebSite","@id":"https:\/\/ostersjostiftelsen.se\/#website","url":"https:\/\/ostersjostiftelsen.se\/","name":"\u00d6stersj\u00f6stiftelsen","description":"Stiftelsen f\u00f6r forskning inom omr\u00e5den med anknytning till \u00d6stersj\u00f6regionen och \u00d6steuropa","potentialAction":[{"@type":"SearchAction","target":{"@type":"EntryPoint","urlTemplate":"https:\/\/ostersjostiftelsen.se\/?s={search_term_string}"},"query-input":{"@type":"PropertyValueSpecification","valueRequired":true,"valueName":"search_term_string"}}],"inLanguage":"en-US"}]}},"_links":{"self":[{"href":"https:\/\/ostersjostiftelsen.se\/en\/wp-json\/wp\/v2\/project\/575","targetHints":{"allow":["GET"]}}],"collection":[{"href":"https:\/\/ostersjostiftelsen.se\/en\/wp-json\/wp\/v2\/project"}],"about":[{"href":"https:\/\/ostersjostiftelsen.se\/en\/wp-json\/wp\/v2\/types\/project"}],"wp:attachment":[{"href":"https:\/\/ostersjostiftelsen.se\/en\/wp-json\/wp\/v2\/media?parent=575"}],"curies":[{"name":"wp","href":"https:\/\/api.w.org\/{rel}","templated":true}]}}

<p>It is often argued that young people are among the first to adopt new media technologies, and that they are especially keen on taking on all new features connected with mobile technology and the Internet. In spite of this oft-repeated claim, one could suspect that since computers, mobile phones and other personal and digital media have become so widespread among large portions of the populations in the industrialised world, it might not be technology, per se, that distinguishes younger people from old, but rather the actual ways in which the media are used.</p>



<p>One way to discuss this is in terms of media generations. It could be expected that generations that have grown up with different mediated experiences during their formative years will relate to media technology in varied ways. This project aims at analysing media use and perceptions of media use among three generations in Sweden and Estonia, in order to analyses if, and to what extent, media technologies and media genres contribute to the generational experience.</p>



<p>The project focuses on three media generations: the radio/print generation (born in the 1930s), the TV generation (born in the 1950s), and the mobile technology generation (born in the 1980s). Access and usage patterns are researched, and the degree to which the three generations differ when it comes to their relations to digital media technology is discussed.</p>



<p>The methodological approach is twofold: quantitatively, results from bi-annually conducted surveys that are representative for Swedish and Estonian media users are analysed. Qualitatively, a range of individual and focus group interviews will be carried out in the two national contexts. The project is led by Professor Göran Bolin, who works together with a doctoral candidate.</p>

<!-- This site is optimized with the Yoast SEO plugin v27.3 - https://yoast.com/product/yoast-seo-wordpress/ -->
<title>Audiences in the Age of Media Convergence: Media Generations in Estonia and Sweden - Östersjöstiftelsen</title>
<meta name="robots" content="index, follow, max-snippet:-1, max-image-preview:large, max-video-preview:-1" />
<link rel="canonical" href="https://ostersjostiftelsen.se/project/audiences-in-the-age-of-media-convergence-media-generations-in-estonia-and-sweden/" />
<meta property="og:locale" content="en_US" />
<meta property="og:type" content="article" />
<meta property="og:title" content="Audiences in the Age of Media Convergence: Media Generations in Estonia and Sweden - Östersjöstiftelsen" />
<meta property="og:description" content="It is often argued that young people are among the first to adopt new media..." />
<meta property="og:url" content="https://ostersjostiftelsen.se/project/audiences-in-the-age-of-media-convergence-media-generations-in-estonia-and-sweden/" />
<meta property="og:site_name" content="Östersjöstiftelsen" />
<meta property="article:modified_time" content="2020-12-15T08:17:51+00:00" />
<meta name="twitter:card" content="summary_large_image" />
<meta name="twitter:label1" content="Est. reading time" />
	<meta name="twitter:data1" content="1 minute" />
<script type="application/ld+json" class="yoast-schema-graph">{"@context":"https:\/\/schema.org","@graph":[{"@type":"WebPage","@id":"https:\/\/ostersjostiftelsen.se\/project\/audiences-in-the-age-of-media-convergence-media-generations-in-estonia-and-sweden\/","url":"https:\/\/ostersjostiftelsen.se\/project\/audiences-in-the-age-of-media-convergence-media-generations-in-estonia-and-sweden\/","name":"Audiences in the Age of Media Convergence: Media Generations in Estonia and Sweden - Östersjöstiftelsen","isPartOf":{"@id":"https:\/\/ostersjostiftelsen.se\/#website"},"datePublished":"2019-09-20T11:32:47+00:00","dateModified":"2020-12-15T08:17:51+00:00","breadcrumb":{"@id":"https:\/\/ostersjostiftelsen.se\/project\/audiences-in-the-age-of-media-convergence-media-generations-in-estonia-and-sweden\/#breadcrumb"},"inLanguage":"en-US","potentialAction":[{"@type":"ReadAction","target":["https:\/\/ostersjostiftelsen.se\/project\/audiences-in-the-age-of-media-convergence-media-generations-in-estonia-and-sweden\/"]}]},{"@type":"BreadcrumbList","@id":"https:\/\/ostersjostiftelsen.se\/project\/audiences-in-the-age-of-media-convergence-media-generations-in-estonia-and-sweden\/#breadcrumb","itemListElement":[{"@type":"ListItem","position":1,"name":"Home","item":"https:\/\/ostersjostiftelsen.se\/en\/"},{"@type":"ListItem","position":2,"name":"Projekt","item":"https:\/\/ostersjostiftelsen.se\/project\/"},{"@type":"ListItem","position":3,"name":"Audiences in the Age of Media Convergence: Media Generations in Estonia and Sweden"}]},{"@type":"WebSite","@id":"https:\/\/ostersjostiftelsen.se\/#website","url":"https:\/\/ostersjostiftelsen.se\/","name":"Östersjöstiftelsen","description":"Stiftelsen för forskning inom områden med anknytning till Östersjöregionen och Östeuropa","potentialAction":[{"@type":"SearchAction","target":{"@type":"EntryPoint","urlTemplate":"https:\/\/ostersjostiftelsen.se\/?s={search_term_string}"},"query-input":{"@type":"PropertyValueSpecification","valueRequired":true,"valueName":"search_term_string"}}],"inLanguage":"en-US"}]}</script>
<!-- / Yoast SEO plugin. -->

Audiences in the Age of Media Convergence: Media Generations in Estonia and Sweden - Östersjöstiftelsen

Östersjöstiftelsen

Stiftelsen för forskning inom områden med anknytning till Östersjöregionen och Östeuropa
