{"id":593,"date":"2019-09-22T18:50:11","date_gmt":"2019-09-22T16:50:11","guid":{"rendered":"http:\/\/ostersjostiftelsen.se\/?post_type=project&#038;p=593"},"modified":"2023-09-04T13:13:33","modified_gmt":"2023-09-04T11:13:33","slug":"transnationalism-and-belonging-in-the-baltic-sea-region-among-descendants-to-polish-migrants-in-sweden","status":"publish","type":"project","link":"https:\/\/ostersjostiftelsen.se\/en\/project\/transnationalism-and-belonging-in-the-baltic-sea-region-among-descendants-to-polish-migrants-in-sweden\/","title":{"rendered":"Transnationalism and belonging in the Baltic Sea region among descendants to Polish migrants in Sweden"},"content":{"rendered":"\n<p>Even though European mainstream migration studies have for long centred on first generation immigrants, research onmigrant\u2019s offspringis today emerging. This reflects the fact that this category is a growing part of the population in Europe.This projectfocuses this expanding category andstressesthe importance of separatingdescendants from migrants\u2013as these two positions offer different experiences. Itstudiesthe under-researched case of descendent of Polish migrants in Sweden, with thepurpose to show how these descendants construct place and belonging in the Baltic Sea region.It problematizes the methodological nationalism and the methodological ethnicity of mainstream migration research and uses in-depth interviews as investigation method \u2013with the overall aim to explore a variation of experiences and orientations among the young studied. Earlier research on descendantsof migrantshas mainly focused on young from categories perceived as non-white in relation to the Swedish majority. This might be one reason why young with parents from Poland are seldom studied,even though they are offspring of the third largest immigrant cohortin Sweden as well asthelargest Baltic one. To understand the specific position of descendant\u2019s and how they construct place and belonging, one needs to studyboththeir relationship to the places where they grew upand their relationship to the places they are linked to through their parent\u2019s migration and transnational networks. This project takes both these aspects in consideration and challenges methodological nationalism and methodological ethnicity bydeploying the transnational theoretical perspective andcombining it with positioning theory and constructivist place theory.Besides this theoretical contribution the projects adds empirically to current research:by focusing on the under-researched case of Polishdescendants in Sweden,\u2022bymoving beyond the dominating focus on descendant\u2019sintegration into the nation states to which the parents migratedand studying transnationalism from below,\u2022by focusing on the relation between experiences of otherisation and feelings of belonging and\u2022byinvestigatingthe under-researched question whetherinvisibility created by whiteness offers protection against otherisation. To make possible comparisons of variations among the young \u2013and therebychallenge methodological ethnicity \u2013and make possible analysis of similarities that may span ethnic and other categorizations, the project is designed as a two-part study.Itwill shed light on how young people with ties to places on both sides of the Baltic Sea orients themselves in a world tinged by cross-border processes \u2013where the previous geography is today challenged by the fall of the Soviet Union as well as Poland\u2019s and other Eastern European countries entry into the EU.<\/p>\n","protected":false},"featured_media":0,"parent":0,"menu_order":0,"template":"","class_list":["post-593","project","type-project","status-publish","hentry"],"acf":[],"yoast_head":"<!-- This site is optimized with the Yoast SEO plugin v27.3 - https:\/\/yoast.com\/product\/yoast-seo-wordpress\/ -->\n<title>Transnationalism and belonging in the Baltic Sea region among descendants to Polish migrants in Sweden - \u00d6stersj\u00f6stiftelsen<\/title>\n<meta name=\"robots\" content=\"index, follow, max-snippet:-1, max-image-preview:large, max-video-preview:-1\" \/>\n<link rel=\"canonical\" href=\"https:\/\/ostersjostiftelsen.se\/project\/transnationalism-and-belonging-in-the-baltic-sea-region-among-descendants-to-polish-migrants-in-sweden\/\" \/>\n<meta property=\"og:locale\" content=\"en_US\" \/>\n<meta property=\"og:type\" content=\"article\" \/>\n<meta property=\"og:title\" content=\"Transnationalism and belonging in the Baltic Sea region among descendants to Polish migrants in Sweden - \u00d6stersj\u00f6stiftelsen\" \/>\n<meta property=\"og:description\" content=\"Even though European mainstream migration studies have for long centred on first generation immigrants, research...\" \/>\n<meta property=\"og:url\" content=\"https:\/\/ostersjostiftelsen.se\/project\/transnationalism-and-belonging-in-the-baltic-sea-region-among-descendants-to-polish-migrants-in-sweden\/\" \/>\n<meta property=\"og:site_name\" content=\"\u00d6stersj\u00f6stiftelsen\" \/>\n<meta property=\"article:modified_time\" content=\"2023-09-04T11:13:33+00:00\" \/>\n<meta name=\"twitter:card\" content=\"summary_large_image\" \/>\n<meta name=\"twitter:label1\" content=\"Est. reading time\" \/>\n\t<meta name=\"twitter:data1\" content=\"2 minutes\" \/>\n<script type=\"application\/ld+json\" class=\"yoast-schema-graph\">{\"@context\":\"https:\\\/\\\/schema.org\",\"@graph\":[{\"@type\":\"WebPage\",\"@id\":\"https:\\\/\\\/ostersjostiftelsen.se\\\/project\\\/transnationalism-and-belonging-in-the-baltic-sea-region-among-descendants-to-polish-migrants-in-sweden\\\/\",\"url\":\"https:\\\/\\\/ostersjostiftelsen.se\\\/project\\\/transnationalism-and-belonging-in-the-baltic-sea-region-among-descendants-to-polish-migrants-in-sweden\\\/\",\"name\":\"Transnationalism and belonging in the Baltic Sea region among descendants to Polish migrants in Sweden - \u00d6stersj\u00f6stiftelsen\",\"isPartOf\":{\"@id\":\"https:\\\/\\\/ostersjostiftelsen.se\\\/#website\"},\"datePublished\":\"2019-09-22T16:50:11+00:00\",\"dateModified\":\"2023-09-04T11:13:33+00:00\",\"breadcrumb\":{\"@id\":\"https:\\\/\\\/ostersjostiftelsen.se\\\/project\\\/transnationalism-and-belonging-in-the-baltic-sea-region-among-descendants-to-polish-migrants-in-sweden\\\/#breadcrumb\"},\"inLanguage\":\"en-US\",\"potentialAction\":[{\"@type\":\"ReadAction\",\"target\":[\"https:\\\/\\\/ostersjostiftelsen.se\\\/project\\\/transnationalism-and-belonging-in-the-baltic-sea-region-among-descendants-to-polish-migrants-in-sweden\\\/\"]}]},{\"@type\":\"BreadcrumbList\",\"@id\":\"https:\\\/\\\/ostersjostiftelsen.se\\\/project\\\/transnationalism-and-belonging-in-the-baltic-sea-region-among-descendants-to-polish-migrants-in-sweden\\\/#breadcrumb\",\"itemListElement\":[{\"@type\":\"ListItem\",\"position\":1,\"name\":\"Home\",\"item\":\"https:\\\/\\\/ostersjostiftelsen.se\\\/en\\\/\"},{\"@type\":\"ListItem\",\"position\":2,\"name\":\"Projekt\",\"item\":\"https:\\\/\\\/ostersjostiftelsen.se\\\/project\\\/\"},{\"@type\":\"ListItem\",\"position\":3,\"name\":\"Transnationalism and belonging in the Baltic Sea region among descendants to Polish migrants in Sweden\"}]},{\"@type\":\"WebSite\",\"@id\":\"https:\\\/\\\/ostersjostiftelsen.se\\\/#website\",\"url\":\"https:\\\/\\\/ostersjostiftelsen.se\\\/\",\"name\":\"\u00d6stersj\u00f6stiftelsen\",\"description\":\"Stiftelsen f\u00f6r forskning inom omr\u00e5den med anknytning till \u00d6stersj\u00f6regionen och \u00d6steuropa\",\"potentialAction\":[{\"@type\":\"SearchAction\",\"target\":{\"@type\":\"EntryPoint\",\"urlTemplate\":\"https:\\\/\\\/ostersjostiftelsen.se\\\/?s={search_term_string}\"},\"query-input\":{\"@type\":\"PropertyValueSpecification\",\"valueRequired\":true,\"valueName\":\"search_term_string\"}}],\"inLanguage\":\"en-US\"}]}<\/script>\n<!-- \/ Yoast SEO plugin. -->","yoast_head_json":{"title":"Transnationalism and belonging in the Baltic Sea region among descendants to Polish migrants in Sweden - \u00d6stersj\u00f6stiftelsen","robots":{"index":"index","follow":"follow","max-snippet":"max-snippet:-1","max-image-preview":"max-image-preview:large","max-video-preview":"max-video-preview:-1"},"canonical":"https:\/\/ostersjostiftelsen.se\/project\/transnationalism-and-belonging-in-the-baltic-sea-region-among-descendants-to-polish-migrants-in-sweden\/","og_locale":"en_US","og_type":"article","og_title":"Transnationalism and belonging in the Baltic Sea region among descendants to Polish migrants in Sweden - \u00d6stersj\u00f6stiftelsen","og_description":"Even though European mainstream migration studies have for long centred on first generation immigrants, research...","og_url":"https:\/\/ostersjostiftelsen.se\/project\/transnationalism-and-belonging-in-the-baltic-sea-region-among-descendants-to-polish-migrants-in-sweden\/","og_site_name":"\u00d6stersj\u00f6stiftelsen","article_modified_time":"2023-09-04T11:13:33+00:00","twitter_card":"summary_large_image","twitter_misc":{"Est. reading time":"2 minutes"},"schema":{"@context":"https:\/\/schema.org","@graph":[{"@type":"WebPage","@id":"https:\/\/ostersjostiftelsen.se\/project\/transnationalism-and-belonging-in-the-baltic-sea-region-among-descendants-to-polish-migrants-in-sweden\/","url":"https:\/\/ostersjostiftelsen.se\/project\/transnationalism-and-belonging-in-the-baltic-sea-region-among-descendants-to-polish-migrants-in-sweden\/","name":"Transnationalism and belonging in the Baltic Sea region among descendants to Polish migrants in Sweden - \u00d6stersj\u00f6stiftelsen","isPartOf":{"@id":"https:\/\/ostersjostiftelsen.se\/#website"},"datePublished":"2019-09-22T16:50:11+00:00","dateModified":"2023-09-04T11:13:33+00:00","breadcrumb":{"@id":"https:\/\/ostersjostiftelsen.se\/project\/transnationalism-and-belonging-in-the-baltic-sea-region-among-descendants-to-polish-migrants-in-sweden\/#breadcrumb"},"inLanguage":"en-US","potentialAction":[{"@type":"ReadAction","target":["https:\/\/ostersjostiftelsen.se\/project\/transnationalism-and-belonging-in-the-baltic-sea-region-among-descendants-to-polish-migrants-in-sweden\/"]}]},{"@type":"BreadcrumbList","@id":"https:\/\/ostersjostiftelsen.se\/project\/transnationalism-and-belonging-in-the-baltic-sea-region-among-descendants-to-polish-migrants-in-sweden\/#breadcrumb","itemListElement":[{"@type":"ListItem","position":1,"name":"Home","item":"https:\/\/ostersjostiftelsen.se\/en\/"},{"@type":"ListItem","position":2,"name":"Projekt","item":"https:\/\/ostersjostiftelsen.se\/project\/"},{"@type":"ListItem","position":3,"name":"Transnationalism and belonging in the Baltic Sea region among descendants to Polish migrants in Sweden"}]},{"@type":"WebSite","@id":"https:\/\/ostersjostiftelsen.se\/#website","url":"https:\/\/ostersjostiftelsen.se\/","name":"\u00d6stersj\u00f6stiftelsen","description":"Stiftelsen f\u00f6r forskning inom omr\u00e5den med anknytning till \u00d6stersj\u00f6regionen och \u00d6steuropa","potentialAction":[{"@type":"SearchAction","target":{"@type":"EntryPoint","urlTemplate":"https:\/\/ostersjostiftelsen.se\/?s={search_term_string}"},"query-input":{"@type":"PropertyValueSpecification","valueRequired":true,"valueName":"search_term_string"}}],"inLanguage":"en-US"}]}},"_links":{"self":[{"href":"https:\/\/ostersjostiftelsen.se\/en\/wp-json\/wp\/v2\/project\/593","targetHints":{"allow":["GET"]}}],"collection":[{"href":"https:\/\/ostersjostiftelsen.se\/en\/wp-json\/wp\/v2\/project"}],"about":[{"href":"https:\/\/ostersjostiftelsen.se\/en\/wp-json\/wp\/v2\/types\/project"}],"wp:attachment":[{"href":"https:\/\/ostersjostiftelsen.se\/en\/wp-json\/wp\/v2\/media?parent=593"}],"curies":[{"name":"wp","href":"https:\/\/api.w.org\/{rel}","templated":true}]}}

<!-- This site is optimized with the Yoast SEO plugin v27.3 - https://yoast.com/product/yoast-seo-wordpress/ -->
<title>Transnationalism and belonging in the Baltic Sea region among descendants to Polish migrants in Sweden - Östersjöstiftelsen</title>
<meta name="robots" content="index, follow, max-snippet:-1, max-image-preview:large, max-video-preview:-1" />
<link rel="canonical" href="https://ostersjostiftelsen.se/project/transnationalism-and-belonging-in-the-baltic-sea-region-among-descendants-to-polish-migrants-in-sweden/" />
<meta property="og:locale" content="en_US" />
<meta property="og:type" content="article" />
<meta property="og:title" content="Transnationalism and belonging in the Baltic Sea region among descendants to Polish migrants in Sweden - Östersjöstiftelsen" />
<meta property="og:description" content="Even though European mainstream migration studies have for long centred on first generation immigrants, research..." />
<meta property="og:url" content="https://ostersjostiftelsen.se/project/transnationalism-and-belonging-in-the-baltic-sea-region-among-descendants-to-polish-migrants-in-sweden/" />
<meta property="og:site_name" content="Östersjöstiftelsen" />
<meta property="article:modified_time" content="2023-09-04T11:13:33+00:00" />
<meta name="twitter:card" content="summary_large_image" />
<meta name="twitter:label1" content="Est. reading time" />
	<meta name="twitter:data1" content="2 minutes" />
<script type="application/ld+json" class="yoast-schema-graph">{"@context":"https:\/\/schema.org","@graph":[{"@type":"WebPage","@id":"https:\/\/ostersjostiftelsen.se\/project\/transnationalism-and-belonging-in-the-baltic-sea-region-among-descendants-to-polish-migrants-in-sweden\/","url":"https:\/\/ostersjostiftelsen.se\/project\/transnationalism-and-belonging-in-the-baltic-sea-region-among-descendants-to-polish-migrants-in-sweden\/","name":"Transnationalism and belonging in the Baltic Sea region among descendants to Polish migrants in Sweden - Östersjöstiftelsen","isPartOf":{"@id":"https:\/\/ostersjostiftelsen.se\/#website"},"datePublished":"2019-09-22T16:50:11+00:00","dateModified":"2023-09-04T11:13:33+00:00","breadcrumb":{"@id":"https:\/\/ostersjostiftelsen.se\/project\/transnationalism-and-belonging-in-the-baltic-sea-region-among-descendants-to-polish-migrants-in-sweden\/#breadcrumb"},"inLanguage":"en-US","potentialAction":[{"@type":"ReadAction","target":["https:\/\/ostersjostiftelsen.se\/project\/transnationalism-and-belonging-in-the-baltic-sea-region-among-descendants-to-polish-migrants-in-sweden\/"]}]},{"@type":"BreadcrumbList","@id":"https:\/\/ostersjostiftelsen.se\/project\/transnationalism-and-belonging-in-the-baltic-sea-region-among-descendants-to-polish-migrants-in-sweden\/#breadcrumb","itemListElement":[{"@type":"ListItem","position":1,"name":"Home","item":"https:\/\/ostersjostiftelsen.se\/en\/"},{"@type":"ListItem","position":2,"name":"Projekt","item":"https:\/\/ostersjostiftelsen.se\/project\/"},{"@type":"ListItem","position":3,"name":"Transnationalism and belonging in the Baltic Sea region among descendants to Polish migrants in Sweden"}]},{"@type":"WebSite","@id":"https:\/\/ostersjostiftelsen.se\/#website","url":"https:\/\/ostersjostiftelsen.se\/","name":"Östersjöstiftelsen","description":"Stiftelsen för forskning inom områden med anknytning till Östersjöregionen och Östeuropa","potentialAction":[{"@type":"SearchAction","target":{"@type":"EntryPoint","urlTemplate":"https:\/\/ostersjostiftelsen.se\/?s={search_term_string}"},"query-input":{"@type":"PropertyValueSpecification","valueRequired":true,"valueName":"search_term_string"}}],"inLanguage":"en-US"}]}</script>
<!-- / Yoast SEO plugin. -->

Transnationalism and belonging in the Baltic Sea region among descendants to Polish migrants in Sweden - Östersjöstiftelsen

Östersjöstiftelsen

Stiftelsen för forskning inom områden med anknytning till Östersjöregionen och Östeuropa
