{"id":611,"date":"2019-09-22T22:40:02","date_gmt":"2019-09-22T20:40:02","guid":{"rendered":"http:\/\/ostersjostiftelsen.se\/?post_type=project&#038;p=611"},"modified":"2023-04-14T09:23:56","modified_gmt":"2023-04-14T07:23:56","slug":"politics-by-other-means-policy-professionals-in-comparative-perspective","status":"publish","type":"project","link":"https:\/\/ostersjostiftelsen.se\/en\/project\/politics-by-other-means-policy-professionals-in-comparative-perspective\/","title":{"rendered":"Politics by Other Means: Policy Professionals in Comparative Perspective"},"content":{"rendered":"\n<p>The project analyses the work and life-worlds of policy professionals\n &#8211; people who are employed to affect politics and policy rather than \nelected to office. They are increasingly found as political and policy \nadvisors in government agencies and political parties, in interest \norganisations, think tanks, PR bureaus and in private firms. They \ninclude groups such as political advisors, political secretaries, trade \nunion and business association experts, lobbyists, and think-tank \nintellectuals.<\/p>\n\n\n\n<p>The project will be organized around three main interlinked issues, to be tackled in a comparative format:<\/p>\n\n\n\n<p>1. The work of policy professionals as a particular form for political influence<br>2. The occupation and career choices of policy professionals<br>3. The labour market for policy professionals.<\/p>\n\n\n\n<p>The\n project asks how and to what extent the situation and development of \npolicy professionals differ among European polities, including both \nnewer democracies of the Baltic region and historically long-standing \ndemocracies of North-Western Europe. Through a comparison across \nselected European countries (Latvia, Ireland, and the Netherlands) this \nstudy will shed light on the institutional effects on the goals, \nmotivations, careers, and strategies of this key group of political \nactors.<\/p>\n","protected":false},"featured_media":0,"parent":0,"menu_order":0,"template":"","class_list":["post-611","project","type-project","status-publish","hentry"],"acf":[],"yoast_head":"<!-- This site is optimized with the Yoast SEO plugin v27.3 - https:\/\/yoast.com\/product\/yoast-seo-wordpress\/ -->\n<title>Politics by Other Means: Policy Professionals in Comparative Perspective - \u00d6stersj\u00f6stiftelsen<\/title>\n<meta name=\"robots\" content=\"index, follow, max-snippet:-1, max-image-preview:large, max-video-preview:-1\" \/>\n<link rel=\"canonical\" href=\"https:\/\/ostersjostiftelsen.se\/project\/politics-by-other-means-policy-professionals-in-comparative-perspective\/\" \/>\n<meta property=\"og:locale\" content=\"en_US\" \/>\n<meta property=\"og:type\" content=\"article\" \/>\n<meta property=\"og:title\" content=\"Politics by Other Means: Policy Professionals in Comparative Perspective - \u00d6stersj\u00f6stiftelsen\" \/>\n<meta property=\"og:description\" content=\"The project analyses the work and life-worlds of policy professionals &#8211; people who are employed...\" \/>\n<meta property=\"og:url\" content=\"https:\/\/ostersjostiftelsen.se\/project\/politics-by-other-means-policy-professionals-in-comparative-perspective\/\" \/>\n<meta property=\"og:site_name\" content=\"\u00d6stersj\u00f6stiftelsen\" \/>\n<meta property=\"article:modified_time\" content=\"2023-04-14T07:23:56+00:00\" \/>\n<meta name=\"twitter:card\" content=\"summary_large_image\" \/>\n<meta name=\"twitter:label1\" content=\"Est. reading time\" \/>\n\t<meta name=\"twitter:data1\" content=\"1 minute\" \/>\n<script type=\"application\/ld+json\" class=\"yoast-schema-graph\">{\"@context\":\"https:\\\/\\\/schema.org\",\"@graph\":[{\"@type\":\"WebPage\",\"@id\":\"https:\\\/\\\/ostersjostiftelsen.se\\\/project\\\/politics-by-other-means-policy-professionals-in-comparative-perspective\\\/\",\"url\":\"https:\\\/\\\/ostersjostiftelsen.se\\\/project\\\/politics-by-other-means-policy-professionals-in-comparative-perspective\\\/\",\"name\":\"Politics by Other Means: Policy Professionals in Comparative Perspective - \u00d6stersj\u00f6stiftelsen\",\"isPartOf\":{\"@id\":\"https:\\\/\\\/ostersjostiftelsen.se\\\/#website\"},\"datePublished\":\"2019-09-22T20:40:02+00:00\",\"dateModified\":\"2023-04-14T07:23:56+00:00\",\"breadcrumb\":{\"@id\":\"https:\\\/\\\/ostersjostiftelsen.se\\\/project\\\/politics-by-other-means-policy-professionals-in-comparative-perspective\\\/#breadcrumb\"},\"inLanguage\":\"en-US\",\"potentialAction\":[{\"@type\":\"ReadAction\",\"target\":[\"https:\\\/\\\/ostersjostiftelsen.se\\\/project\\\/politics-by-other-means-policy-professionals-in-comparative-perspective\\\/\"]}]},{\"@type\":\"BreadcrumbList\",\"@id\":\"https:\\\/\\\/ostersjostiftelsen.se\\\/project\\\/politics-by-other-means-policy-professionals-in-comparative-perspective\\\/#breadcrumb\",\"itemListElement\":[{\"@type\":\"ListItem\",\"position\":1,\"name\":\"Home\",\"item\":\"https:\\\/\\\/ostersjostiftelsen.se\\\/en\\\/\"},{\"@type\":\"ListItem\",\"position\":2,\"name\":\"Projekt\",\"item\":\"https:\\\/\\\/ostersjostiftelsen.se\\\/project\\\/\"},{\"@type\":\"ListItem\",\"position\":3,\"name\":\"Politics by Other Means: Policy Professionals in Comparative Perspective\"}]},{\"@type\":\"WebSite\",\"@id\":\"https:\\\/\\\/ostersjostiftelsen.se\\\/#website\",\"url\":\"https:\\\/\\\/ostersjostiftelsen.se\\\/\",\"name\":\"\u00d6stersj\u00f6stiftelsen\",\"description\":\"Stiftelsen f\u00f6r forskning inom omr\u00e5den med anknytning till \u00d6stersj\u00f6regionen och \u00d6steuropa\",\"potentialAction\":[{\"@type\":\"SearchAction\",\"target\":{\"@type\":\"EntryPoint\",\"urlTemplate\":\"https:\\\/\\\/ostersjostiftelsen.se\\\/?s={search_term_string}\"},\"query-input\":{\"@type\":\"PropertyValueSpecification\",\"valueRequired\":true,\"valueName\":\"search_term_string\"}}],\"inLanguage\":\"en-US\"}]}<\/script>\n<!-- \/ Yoast SEO plugin. -->","yoast_head_json":{"title":"Politics by Other Means: Policy Professionals in Comparative Perspective - \u00d6stersj\u00f6stiftelsen","robots":{"index":"index","follow":"follow","max-snippet":"max-snippet:-1","max-image-preview":"max-image-preview:large","max-video-preview":"max-video-preview:-1"},"canonical":"https:\/\/ostersjostiftelsen.se\/project\/politics-by-other-means-policy-professionals-in-comparative-perspective\/","og_locale":"en_US","og_type":"article","og_title":"Politics by Other Means: Policy Professionals in Comparative Perspective - \u00d6stersj\u00f6stiftelsen","og_description":"The project analyses the work and life-worlds of policy professionals &#8211; people who are employed...","og_url":"https:\/\/ostersjostiftelsen.se\/project\/politics-by-other-means-policy-professionals-in-comparative-perspective\/","og_site_name":"\u00d6stersj\u00f6stiftelsen","article_modified_time":"2023-04-14T07:23:56+00:00","twitter_card":"summary_large_image","twitter_misc":{"Est. reading time":"1 minute"},"schema":{"@context":"https:\/\/schema.org","@graph":[{"@type":"WebPage","@id":"https:\/\/ostersjostiftelsen.se\/project\/politics-by-other-means-policy-professionals-in-comparative-perspective\/","url":"https:\/\/ostersjostiftelsen.se\/project\/politics-by-other-means-policy-professionals-in-comparative-perspective\/","name":"Politics by Other Means: Policy Professionals in Comparative Perspective - \u00d6stersj\u00f6stiftelsen","isPartOf":{"@id":"https:\/\/ostersjostiftelsen.se\/#website"},"datePublished":"2019-09-22T20:40:02+00:00","dateModified":"2023-04-14T07:23:56+00:00","breadcrumb":{"@id":"https:\/\/ostersjostiftelsen.se\/project\/politics-by-other-means-policy-professionals-in-comparative-perspective\/#breadcrumb"},"inLanguage":"en-US","potentialAction":[{"@type":"ReadAction","target":["https:\/\/ostersjostiftelsen.se\/project\/politics-by-other-means-policy-professionals-in-comparative-perspective\/"]}]},{"@type":"BreadcrumbList","@id":"https:\/\/ostersjostiftelsen.se\/project\/politics-by-other-means-policy-professionals-in-comparative-perspective\/#breadcrumb","itemListElement":[{"@type":"ListItem","position":1,"name":"Home","item":"https:\/\/ostersjostiftelsen.se\/en\/"},{"@type":"ListItem","position":2,"name":"Projekt","item":"https:\/\/ostersjostiftelsen.se\/project\/"},{"@type":"ListItem","position":3,"name":"Politics by Other Means: Policy Professionals in Comparative Perspective"}]},{"@type":"WebSite","@id":"https:\/\/ostersjostiftelsen.se\/#website","url":"https:\/\/ostersjostiftelsen.se\/","name":"\u00d6stersj\u00f6stiftelsen","description":"Stiftelsen f\u00f6r forskning inom omr\u00e5den med anknytning till \u00d6stersj\u00f6regionen och \u00d6steuropa","potentialAction":[{"@type":"SearchAction","target":{"@type":"EntryPoint","urlTemplate":"https:\/\/ostersjostiftelsen.se\/?s={search_term_string}"},"query-input":{"@type":"PropertyValueSpecification","valueRequired":true,"valueName":"search_term_string"}}],"inLanguage":"en-US"}]}},"_links":{"self":[{"href":"https:\/\/ostersjostiftelsen.se\/en\/wp-json\/wp\/v2\/project\/611","targetHints":{"allow":["GET"]}}],"collection":[{"href":"https:\/\/ostersjostiftelsen.se\/en\/wp-json\/wp\/v2\/project"}],"about":[{"href":"https:\/\/ostersjostiftelsen.se\/en\/wp-json\/wp\/v2\/types\/project"}],"wp:attachment":[{"href":"https:\/\/ostersjostiftelsen.se\/en\/wp-json\/wp\/v2\/media?parent=611"}],"curies":[{"name":"wp","href":"https:\/\/api.w.org\/{rel}","templated":true}]}}

<!-- This site is optimized with the Yoast SEO plugin v27.3 - https://yoast.com/product/yoast-seo-wordpress/ -->
<title>Politics by Other Means: Policy Professionals in Comparative Perspective - Östersjöstiftelsen</title>
<meta name="robots" content="index, follow, max-snippet:-1, max-image-preview:large, max-video-preview:-1" />
<link rel="canonical" href="https://ostersjostiftelsen.se/project/politics-by-other-means-policy-professionals-in-comparative-perspective/" />
<meta property="og:locale" content="en_US" />
<meta property="og:type" content="article" />
<meta property="og:title" content="Politics by Other Means: Policy Professionals in Comparative Perspective - Östersjöstiftelsen" />
<meta property="og:description" content="The project analyses the work and life-worlds of policy professionals &#8211; people who are employed..." />
<meta property="og:url" content="https://ostersjostiftelsen.se/project/politics-by-other-means-policy-professionals-in-comparative-perspective/" />
<meta property="og:site_name" content="Östersjöstiftelsen" />
<meta property="article:modified_time" content="2023-04-14T07:23:56+00:00" />
<meta name="twitter:card" content="summary_large_image" />
<meta name="twitter:label1" content="Est. reading time" />
	<meta name="twitter:data1" content="1 minute" />
<script type="application/ld+json" class="yoast-schema-graph">{"@context":"https:\/\/schema.org","@graph":[{"@type":"WebPage","@id":"https:\/\/ostersjostiftelsen.se\/project\/politics-by-other-means-policy-professionals-in-comparative-perspective\/","url":"https:\/\/ostersjostiftelsen.se\/project\/politics-by-other-means-policy-professionals-in-comparative-perspective\/","name":"Politics by Other Means: Policy Professionals in Comparative Perspective - Östersjöstiftelsen","isPartOf":{"@id":"https:\/\/ostersjostiftelsen.se\/#website"},"datePublished":"2019-09-22T20:40:02+00:00","dateModified":"2023-04-14T07:23:56+00:00","breadcrumb":{"@id":"https:\/\/ostersjostiftelsen.se\/project\/politics-by-other-means-policy-professionals-in-comparative-perspective\/#breadcrumb"},"inLanguage":"en-US","potentialAction":[{"@type":"ReadAction","target":["https:\/\/ostersjostiftelsen.se\/project\/politics-by-other-means-policy-professionals-in-comparative-perspective\/"]}]},{"@type":"BreadcrumbList","@id":"https:\/\/ostersjostiftelsen.se\/project\/politics-by-other-means-policy-professionals-in-comparative-perspective\/#breadcrumb","itemListElement":[{"@type":"ListItem","position":1,"name":"Home","item":"https:\/\/ostersjostiftelsen.se\/en\/"},{"@type":"ListItem","position":2,"name":"Projekt","item":"https:\/\/ostersjostiftelsen.se\/project\/"},{"@type":"ListItem","position":3,"name":"Politics by Other Means: Policy Professionals in Comparative Perspective"}]},{"@type":"WebSite","@id":"https:\/\/ostersjostiftelsen.se\/#website","url":"https:\/\/ostersjostiftelsen.se\/","name":"Östersjöstiftelsen","description":"Stiftelsen för forskning inom områden med anknytning till Östersjöregionen och Östeuropa","potentialAction":[{"@type":"SearchAction","target":{"@type":"EntryPoint","urlTemplate":"https:\/\/ostersjostiftelsen.se\/?s={search_term_string}"},"query-input":{"@type":"PropertyValueSpecification","valueRequired":true,"valueName":"search_term_string"}}],"inLanguage":"en-US"}]}</script>
<!-- / Yoast SEO plugin. -->

Politics by Other Means: Policy Professionals in Comparative Perspective - Östersjöstiftelsen

Östersjöstiftelsen

Stiftelsen för forskning inom områden med anknytning till Östersjöregionen och Östeuropa
