{"id":614,"date":"2019-09-22T22:42:41","date_gmt":"2019-09-22T20:42:41","guid":{"rendered":"http:\/\/ostersjostiftelsen.se\/?post_type=project&#038;p=614"},"modified":"2025-02-18T13:25:31","modified_gmt":"2025-02-18T12:25:31","slug":"the-relocation-of-transcendence-the-sacred-of-the-seculars-around-the-baltic-sea","status":"publish","type":"project","link":"https:\/\/ostersjostiftelsen.se\/en\/project\/the-relocation-of-transcendence-the-sacred-of-the-seculars-around-the-baltic-sea\/","title":{"rendered":"The relocation of transcendence: The sacred of the seculars around the Baltic sea."},"content":{"rendered":"\n<p>The peoples of Denmark, Estonia and Sweden stand out when it comes to\n their views of religion and nature. When asked whether religion \noccupies an important place in their lives, a vast majority (82%) \nanswers in the negative. Here these three peoples constitute an extreme \nposition in the world. If they are asked whether they believe in some \nsort of \u201cspirit or life force\u201d, their position is equally extreme. But \nto this question they answer \u201cyes\u201d to a higher extent than any other \nEuropeans. Combined with other findings, these statistics indicate that \nthe marginalisation of organised Christianity around the Baltic Sea \ncombines with what may be called a sacralisation of nature, and that \nthis is a process that has gone further in these countries than anywhere\n else.<\/p>\n\n\n\n<p>We will in this project approach the sacralisation of \nnature among the mainstream of Danes, Swedes and Estonians. We \nhypothesise that the transcendence and the existential depth that before\n was sought and believed to be present in the Christian church, for \nmany, has been relocated to the nature outside the urban centres. A \nbrief look at popular culture provides a good illustration to this \nphenomenon. In fitness magazines, pop-song lyrics and real estate \nadvertisements, nature is portrayed as a place for spiritual and \ntranscendent experiences. But although this relocation is observable, it\n is also conspicuously unarticulated. Our previous research has shown \nthat many feel reluctant to describe whatever it is they experience in \nnature with words.<\/p>\n\n\n\n<p>In this project, then, we will approach this \narea of silence by means of surveys and ethnographic fieldwork in three \nsites where mainstream people go to experience nature: the coastal \nhorizons of Denmark, the recreational forests of Sweden and the hiking \nroutes of Estonia. Our ambition is to further our understanding and to \ncontribute to the theorizing of one of the most prominent cultural \nfeatures of the Baltic Sea region: secularisation and sacralisation of \nnature.<\/p>\n\n\n\n<p>The project members are senior scholars of anthropology, \nsociology and history of religions from the three countries in focus. \nThere will be one PhD-student and an advisory board with world leading \nscholars in the field. The involved scholars will work in cooperation, \ntaking part on the fieldworks of all there sites. The project will \nresult in several symposia, one international conference, several \nconference papers, four single authored and four co-authored articles, \none edited volume and a PhD-thesis.<\/p>\n","protected":false},"featured_media":0,"parent":0,"menu_order":0,"template":"","class_list":["post-614","project","type-project","status-publish","hentry"],"acf":[],"yoast_head":"<!-- This site is optimized with the Yoast SEO plugin v27.3 - https:\/\/yoast.com\/product\/yoast-seo-wordpress\/ -->\n<title>The relocation of transcendence: The sacred of the seculars around the Baltic sea. - \u00d6stersj\u00f6stiftelsen<\/title>\n<meta name=\"robots\" content=\"index, follow, max-snippet:-1, max-image-preview:large, max-video-preview:-1\" \/>\n<link rel=\"canonical\" href=\"https:\/\/ostersjostiftelsen.se\/project\/the-relocation-of-transcendence-the-sacred-of-the-seculars-around-the-baltic-sea\/\" \/>\n<meta property=\"og:locale\" content=\"en_US\" \/>\n<meta property=\"og:type\" content=\"article\" \/>\n<meta property=\"og:title\" content=\"The relocation of transcendence: The sacred of the seculars around the Baltic sea. - \u00d6stersj\u00f6stiftelsen\" \/>\n<meta property=\"og:description\" content=\"The peoples of Denmark, Estonia and Sweden stand out when it comes to their views...\" \/>\n<meta property=\"og:url\" content=\"https:\/\/ostersjostiftelsen.se\/project\/the-relocation-of-transcendence-the-sacred-of-the-seculars-around-the-baltic-sea\/\" \/>\n<meta property=\"og:site_name\" content=\"\u00d6stersj\u00f6stiftelsen\" \/>\n<meta property=\"article:modified_time\" content=\"2025-02-18T12:25:31+00:00\" \/>\n<meta name=\"twitter:card\" content=\"summary_large_image\" \/>\n<meta name=\"twitter:label1\" content=\"Est. reading time\" \/>\n\t<meta name=\"twitter:data1\" content=\"2 minutes\" \/>\n<script type=\"application\/ld+json\" class=\"yoast-schema-graph\">{\"@context\":\"https:\\\/\\\/schema.org\",\"@graph\":[{\"@type\":\"WebPage\",\"@id\":\"https:\\\/\\\/ostersjostiftelsen.se\\\/project\\\/the-relocation-of-transcendence-the-sacred-of-the-seculars-around-the-baltic-sea\\\/\",\"url\":\"https:\\\/\\\/ostersjostiftelsen.se\\\/project\\\/the-relocation-of-transcendence-the-sacred-of-the-seculars-around-the-baltic-sea\\\/\",\"name\":\"The relocation of transcendence: The sacred of the seculars around the Baltic sea. - \u00d6stersj\u00f6stiftelsen\",\"isPartOf\":{\"@id\":\"https:\\\/\\\/ostersjostiftelsen.se\\\/#website\"},\"datePublished\":\"2019-09-22T20:42:41+00:00\",\"dateModified\":\"2025-02-18T12:25:31+00:00\",\"breadcrumb\":{\"@id\":\"https:\\\/\\\/ostersjostiftelsen.se\\\/project\\\/the-relocation-of-transcendence-the-sacred-of-the-seculars-around-the-baltic-sea\\\/#breadcrumb\"},\"inLanguage\":\"en-US\",\"potentialAction\":[{\"@type\":\"ReadAction\",\"target\":[\"https:\\\/\\\/ostersjostiftelsen.se\\\/project\\\/the-relocation-of-transcendence-the-sacred-of-the-seculars-around-the-baltic-sea\\\/\"]}]},{\"@type\":\"BreadcrumbList\",\"@id\":\"https:\\\/\\\/ostersjostiftelsen.se\\\/project\\\/the-relocation-of-transcendence-the-sacred-of-the-seculars-around-the-baltic-sea\\\/#breadcrumb\",\"itemListElement\":[{\"@type\":\"ListItem\",\"position\":1,\"name\":\"Home\",\"item\":\"https:\\\/\\\/ostersjostiftelsen.se\\\/en\\\/\"},{\"@type\":\"ListItem\",\"position\":2,\"name\":\"Projekt\",\"item\":\"https:\\\/\\\/ostersjostiftelsen.se\\\/project\\\/\"},{\"@type\":\"ListItem\",\"position\":3,\"name\":\"The relocation of transcendence: The sacred of the seculars around the Baltic sea.\"}]},{\"@type\":\"WebSite\",\"@id\":\"https:\\\/\\\/ostersjostiftelsen.se\\\/#website\",\"url\":\"https:\\\/\\\/ostersjostiftelsen.se\\\/\",\"name\":\"\u00d6stersj\u00f6stiftelsen\",\"description\":\"Stiftelsen f\u00f6r forskning inom omr\u00e5den med anknytning till \u00d6stersj\u00f6regionen och \u00d6steuropa\",\"potentialAction\":[{\"@type\":\"SearchAction\",\"target\":{\"@type\":\"EntryPoint\",\"urlTemplate\":\"https:\\\/\\\/ostersjostiftelsen.se\\\/?s={search_term_string}\"},\"query-input\":{\"@type\":\"PropertyValueSpecification\",\"valueRequired\":true,\"valueName\":\"search_term_string\"}}],\"inLanguage\":\"en-US\"}]}<\/script>\n<!-- \/ Yoast SEO plugin. -->","yoast_head_json":{"title":"The relocation of transcendence: The sacred of the seculars around the Baltic sea. - \u00d6stersj\u00f6stiftelsen","robots":{"index":"index","follow":"follow","max-snippet":"max-snippet:-1","max-image-preview":"max-image-preview:large","max-video-preview":"max-video-preview:-1"},"canonical":"https:\/\/ostersjostiftelsen.se\/project\/the-relocation-of-transcendence-the-sacred-of-the-seculars-around-the-baltic-sea\/","og_locale":"en_US","og_type":"article","og_title":"The relocation of transcendence: The sacred of the seculars around the Baltic sea. - \u00d6stersj\u00f6stiftelsen","og_description":"The peoples of Denmark, Estonia and Sweden stand out when it comes to their views...","og_url":"https:\/\/ostersjostiftelsen.se\/project\/the-relocation-of-transcendence-the-sacred-of-the-seculars-around-the-baltic-sea\/","og_site_name":"\u00d6stersj\u00f6stiftelsen","article_modified_time":"2025-02-18T12:25:31+00:00","twitter_card":"summary_large_image","twitter_misc":{"Est. reading time":"2 minutes"},"schema":{"@context":"https:\/\/schema.org","@graph":[{"@type":"WebPage","@id":"https:\/\/ostersjostiftelsen.se\/project\/the-relocation-of-transcendence-the-sacred-of-the-seculars-around-the-baltic-sea\/","url":"https:\/\/ostersjostiftelsen.se\/project\/the-relocation-of-transcendence-the-sacred-of-the-seculars-around-the-baltic-sea\/","name":"The relocation of transcendence: The sacred of the seculars around the Baltic sea. - \u00d6stersj\u00f6stiftelsen","isPartOf":{"@id":"https:\/\/ostersjostiftelsen.se\/#website"},"datePublished":"2019-09-22T20:42:41+00:00","dateModified":"2025-02-18T12:25:31+00:00","breadcrumb":{"@id":"https:\/\/ostersjostiftelsen.se\/project\/the-relocation-of-transcendence-the-sacred-of-the-seculars-around-the-baltic-sea\/#breadcrumb"},"inLanguage":"en-US","potentialAction":[{"@type":"ReadAction","target":["https:\/\/ostersjostiftelsen.se\/project\/the-relocation-of-transcendence-the-sacred-of-the-seculars-around-the-baltic-sea\/"]}]},{"@type":"BreadcrumbList","@id":"https:\/\/ostersjostiftelsen.se\/project\/the-relocation-of-transcendence-the-sacred-of-the-seculars-around-the-baltic-sea\/#breadcrumb","itemListElement":[{"@type":"ListItem","position":1,"name":"Home","item":"https:\/\/ostersjostiftelsen.se\/en\/"},{"@type":"ListItem","position":2,"name":"Projekt","item":"https:\/\/ostersjostiftelsen.se\/project\/"},{"@type":"ListItem","position":3,"name":"The relocation of transcendence: The sacred of the seculars around the Baltic sea."}]},{"@type":"WebSite","@id":"https:\/\/ostersjostiftelsen.se\/#website","url":"https:\/\/ostersjostiftelsen.se\/","name":"\u00d6stersj\u00f6stiftelsen","description":"Stiftelsen f\u00f6r forskning inom omr\u00e5den med anknytning till \u00d6stersj\u00f6regionen och \u00d6steuropa","potentialAction":[{"@type":"SearchAction","target":{"@type":"EntryPoint","urlTemplate":"https:\/\/ostersjostiftelsen.se\/?s={search_term_string}"},"query-input":{"@type":"PropertyValueSpecification","valueRequired":true,"valueName":"search_term_string"}}],"inLanguage":"en-US"}]}},"_links":{"self":[{"href":"https:\/\/ostersjostiftelsen.se\/en\/wp-json\/wp\/v2\/project\/614","targetHints":{"allow":["GET"]}}],"collection":[{"href":"https:\/\/ostersjostiftelsen.se\/en\/wp-json\/wp\/v2\/project"}],"about":[{"href":"https:\/\/ostersjostiftelsen.se\/en\/wp-json\/wp\/v2\/types\/project"}],"wp:attachment":[{"href":"https:\/\/ostersjostiftelsen.se\/en\/wp-json\/wp\/v2\/media?parent=614"}],"curies":[{"name":"wp","href":"https:\/\/api.w.org\/{rel}","templated":true}]}}

<!-- This site is optimized with the Yoast SEO plugin v27.3 - https://yoast.com/product/yoast-seo-wordpress/ -->
<title>The relocation of transcendence: The sacred of the seculars around the Baltic sea. - Östersjöstiftelsen</title>
<meta name="robots" content="index, follow, max-snippet:-1, max-image-preview:large, max-video-preview:-1" />
<link rel="canonical" href="https://ostersjostiftelsen.se/project/the-relocation-of-transcendence-the-sacred-of-the-seculars-around-the-baltic-sea/" />
<meta property="og:locale" content="en_US" />
<meta property="og:type" content="article" />
<meta property="og:title" content="The relocation of transcendence: The sacred of the seculars around the Baltic sea. - Östersjöstiftelsen" />
<meta property="og:description" content="The peoples of Denmark, Estonia and Sweden stand out when it comes to their views..." />
<meta property="og:url" content="https://ostersjostiftelsen.se/project/the-relocation-of-transcendence-the-sacred-of-the-seculars-around-the-baltic-sea/" />
<meta property="og:site_name" content="Östersjöstiftelsen" />
<meta property="article:modified_time" content="2025-02-18T12:25:31+00:00" />
<meta name="twitter:card" content="summary_large_image" />
<meta name="twitter:label1" content="Est. reading time" />
	<meta name="twitter:data1" content="2 minutes" />
<script type="application/ld+json" class="yoast-schema-graph">{"@context":"https:\/\/schema.org","@graph":[{"@type":"WebPage","@id":"https:\/\/ostersjostiftelsen.se\/project\/the-relocation-of-transcendence-the-sacred-of-the-seculars-around-the-baltic-sea\/","url":"https:\/\/ostersjostiftelsen.se\/project\/the-relocation-of-transcendence-the-sacred-of-the-seculars-around-the-baltic-sea\/","name":"The relocation of transcendence: The sacred of the seculars around the Baltic sea. - Östersjöstiftelsen","isPartOf":{"@id":"https:\/\/ostersjostiftelsen.se\/#website"},"datePublished":"2019-09-22T20:42:41+00:00","dateModified":"2025-02-18T12:25:31+00:00","breadcrumb":{"@id":"https:\/\/ostersjostiftelsen.se\/project\/the-relocation-of-transcendence-the-sacred-of-the-seculars-around-the-baltic-sea\/#breadcrumb"},"inLanguage":"en-US","potentialAction":[{"@type":"ReadAction","target":["https:\/\/ostersjostiftelsen.se\/project\/the-relocation-of-transcendence-the-sacred-of-the-seculars-around-the-baltic-sea\/"]}]},{"@type":"BreadcrumbList","@id":"https:\/\/ostersjostiftelsen.se\/project\/the-relocation-of-transcendence-the-sacred-of-the-seculars-around-the-baltic-sea\/#breadcrumb","itemListElement":[{"@type":"ListItem","position":1,"name":"Home","item":"https:\/\/ostersjostiftelsen.se\/en\/"},{"@type":"ListItem","position":2,"name":"Projekt","item":"https:\/\/ostersjostiftelsen.se\/project\/"},{"@type":"ListItem","position":3,"name":"The relocation of transcendence: The sacred of the seculars around the Baltic sea."}]},{"@type":"WebSite","@id":"https:\/\/ostersjostiftelsen.se\/#website","url":"https:\/\/ostersjostiftelsen.se\/","name":"Östersjöstiftelsen","description":"Stiftelsen för forskning inom områden med anknytning till Östersjöregionen och Östeuropa","potentialAction":[{"@type":"SearchAction","target":{"@type":"EntryPoint","urlTemplate":"https:\/\/ostersjostiftelsen.se\/?s={search_term_string}"},"query-input":{"@type":"PropertyValueSpecification","valueRequired":true,"valueName":"search_term_string"}}],"inLanguage":"en-US"}]}</script>
<!-- / Yoast SEO plugin. -->

The relocation of transcendence: The sacred of the seculars around the Baltic sea. - Östersjöstiftelsen

Östersjöstiftelsen

Stiftelsen för forskning inom områden med anknytning till Östersjöregionen och Östeuropa
