{"id":645,"date":"2019-09-23T12:42:46","date_gmt":"2019-09-23T10:42:46","guid":{"rendered":"http:\/\/ostersjostiftelsen.se\/?post_type=project&#038;p=645"},"modified":"2022-07-06T14:14:46","modified_gmt":"2022-07-06T12:14:46","slug":"loss-of-grounds-as-common-ground-an-interdisciplinary-investigation-of-the-common-beyond-liberal-and-communitarian-claims","status":"publish","type":"project","link":"https:\/\/ostersjostiftelsen.se\/en\/project\/loss-of-grounds-as-common-ground-an-interdisciplinary-investigation-of-the-common-beyond-liberal-and-communitarian-claims\/","title":{"rendered":"Loss of grounds as common ground: an interdisciplinary investigation of the common beyond liberal and communitarian claims"},"content":{"rendered":"\n<p>The suggested project attempts to reconsider the idea of &#8220;commonality&#8221;. It envisages the concept of a<br>common ground for society that lies beyond universalistic claims of either liberal or communitarian theories. Research is conducted in an interdisciplinary way,incorporating findings from the fields of philosophy,, political philosophy cultural and literary studies. Its methodological and theoretical approach is shaped by phenomenology and litterary theory focusing a. O. on the works of Arendt, Patocka, Heidegger, Weil, Tischner, Platonov, Havel, Sebald and Lipski, thereby standing out against established ways of interpreting the notion of commonality.<\/p>\n\n\n\n<p>The project aims to investigate the notions of &#8220;the common&#8221; and the &#8220;loss of the common&#8221;. These phenomena are particularly analyzed with reference to the political background of 20th century Central and Eastern Europe. The notion of a &#8220;groundless common&#8221; seems appropriate to describe the historical experiences, as they were expressed by members of civic freedom movements, philosophers and writers whose work was crucial to the political changes of 1989.<br>On the basis of the expression of this experience, this project will conceptualize historical changes and rethink commonality in today\u00b4s societies, which is characterized by markers of uncertainty about the content of the common good.<\/p>\n","protected":false},"featured_media":0,"parent":0,"menu_order":0,"template":"","class_list":["post-645","project","type-project","status-publish","hentry"],"acf":[],"yoast_head":"<!-- This site is optimized with the Yoast SEO plugin v27.3 - https:\/\/yoast.com\/product\/yoast-seo-wordpress\/ -->\n<title>Loss of grounds as common ground: an interdisciplinary investigation of the common beyond liberal and communitarian claims - \u00d6stersj\u00f6stiftelsen<\/title>\n<meta name=\"robots\" content=\"index, follow, max-snippet:-1, max-image-preview:large, max-video-preview:-1\" \/>\n<link rel=\"canonical\" href=\"https:\/\/ostersjostiftelsen.se\/project\/loss-of-grounds-as-common-ground-an-interdisciplinary-investigation-of-the-common-beyond-liberal-and-communitarian-claims\/\" \/>\n<meta property=\"og:locale\" content=\"en_US\" \/>\n<meta property=\"og:type\" content=\"article\" \/>\n<meta property=\"og:title\" content=\"Loss of grounds as common ground: an interdisciplinary investigation of the common beyond liberal and communitarian claims - \u00d6stersj\u00f6stiftelsen\" \/>\n<meta property=\"og:description\" content=\"The suggested project attempts to reconsider the idea of &#8220;commonality&#8221;. It envisages the concept of...\" \/>\n<meta property=\"og:url\" content=\"https:\/\/ostersjostiftelsen.se\/project\/loss-of-grounds-as-common-ground-an-interdisciplinary-investigation-of-the-common-beyond-liberal-and-communitarian-claims\/\" \/>\n<meta property=\"og:site_name\" content=\"\u00d6stersj\u00f6stiftelsen\" \/>\n<meta property=\"article:modified_time\" content=\"2022-07-06T12:14:46+00:00\" \/>\n<meta name=\"twitter:card\" content=\"summary_large_image\" \/>\n<meta name=\"twitter:label1\" content=\"Est. reading time\" \/>\n\t<meta name=\"twitter:data1\" content=\"1 minute\" \/>\n<script type=\"application\/ld+json\" class=\"yoast-schema-graph\">{\"@context\":\"https:\\\/\\\/schema.org\",\"@graph\":[{\"@type\":\"WebPage\",\"@id\":\"https:\\\/\\\/ostersjostiftelsen.se\\\/project\\\/loss-of-grounds-as-common-ground-an-interdisciplinary-investigation-of-the-common-beyond-liberal-and-communitarian-claims\\\/\",\"url\":\"https:\\\/\\\/ostersjostiftelsen.se\\\/project\\\/loss-of-grounds-as-common-ground-an-interdisciplinary-investigation-of-the-common-beyond-liberal-and-communitarian-claims\\\/\",\"name\":\"Loss of grounds as common ground: an interdisciplinary investigation of the common beyond liberal and communitarian claims - \u00d6stersj\u00f6stiftelsen\",\"isPartOf\":{\"@id\":\"https:\\\/\\\/ostersjostiftelsen.se\\\/#website\"},\"datePublished\":\"2019-09-23T10:42:46+00:00\",\"dateModified\":\"2022-07-06T12:14:46+00:00\",\"breadcrumb\":{\"@id\":\"https:\\\/\\\/ostersjostiftelsen.se\\\/project\\\/loss-of-grounds-as-common-ground-an-interdisciplinary-investigation-of-the-common-beyond-liberal-and-communitarian-claims\\\/#breadcrumb\"},\"inLanguage\":\"en-US\",\"potentialAction\":[{\"@type\":\"ReadAction\",\"target\":[\"https:\\\/\\\/ostersjostiftelsen.se\\\/project\\\/loss-of-grounds-as-common-ground-an-interdisciplinary-investigation-of-the-common-beyond-liberal-and-communitarian-claims\\\/\"]}]},{\"@type\":\"BreadcrumbList\",\"@id\":\"https:\\\/\\\/ostersjostiftelsen.se\\\/project\\\/loss-of-grounds-as-common-ground-an-interdisciplinary-investigation-of-the-common-beyond-liberal-and-communitarian-claims\\\/#breadcrumb\",\"itemListElement\":[{\"@type\":\"ListItem\",\"position\":1,\"name\":\"Home\",\"item\":\"https:\\\/\\\/ostersjostiftelsen.se\\\/en\\\/\"},{\"@type\":\"ListItem\",\"position\":2,\"name\":\"Projekt\",\"item\":\"https:\\\/\\\/ostersjostiftelsen.se\\\/project\\\/\"},{\"@type\":\"ListItem\",\"position\":3,\"name\":\"Loss of grounds as common ground: an interdisciplinary investigation of the common beyond liberal and communitarian claims\"}]},{\"@type\":\"WebSite\",\"@id\":\"https:\\\/\\\/ostersjostiftelsen.se\\\/#website\",\"url\":\"https:\\\/\\\/ostersjostiftelsen.se\\\/\",\"name\":\"\u00d6stersj\u00f6stiftelsen\",\"description\":\"Stiftelsen f\u00f6r forskning inom omr\u00e5den med anknytning till \u00d6stersj\u00f6regionen och \u00d6steuropa\",\"potentialAction\":[{\"@type\":\"SearchAction\",\"target\":{\"@type\":\"EntryPoint\",\"urlTemplate\":\"https:\\\/\\\/ostersjostiftelsen.se\\\/?s={search_term_string}\"},\"query-input\":{\"@type\":\"PropertyValueSpecification\",\"valueRequired\":true,\"valueName\":\"search_term_string\"}}],\"inLanguage\":\"en-US\"}]}<\/script>\n<!-- \/ Yoast SEO plugin. -->","yoast_head_json":{"title":"Loss of grounds as common ground: an interdisciplinary investigation of the common beyond liberal and communitarian claims - \u00d6stersj\u00f6stiftelsen","robots":{"index":"index","follow":"follow","max-snippet":"max-snippet:-1","max-image-preview":"max-image-preview:large","max-video-preview":"max-video-preview:-1"},"canonical":"https:\/\/ostersjostiftelsen.se\/project\/loss-of-grounds-as-common-ground-an-interdisciplinary-investigation-of-the-common-beyond-liberal-and-communitarian-claims\/","og_locale":"en_US","og_type":"article","og_title":"Loss of grounds as common ground: an interdisciplinary investigation of the common beyond liberal and communitarian claims - \u00d6stersj\u00f6stiftelsen","og_description":"The suggested project attempts to reconsider the idea of &#8220;commonality&#8221;. It envisages the concept of...","og_url":"https:\/\/ostersjostiftelsen.se\/project\/loss-of-grounds-as-common-ground-an-interdisciplinary-investigation-of-the-common-beyond-liberal-and-communitarian-claims\/","og_site_name":"\u00d6stersj\u00f6stiftelsen","article_modified_time":"2022-07-06T12:14:46+00:00","twitter_card":"summary_large_image","twitter_misc":{"Est. reading time":"1 minute"},"schema":{"@context":"https:\/\/schema.org","@graph":[{"@type":"WebPage","@id":"https:\/\/ostersjostiftelsen.se\/project\/loss-of-grounds-as-common-ground-an-interdisciplinary-investigation-of-the-common-beyond-liberal-and-communitarian-claims\/","url":"https:\/\/ostersjostiftelsen.se\/project\/loss-of-grounds-as-common-ground-an-interdisciplinary-investigation-of-the-common-beyond-liberal-and-communitarian-claims\/","name":"Loss of grounds as common ground: an interdisciplinary investigation of the common beyond liberal and communitarian claims - \u00d6stersj\u00f6stiftelsen","isPartOf":{"@id":"https:\/\/ostersjostiftelsen.se\/#website"},"datePublished":"2019-09-23T10:42:46+00:00","dateModified":"2022-07-06T12:14:46+00:00","breadcrumb":{"@id":"https:\/\/ostersjostiftelsen.se\/project\/loss-of-grounds-as-common-ground-an-interdisciplinary-investigation-of-the-common-beyond-liberal-and-communitarian-claims\/#breadcrumb"},"inLanguage":"en-US","potentialAction":[{"@type":"ReadAction","target":["https:\/\/ostersjostiftelsen.se\/project\/loss-of-grounds-as-common-ground-an-interdisciplinary-investigation-of-the-common-beyond-liberal-and-communitarian-claims\/"]}]},{"@type":"BreadcrumbList","@id":"https:\/\/ostersjostiftelsen.se\/project\/loss-of-grounds-as-common-ground-an-interdisciplinary-investigation-of-the-common-beyond-liberal-and-communitarian-claims\/#breadcrumb","itemListElement":[{"@type":"ListItem","position":1,"name":"Home","item":"https:\/\/ostersjostiftelsen.se\/en\/"},{"@type":"ListItem","position":2,"name":"Projekt","item":"https:\/\/ostersjostiftelsen.se\/project\/"},{"@type":"ListItem","position":3,"name":"Loss of grounds as common ground: an interdisciplinary investigation of the common beyond liberal and communitarian claims"}]},{"@type":"WebSite","@id":"https:\/\/ostersjostiftelsen.se\/#website","url":"https:\/\/ostersjostiftelsen.se\/","name":"\u00d6stersj\u00f6stiftelsen","description":"Stiftelsen f\u00f6r forskning inom omr\u00e5den med anknytning till \u00d6stersj\u00f6regionen och \u00d6steuropa","potentialAction":[{"@type":"SearchAction","target":{"@type":"EntryPoint","urlTemplate":"https:\/\/ostersjostiftelsen.se\/?s={search_term_string}"},"query-input":{"@type":"PropertyValueSpecification","valueRequired":true,"valueName":"search_term_string"}}],"inLanguage":"en-US"}]}},"_links":{"self":[{"href":"https:\/\/ostersjostiftelsen.se\/en\/wp-json\/wp\/v2\/project\/645","targetHints":{"allow":["GET"]}}],"collection":[{"href":"https:\/\/ostersjostiftelsen.se\/en\/wp-json\/wp\/v2\/project"}],"about":[{"href":"https:\/\/ostersjostiftelsen.se\/en\/wp-json\/wp\/v2\/types\/project"}],"wp:attachment":[{"href":"https:\/\/ostersjostiftelsen.se\/en\/wp-json\/wp\/v2\/media?parent=645"}],"curies":[{"name":"wp","href":"https:\/\/api.w.org\/{rel}","templated":true}]}}

<!-- This site is optimized with the Yoast SEO plugin v27.3 - https://yoast.com/product/yoast-seo-wordpress/ -->
<title>Loss of grounds as common ground: an interdisciplinary investigation of the common beyond liberal and communitarian claims - Östersjöstiftelsen</title>
<meta name="robots" content="index, follow, max-snippet:-1, max-image-preview:large, max-video-preview:-1" />
<link rel="canonical" href="https://ostersjostiftelsen.se/project/loss-of-grounds-as-common-ground-an-interdisciplinary-investigation-of-the-common-beyond-liberal-and-communitarian-claims/" />
<meta property="og:locale" content="en_US" />
<meta property="og:type" content="article" />
<meta property="og:title" content="Loss of grounds as common ground: an interdisciplinary investigation of the common beyond liberal and communitarian claims - Östersjöstiftelsen" />
<meta property="og:description" content="The suggested project attempts to reconsider the idea of &#8220;commonality&#8221;. It envisages the concept of..." />
<meta property="og:url" content="https://ostersjostiftelsen.se/project/loss-of-grounds-as-common-ground-an-interdisciplinary-investigation-of-the-common-beyond-liberal-and-communitarian-claims/" />
<meta property="og:site_name" content="Östersjöstiftelsen" />
<meta property="article:modified_time" content="2022-07-06T12:14:46+00:00" />
<meta name="twitter:card" content="summary_large_image" />
<meta name="twitter:label1" content="Est. reading time" />
	<meta name="twitter:data1" content="1 minute" />
<script type="application/ld+json" class="yoast-schema-graph">{"@context":"https:\/\/schema.org","@graph":[{"@type":"WebPage","@id":"https:\/\/ostersjostiftelsen.se\/project\/loss-of-grounds-as-common-ground-an-interdisciplinary-investigation-of-the-common-beyond-liberal-and-communitarian-claims\/","url":"https:\/\/ostersjostiftelsen.se\/project\/loss-of-grounds-as-common-ground-an-interdisciplinary-investigation-of-the-common-beyond-liberal-and-communitarian-claims\/","name":"Loss of grounds as common ground: an interdisciplinary investigation of the common beyond liberal and communitarian claims - Östersjöstiftelsen","isPartOf":{"@id":"https:\/\/ostersjostiftelsen.se\/#website"},"datePublished":"2019-09-23T10:42:46+00:00","dateModified":"2022-07-06T12:14:46+00:00","breadcrumb":{"@id":"https:\/\/ostersjostiftelsen.se\/project\/loss-of-grounds-as-common-ground-an-interdisciplinary-investigation-of-the-common-beyond-liberal-and-communitarian-claims\/#breadcrumb"},"inLanguage":"en-US","potentialAction":[{"@type":"ReadAction","target":["https:\/\/ostersjostiftelsen.se\/project\/loss-of-grounds-as-common-ground-an-interdisciplinary-investigation-of-the-common-beyond-liberal-and-communitarian-claims\/"]}]},{"@type":"BreadcrumbList","@id":"https:\/\/ostersjostiftelsen.se\/project\/loss-of-grounds-as-common-ground-an-interdisciplinary-investigation-of-the-common-beyond-liberal-and-communitarian-claims\/#breadcrumb","itemListElement":[{"@type":"ListItem","position":1,"name":"Home","item":"https:\/\/ostersjostiftelsen.se\/en\/"},{"@type":"ListItem","position":2,"name":"Projekt","item":"https:\/\/ostersjostiftelsen.se\/project\/"},{"@type":"ListItem","position":3,"name":"Loss of grounds as common ground: an interdisciplinary investigation of the common beyond liberal and communitarian claims"}]},{"@type":"WebSite","@id":"https:\/\/ostersjostiftelsen.se\/#website","url":"https:\/\/ostersjostiftelsen.se\/","name":"Östersjöstiftelsen","description":"Stiftelsen för forskning inom områden med anknytning till Östersjöregionen och Östeuropa","potentialAction":[{"@type":"SearchAction","target":{"@type":"EntryPoint","urlTemplate":"https:\/\/ostersjostiftelsen.se\/?s={search_term_string}"},"query-input":{"@type":"PropertyValueSpecification","valueRequired":true,"valueName":"search_term_string"}}],"inLanguage":"en-US"}]}</script>
<!-- / Yoast SEO plugin. -->

Loss of grounds as common ground: an interdisciplinary investigation of the common beyond liberal and communitarian claims - Östersjöstiftelsen

Östersjöstiftelsen

Stiftelsen för forskning inom områden med anknytning till Östersjöregionen och Östeuropa
