{"id":647,"date":"2019-09-23T12:44:10","date_gmt":"2019-09-23T10:44:10","guid":{"rendered":"http:\/\/ostersjostiftelsen.se\/?post_type=project&#038;p=647"},"modified":"2020-12-16T13:05:52","modified_gmt":"2020-12-16T12:05:52","slug":"politisk-kultur-och-retorik-i-det-svenska-ostersjovaldet","status":"publish","type":"project","link":"https:\/\/ostersjostiftelsen.se\/en\/project\/politisk-kultur-och-retorik-i-det-svenska-ostersjovaldet\/","title":{"rendered":"Politisk kultur och retorik i det svenska \u00d6stersj\u00f6v\u00e4ldet"},"content":{"rendered":"\n<p>In the light of the present debate on how to define the concept of political culture, the project Rhetoric<br>and Political Culture aims at scrutinizing the importance and purpose of rhetoric in the early-modern<br>Sweden. Rhetoric was extremely important for the Swedish state and the study of it was encouraged by the Government. In the Swedish provinces around the Baltic Sea, different languages were spoken and therefore it was important to maintain an education that promoted linguistic and rhetorical abilities in order to keep the provinces culturally and politically together.<br>The project will study how this was accomplished. In this respect Johan Skytte was important. He<br>himself was a homo novus, a learned humanist and the teacher of the young crown prince Gustavus<br>Adolphus. When the prince became king, Johan Skytte was his adviser and trusted with a several public functions; he was e.g. the first Chancellor of the University. According to him it was impossible to separate rhetoric from politics. He donated a professorship that reflected the importance of encouraging not only noblemen to study rhetoric and politics in order to fulfil their public tasks but also young commoners to become a part of the political elite through studies. New universities were founded in Finland and in Livonia. The teaching stressed new aspects of rhetoric. To make patrons and obtain support from influential politicians the young students had to use ars epistolica and they had to be masters of another brand of rhetoric, consultatio, for being suitable as advisers and fellows of councils.<br>The aim of the project is to study how the instruction of rhetoric was performed and how the young<br>noblemen used it in their careers. Save Skytte the project will focus on Michael Gyldenstolpe and his<br>family. Gyldenstolpe like Skytte was a homo novus and started his own career as professor in Turku, he was raised to nobility and became first deputy judge and then judge. His ambition to encourage his sons to advance further on in their careers is demonstrated in his correspondence with them. We also have access to letters from one of his sons which will be more closely scrutinized and analysed. Connected to the project, a postgraduate student in Latin will study and comment on Michael Gyldenstolpe\u2019s important work Epitome descriptionis Sueciae, which describes the Swedish domination around the Baltic, seen from different aspects. It will also be edited and translated.<\/p>\n","protected":false},"featured_media":0,"parent":0,"menu_order":0,"template":"","class_list":["post-647","project","type-project","status-publish","hentry"],"acf":[],"yoast_head":"<!-- This site is optimized with the Yoast SEO plugin v27.3 - https:\/\/yoast.com\/product\/yoast-seo-wordpress\/ -->\n<title>Politisk kultur och retorik i det svenska \u00d6stersj\u00f6v\u00e4ldet - \u00d6stersj\u00f6stiftelsen<\/title>\n<meta name=\"robots\" content=\"index, follow, max-snippet:-1, max-image-preview:large, max-video-preview:-1\" \/>\n<link rel=\"canonical\" href=\"https:\/\/ostersjostiftelsen.se\/project\/politisk-kultur-och-retorik-i-det-svenska-ostersjovaldet\/\" \/>\n<meta property=\"og:locale\" content=\"en_US\" \/>\n<meta property=\"og:type\" content=\"article\" \/>\n<meta property=\"og:title\" content=\"Politisk kultur och retorik i det svenska \u00d6stersj\u00f6v\u00e4ldet - \u00d6stersj\u00f6stiftelsen\" \/>\n<meta property=\"og:description\" content=\"In the light of the present debate on how to define the concept of political...\" \/>\n<meta property=\"og:url\" content=\"https:\/\/ostersjostiftelsen.se\/project\/politisk-kultur-och-retorik-i-det-svenska-ostersjovaldet\/\" \/>\n<meta property=\"og:site_name\" content=\"\u00d6stersj\u00f6stiftelsen\" \/>\n<meta property=\"article:modified_time\" content=\"2020-12-16T12:05:52+00:00\" \/>\n<meta name=\"twitter:card\" content=\"summary_large_image\" \/>\n<meta name=\"twitter:label1\" content=\"Est. reading time\" \/>\n\t<meta name=\"twitter:data1\" content=\"2 minutes\" \/>\n<script type=\"application\/ld+json\" class=\"yoast-schema-graph\">{\"@context\":\"https:\\\/\\\/schema.org\",\"@graph\":[{\"@type\":\"WebPage\",\"@id\":\"https:\\\/\\\/ostersjostiftelsen.se\\\/project\\\/politisk-kultur-och-retorik-i-det-svenska-ostersjovaldet\\\/\",\"url\":\"https:\\\/\\\/ostersjostiftelsen.se\\\/project\\\/politisk-kultur-och-retorik-i-det-svenska-ostersjovaldet\\\/\",\"name\":\"Politisk kultur och retorik i det svenska \u00d6stersj\u00f6v\u00e4ldet - \u00d6stersj\u00f6stiftelsen\",\"isPartOf\":{\"@id\":\"https:\\\/\\\/ostersjostiftelsen.se\\\/#website\"},\"datePublished\":\"2019-09-23T10:44:10+00:00\",\"dateModified\":\"2020-12-16T12:05:52+00:00\",\"breadcrumb\":{\"@id\":\"https:\\\/\\\/ostersjostiftelsen.se\\\/project\\\/politisk-kultur-och-retorik-i-det-svenska-ostersjovaldet\\\/#breadcrumb\"},\"inLanguage\":\"en-US\",\"potentialAction\":[{\"@type\":\"ReadAction\",\"target\":[\"https:\\\/\\\/ostersjostiftelsen.se\\\/project\\\/politisk-kultur-och-retorik-i-det-svenska-ostersjovaldet\\\/\"]}]},{\"@type\":\"BreadcrumbList\",\"@id\":\"https:\\\/\\\/ostersjostiftelsen.se\\\/project\\\/politisk-kultur-och-retorik-i-det-svenska-ostersjovaldet\\\/#breadcrumb\",\"itemListElement\":[{\"@type\":\"ListItem\",\"position\":1,\"name\":\"Home\",\"item\":\"https:\\\/\\\/ostersjostiftelsen.se\\\/en\\\/\"},{\"@type\":\"ListItem\",\"position\":2,\"name\":\"Projekt\",\"item\":\"https:\\\/\\\/ostersjostiftelsen.se\\\/project\\\/\"},{\"@type\":\"ListItem\",\"position\":3,\"name\":\"Politisk kultur och retorik i det svenska \u00d6stersj\u00f6v\u00e4ldet\"}]},{\"@type\":\"WebSite\",\"@id\":\"https:\\\/\\\/ostersjostiftelsen.se\\\/#website\",\"url\":\"https:\\\/\\\/ostersjostiftelsen.se\\\/\",\"name\":\"\u00d6stersj\u00f6stiftelsen\",\"description\":\"Stiftelsen f\u00f6r forskning inom omr\u00e5den med anknytning till \u00d6stersj\u00f6regionen och \u00d6steuropa\",\"potentialAction\":[{\"@type\":\"SearchAction\",\"target\":{\"@type\":\"EntryPoint\",\"urlTemplate\":\"https:\\\/\\\/ostersjostiftelsen.se\\\/?s={search_term_string}\"},\"query-input\":{\"@type\":\"PropertyValueSpecification\",\"valueRequired\":true,\"valueName\":\"search_term_string\"}}],\"inLanguage\":\"en-US\"}]}<\/script>\n<!-- \/ Yoast SEO plugin. -->","yoast_head_json":{"title":"Politisk kultur och retorik i det svenska \u00d6stersj\u00f6v\u00e4ldet - \u00d6stersj\u00f6stiftelsen","robots":{"index":"index","follow":"follow","max-snippet":"max-snippet:-1","max-image-preview":"max-image-preview:large","max-video-preview":"max-video-preview:-1"},"canonical":"https:\/\/ostersjostiftelsen.se\/project\/politisk-kultur-och-retorik-i-det-svenska-ostersjovaldet\/","og_locale":"en_US","og_type":"article","og_title":"Politisk kultur och retorik i det svenska \u00d6stersj\u00f6v\u00e4ldet - \u00d6stersj\u00f6stiftelsen","og_description":"In the light of the present debate on how to define the concept of political...","og_url":"https:\/\/ostersjostiftelsen.se\/project\/politisk-kultur-och-retorik-i-det-svenska-ostersjovaldet\/","og_site_name":"\u00d6stersj\u00f6stiftelsen","article_modified_time":"2020-12-16T12:05:52+00:00","twitter_card":"summary_large_image","twitter_misc":{"Est. reading time":"2 minutes"},"schema":{"@context":"https:\/\/schema.org","@graph":[{"@type":"WebPage","@id":"https:\/\/ostersjostiftelsen.se\/project\/politisk-kultur-och-retorik-i-det-svenska-ostersjovaldet\/","url":"https:\/\/ostersjostiftelsen.se\/project\/politisk-kultur-och-retorik-i-det-svenska-ostersjovaldet\/","name":"Politisk kultur och retorik i det svenska \u00d6stersj\u00f6v\u00e4ldet - \u00d6stersj\u00f6stiftelsen","isPartOf":{"@id":"https:\/\/ostersjostiftelsen.se\/#website"},"datePublished":"2019-09-23T10:44:10+00:00","dateModified":"2020-12-16T12:05:52+00:00","breadcrumb":{"@id":"https:\/\/ostersjostiftelsen.se\/project\/politisk-kultur-och-retorik-i-det-svenska-ostersjovaldet\/#breadcrumb"},"inLanguage":"en-US","potentialAction":[{"@type":"ReadAction","target":["https:\/\/ostersjostiftelsen.se\/project\/politisk-kultur-och-retorik-i-det-svenska-ostersjovaldet\/"]}]},{"@type":"BreadcrumbList","@id":"https:\/\/ostersjostiftelsen.se\/project\/politisk-kultur-och-retorik-i-det-svenska-ostersjovaldet\/#breadcrumb","itemListElement":[{"@type":"ListItem","position":1,"name":"Home","item":"https:\/\/ostersjostiftelsen.se\/en\/"},{"@type":"ListItem","position":2,"name":"Projekt","item":"https:\/\/ostersjostiftelsen.se\/project\/"},{"@type":"ListItem","position":3,"name":"Politisk kultur och retorik i det svenska \u00d6stersj\u00f6v\u00e4ldet"}]},{"@type":"WebSite","@id":"https:\/\/ostersjostiftelsen.se\/#website","url":"https:\/\/ostersjostiftelsen.se\/","name":"\u00d6stersj\u00f6stiftelsen","description":"Stiftelsen f\u00f6r forskning inom omr\u00e5den med anknytning till \u00d6stersj\u00f6regionen och \u00d6steuropa","potentialAction":[{"@type":"SearchAction","target":{"@type":"EntryPoint","urlTemplate":"https:\/\/ostersjostiftelsen.se\/?s={search_term_string}"},"query-input":{"@type":"PropertyValueSpecification","valueRequired":true,"valueName":"search_term_string"}}],"inLanguage":"en-US"}]}},"_links":{"self":[{"href":"https:\/\/ostersjostiftelsen.se\/en\/wp-json\/wp\/v2\/project\/647","targetHints":{"allow":["GET"]}}],"collection":[{"href":"https:\/\/ostersjostiftelsen.se\/en\/wp-json\/wp\/v2\/project"}],"about":[{"href":"https:\/\/ostersjostiftelsen.se\/en\/wp-json\/wp\/v2\/types\/project"}],"wp:attachment":[{"href":"https:\/\/ostersjostiftelsen.se\/en\/wp-json\/wp\/v2\/media?parent=647"}],"curies":[{"name":"wp","href":"https:\/\/api.w.org\/{rel}","templated":true}]}}

Politisk kultur och retorik i det svenska Östersjöväldet

<!-- This site is optimized with the Yoast SEO plugin v27.3 - https://yoast.com/product/yoast-seo-wordpress/ -->
<title>Politisk kultur och retorik i det svenska Östersjöväldet - Östersjöstiftelsen</title>
<meta name="robots" content="index, follow, max-snippet:-1, max-image-preview:large, max-video-preview:-1" />
<link rel="canonical" href="https://ostersjostiftelsen.se/project/politisk-kultur-och-retorik-i-det-svenska-ostersjovaldet/" />
<meta property="og:locale" content="en_US" />
<meta property="og:type" content="article" />
<meta property="og:title" content="Politisk kultur och retorik i det svenska Östersjöväldet - Östersjöstiftelsen" />
<meta property="og:description" content="In the light of the present debate on how to define the concept of political..." />
<meta property="og:url" content="https://ostersjostiftelsen.se/project/politisk-kultur-och-retorik-i-det-svenska-ostersjovaldet/" />
<meta property="og:site_name" content="Östersjöstiftelsen" />
<meta property="article:modified_time" content="2020-12-16T12:05:52+00:00" />
<meta name="twitter:card" content="summary_large_image" />
<meta name="twitter:label1" content="Est. reading time" />
	<meta name="twitter:data1" content="2 minutes" />
<script type="application/ld+json" class="yoast-schema-graph">{"@context":"https:\/\/schema.org","@graph":[{"@type":"WebPage","@id":"https:\/\/ostersjostiftelsen.se\/project\/politisk-kultur-och-retorik-i-det-svenska-ostersjovaldet\/","url":"https:\/\/ostersjostiftelsen.se\/project\/politisk-kultur-och-retorik-i-det-svenska-ostersjovaldet\/","name":"Politisk kultur och retorik i det svenska Östersjöväldet - Östersjöstiftelsen","isPartOf":{"@id":"https:\/\/ostersjostiftelsen.se\/#website"},"datePublished":"2019-09-23T10:44:10+00:00","dateModified":"2020-12-16T12:05:52+00:00","breadcrumb":{"@id":"https:\/\/ostersjostiftelsen.se\/project\/politisk-kultur-och-retorik-i-det-svenska-ostersjovaldet\/#breadcrumb"},"inLanguage":"en-US","potentialAction":[{"@type":"ReadAction","target":["https:\/\/ostersjostiftelsen.se\/project\/politisk-kultur-och-retorik-i-det-svenska-ostersjovaldet\/"]}]},{"@type":"BreadcrumbList","@id":"https:\/\/ostersjostiftelsen.se\/project\/politisk-kultur-och-retorik-i-det-svenska-ostersjovaldet\/#breadcrumb","itemListElement":[{"@type":"ListItem","position":1,"name":"Home","item":"https:\/\/ostersjostiftelsen.se\/en\/"},{"@type":"ListItem","position":2,"name":"Projekt","item":"https:\/\/ostersjostiftelsen.se\/project\/"},{"@type":"ListItem","position":3,"name":"Politisk kultur och retorik i det svenska Östersjöväldet"}]},{"@type":"WebSite","@id":"https:\/\/ostersjostiftelsen.se\/#website","url":"https:\/\/ostersjostiftelsen.se\/","name":"Östersjöstiftelsen","description":"Stiftelsen för forskning inom områden med anknytning till Östersjöregionen och Östeuropa","potentialAction":[{"@type":"SearchAction","target":{"@type":"EntryPoint","urlTemplate":"https:\/\/ostersjostiftelsen.se\/?s={search_term_string}"},"query-input":{"@type":"PropertyValueSpecification","valueRequired":true,"valueName":"search_term_string"}}],"inLanguage":"en-US"}]}</script>
<!-- / Yoast SEO plugin. -->

Politisk kultur och retorik i det svenska Östersjöväldet - Östersjöstiftelsen

Östersjöstiftelsen

Stiftelsen för forskning inom områden med anknytning till Östersjöregionen och Östeuropa
