{"id":661,"date":"2019-09-23T19:15:26","date_gmt":"2019-09-23T17:15:26","guid":{"rendered":"http:\/\/ostersjostiftelsen.se\/?post_type=project&#038;p=661"},"modified":"2020-12-16T13:00:12","modified_gmt":"2020-12-16T12:00:12","slug":"mediernas-diskurser-om-materiella-och-etniska-klyftor-en-jamforande-studie-i-st-petersburg-och-stockholm","status":"publish","type":"project","link":"https:\/\/ostersjostiftelsen.se\/en\/project\/mediernas-diskurser-om-materiella-och-etniska-klyftor-en-jamforande-studie-i-st-petersburg-och-stockholm\/","title":{"rendered":"Mediernas diskurser om materiella och etniska klyftor. En j\u00e4mf\u00f6rande studie i St Petersburg och Stockholm"},"content":{"rendered":"\n<p>Research confirms that the media play a role for our views of reality, especially when we do not have much experience of our own.<\/p>\n\n\n\n<p>The aim of this project proposal is to get deeper knowledge of the media discourses on material and ethnic gaps, and which relationships these discourses, in interplay with other social factors, have to people\u2019s ideas of such basic social processes.<\/p>\n\n\n\n<p>Overriding questions are: How do the media illuminate and explain people\u2019s uneven material resources and ethnic positions? How do the media discourses tally with people\u2019s notions of the material and ethnic gaps in society and the causes of these gaps? How are these notions connected with the individuals\u2019 own material resources and ethnic belonging?<\/p>\n\n\n\n<p>\u2018Material resources\u2019 refer to all things that concern the individual\u2019s material existence, such as food, clothes, place to live, health care, etc. \u2013 in today\u2019s society measured by means of economic indicators. Hardly any studies have sought to analyse the media discourses on \u2013 and their connections to people\u2019s ideas of \u2013 inequality regarding material resources (i.e., material gaps), including the reasons for such inequality.<\/p>\n\n\n\n<p>Material gaps have a strong relationship with ethnic gaps. Much research has illustrated how \u201cthe others\u201d are represented in the media, but research on how the relationship between material and ethnic gaps are understood and explained in the media is meagre.<\/p>\n\n\n\n<p>The questions will be answered by analyses of media discourses in St Petersburg and Stockholm.<br>Qualitative group interviews with inhabitants in the two cities on their notions of material resources and ethnicity aim to supplement the analyses. The choice of cities is motivated by the fact that both are cultural capitals with similar geographical location at the Baltic Sea, at the same time as they have very different historical, economic, political and cultural conditions. The comparison therefore contributes to more solid conclusions.<\/p>\n\n\n\n<p>Another aim of the suggested project is to deepen and widen our cooperation with Russian researchers and elaborate a theoretical and methodological basis for future projects, where also other countries with relevance in a Baltic and East European perspective would be included.<\/p>\n\n\n\n<p>The project is expected to contribute to new knowledge and hypotheses about the media\u2019s import for the reproduction of ideas of two tightly integrated societal processes, material and ethnic gaps.<\/p>\n","protected":false},"featured_media":0,"parent":0,"menu_order":0,"template":"","class_list":["post-661","project","type-project","status-publish","hentry"],"acf":[],"yoast_head":"<!-- This site is optimized with the Yoast SEO plugin v27.3 - https:\/\/yoast.com\/product\/yoast-seo-wordpress\/ -->\n<title>Mediernas diskurser om materiella och etniska klyftor. En j\u00e4mf\u00f6rande studie i St Petersburg och Stockholm - \u00d6stersj\u00f6stiftelsen<\/title>\n<meta name=\"robots\" content=\"index, follow, max-snippet:-1, max-image-preview:large, max-video-preview:-1\" \/>\n<link rel=\"canonical\" href=\"https:\/\/ostersjostiftelsen.se\/project\/mediernas-diskurser-om-materiella-och-etniska-klyftor-en-jamforande-studie-i-st-petersburg-och-stockholm\/\" \/>\n<meta property=\"og:locale\" content=\"en_US\" \/>\n<meta property=\"og:type\" content=\"article\" \/>\n<meta property=\"og:title\" content=\"Mediernas diskurser om materiella och etniska klyftor. En j\u00e4mf\u00f6rande studie i St Petersburg och Stockholm - \u00d6stersj\u00f6stiftelsen\" \/>\n<meta property=\"og:description\" content=\"Research confirms that the media play a role for our views of reality, especially when...\" \/>\n<meta property=\"og:url\" content=\"https:\/\/ostersjostiftelsen.se\/project\/mediernas-diskurser-om-materiella-och-etniska-klyftor-en-jamforande-studie-i-st-petersburg-och-stockholm\/\" \/>\n<meta property=\"og:site_name\" content=\"\u00d6stersj\u00f6stiftelsen\" \/>\n<meta property=\"article:modified_time\" content=\"2020-12-16T12:00:12+00:00\" \/>\n<meta name=\"twitter:card\" content=\"summary_large_image\" \/>\n<meta name=\"twitter:label1\" content=\"Est. reading time\" \/>\n\t<meta name=\"twitter:data1\" content=\"2 minutes\" \/>\n<script type=\"application\/ld+json\" class=\"yoast-schema-graph\">{\"@context\":\"https:\\\/\\\/schema.org\",\"@graph\":[{\"@type\":\"WebPage\",\"@id\":\"https:\\\/\\\/ostersjostiftelsen.se\\\/project\\\/mediernas-diskurser-om-materiella-och-etniska-klyftor-en-jamforande-studie-i-st-petersburg-och-stockholm\\\/\",\"url\":\"https:\\\/\\\/ostersjostiftelsen.se\\\/project\\\/mediernas-diskurser-om-materiella-och-etniska-klyftor-en-jamforande-studie-i-st-petersburg-och-stockholm\\\/\",\"name\":\"Mediernas diskurser om materiella och etniska klyftor. En j\u00e4mf\u00f6rande studie i St Petersburg och Stockholm - \u00d6stersj\u00f6stiftelsen\",\"isPartOf\":{\"@id\":\"https:\\\/\\\/ostersjostiftelsen.se\\\/#website\"},\"datePublished\":\"2019-09-23T17:15:26+00:00\",\"dateModified\":\"2020-12-16T12:00:12+00:00\",\"breadcrumb\":{\"@id\":\"https:\\\/\\\/ostersjostiftelsen.se\\\/project\\\/mediernas-diskurser-om-materiella-och-etniska-klyftor-en-jamforande-studie-i-st-petersburg-och-stockholm\\\/#breadcrumb\"},\"inLanguage\":\"en-US\",\"potentialAction\":[{\"@type\":\"ReadAction\",\"target\":[\"https:\\\/\\\/ostersjostiftelsen.se\\\/project\\\/mediernas-diskurser-om-materiella-och-etniska-klyftor-en-jamforande-studie-i-st-petersburg-och-stockholm\\\/\"]}]},{\"@type\":\"BreadcrumbList\",\"@id\":\"https:\\\/\\\/ostersjostiftelsen.se\\\/project\\\/mediernas-diskurser-om-materiella-och-etniska-klyftor-en-jamforande-studie-i-st-petersburg-och-stockholm\\\/#breadcrumb\",\"itemListElement\":[{\"@type\":\"ListItem\",\"position\":1,\"name\":\"Home\",\"item\":\"https:\\\/\\\/ostersjostiftelsen.se\\\/en\\\/\"},{\"@type\":\"ListItem\",\"position\":2,\"name\":\"Projekt\",\"item\":\"https:\\\/\\\/ostersjostiftelsen.se\\\/project\\\/\"},{\"@type\":\"ListItem\",\"position\":3,\"name\":\"Mediernas diskurser om materiella och etniska klyftor. En j\u00e4mf\u00f6rande studie i St Petersburg och Stockholm\"}]},{\"@type\":\"WebSite\",\"@id\":\"https:\\\/\\\/ostersjostiftelsen.se\\\/#website\",\"url\":\"https:\\\/\\\/ostersjostiftelsen.se\\\/\",\"name\":\"\u00d6stersj\u00f6stiftelsen\",\"description\":\"Stiftelsen f\u00f6r forskning inom omr\u00e5den med anknytning till \u00d6stersj\u00f6regionen och \u00d6steuropa\",\"potentialAction\":[{\"@type\":\"SearchAction\",\"target\":{\"@type\":\"EntryPoint\",\"urlTemplate\":\"https:\\\/\\\/ostersjostiftelsen.se\\\/?s={search_term_string}\"},\"query-input\":{\"@type\":\"PropertyValueSpecification\",\"valueRequired\":true,\"valueName\":\"search_term_string\"}}],\"inLanguage\":\"en-US\"}]}<\/script>\n<!-- \/ Yoast SEO plugin. -->","yoast_head_json":{"title":"Mediernas diskurser om materiella och etniska klyftor. En j\u00e4mf\u00f6rande studie i St Petersburg och Stockholm - \u00d6stersj\u00f6stiftelsen","robots":{"index":"index","follow":"follow","max-snippet":"max-snippet:-1","max-image-preview":"max-image-preview:large","max-video-preview":"max-video-preview:-1"},"canonical":"https:\/\/ostersjostiftelsen.se\/project\/mediernas-diskurser-om-materiella-och-etniska-klyftor-en-jamforande-studie-i-st-petersburg-och-stockholm\/","og_locale":"en_US","og_type":"article","og_title":"Mediernas diskurser om materiella och etniska klyftor. En j\u00e4mf\u00f6rande studie i St Petersburg och Stockholm - \u00d6stersj\u00f6stiftelsen","og_description":"Research confirms that the media play a role for our views of reality, especially when...","og_url":"https:\/\/ostersjostiftelsen.se\/project\/mediernas-diskurser-om-materiella-och-etniska-klyftor-en-jamforande-studie-i-st-petersburg-och-stockholm\/","og_site_name":"\u00d6stersj\u00f6stiftelsen","article_modified_time":"2020-12-16T12:00:12+00:00","twitter_card":"summary_large_image","twitter_misc":{"Est. reading time":"2 minutes"},"schema":{"@context":"https:\/\/schema.org","@graph":[{"@type":"WebPage","@id":"https:\/\/ostersjostiftelsen.se\/project\/mediernas-diskurser-om-materiella-och-etniska-klyftor-en-jamforande-studie-i-st-petersburg-och-stockholm\/","url":"https:\/\/ostersjostiftelsen.se\/project\/mediernas-diskurser-om-materiella-och-etniska-klyftor-en-jamforande-studie-i-st-petersburg-och-stockholm\/","name":"Mediernas diskurser om materiella och etniska klyftor. En j\u00e4mf\u00f6rande studie i St Petersburg och Stockholm - \u00d6stersj\u00f6stiftelsen","isPartOf":{"@id":"https:\/\/ostersjostiftelsen.se\/#website"},"datePublished":"2019-09-23T17:15:26+00:00","dateModified":"2020-12-16T12:00:12+00:00","breadcrumb":{"@id":"https:\/\/ostersjostiftelsen.se\/project\/mediernas-diskurser-om-materiella-och-etniska-klyftor-en-jamforande-studie-i-st-petersburg-och-stockholm\/#breadcrumb"},"inLanguage":"en-US","potentialAction":[{"@type":"ReadAction","target":["https:\/\/ostersjostiftelsen.se\/project\/mediernas-diskurser-om-materiella-och-etniska-klyftor-en-jamforande-studie-i-st-petersburg-och-stockholm\/"]}]},{"@type":"BreadcrumbList","@id":"https:\/\/ostersjostiftelsen.se\/project\/mediernas-diskurser-om-materiella-och-etniska-klyftor-en-jamforande-studie-i-st-petersburg-och-stockholm\/#breadcrumb","itemListElement":[{"@type":"ListItem","position":1,"name":"Home","item":"https:\/\/ostersjostiftelsen.se\/en\/"},{"@type":"ListItem","position":2,"name":"Projekt","item":"https:\/\/ostersjostiftelsen.se\/project\/"},{"@type":"ListItem","position":3,"name":"Mediernas diskurser om materiella och etniska klyftor. En j\u00e4mf\u00f6rande studie i St Petersburg och Stockholm"}]},{"@type":"WebSite","@id":"https:\/\/ostersjostiftelsen.se\/#website","url":"https:\/\/ostersjostiftelsen.se\/","name":"\u00d6stersj\u00f6stiftelsen","description":"Stiftelsen f\u00f6r forskning inom omr\u00e5den med anknytning till \u00d6stersj\u00f6regionen och \u00d6steuropa","potentialAction":[{"@type":"SearchAction","target":{"@type":"EntryPoint","urlTemplate":"https:\/\/ostersjostiftelsen.se\/?s={search_term_string}"},"query-input":{"@type":"PropertyValueSpecification","valueRequired":true,"valueName":"search_term_string"}}],"inLanguage":"en-US"}]}},"_links":{"self":[{"href":"https:\/\/ostersjostiftelsen.se\/en\/wp-json\/wp\/v2\/project\/661","targetHints":{"allow":["GET"]}}],"collection":[{"href":"https:\/\/ostersjostiftelsen.se\/en\/wp-json\/wp\/v2\/project"}],"about":[{"href":"https:\/\/ostersjostiftelsen.se\/en\/wp-json\/wp\/v2\/types\/project"}],"wp:attachment":[{"href":"https:\/\/ostersjostiftelsen.se\/en\/wp-json\/wp\/v2\/media?parent=661"}],"curies":[{"name":"wp","href":"https:\/\/api.w.org\/{rel}","templated":true}]}}

Mediernas diskurser om materiella och etniska klyftor. En jämförande studie i St Petersburg och Stockholm

<!-- This site is optimized with the Yoast SEO plugin v27.3 - https://yoast.com/product/yoast-seo-wordpress/ -->
<title>Mediernas diskurser om materiella och etniska klyftor. En jämförande studie i St Petersburg och Stockholm - Östersjöstiftelsen</title>
<meta name="robots" content="index, follow, max-snippet:-1, max-image-preview:large, max-video-preview:-1" />
<link rel="canonical" href="https://ostersjostiftelsen.se/project/mediernas-diskurser-om-materiella-och-etniska-klyftor-en-jamforande-studie-i-st-petersburg-och-stockholm/" />
<meta property="og:locale" content="en_US" />
<meta property="og:type" content="article" />
<meta property="og:title" content="Mediernas diskurser om materiella och etniska klyftor. En jämförande studie i St Petersburg och Stockholm - Östersjöstiftelsen" />
<meta property="og:description" content="Research confirms that the media play a role for our views of reality, especially when..." />
<meta property="og:url" content="https://ostersjostiftelsen.se/project/mediernas-diskurser-om-materiella-och-etniska-klyftor-en-jamforande-studie-i-st-petersburg-och-stockholm/" />
<meta property="og:site_name" content="Östersjöstiftelsen" />
<meta property="article:modified_time" content="2020-12-16T12:00:12+00:00" />
<meta name="twitter:card" content="summary_large_image" />
<meta name="twitter:label1" content="Est. reading time" />
	<meta name="twitter:data1" content="2 minutes" />
<script type="application/ld+json" class="yoast-schema-graph">{"@context":"https:\/\/schema.org","@graph":[{"@type":"WebPage","@id":"https:\/\/ostersjostiftelsen.se\/project\/mediernas-diskurser-om-materiella-och-etniska-klyftor-en-jamforande-studie-i-st-petersburg-och-stockholm\/","url":"https:\/\/ostersjostiftelsen.se\/project\/mediernas-diskurser-om-materiella-och-etniska-klyftor-en-jamforande-studie-i-st-petersburg-och-stockholm\/","name":"Mediernas diskurser om materiella och etniska klyftor. En jämförande studie i St Petersburg och Stockholm - Östersjöstiftelsen","isPartOf":{"@id":"https:\/\/ostersjostiftelsen.se\/#website"},"datePublished":"2019-09-23T17:15:26+00:00","dateModified":"2020-12-16T12:00:12+00:00","breadcrumb":{"@id":"https:\/\/ostersjostiftelsen.se\/project\/mediernas-diskurser-om-materiella-och-etniska-klyftor-en-jamforande-studie-i-st-petersburg-och-stockholm\/#breadcrumb"},"inLanguage":"en-US","potentialAction":[{"@type":"ReadAction","target":["https:\/\/ostersjostiftelsen.se\/project\/mediernas-diskurser-om-materiella-och-etniska-klyftor-en-jamforande-studie-i-st-petersburg-och-stockholm\/"]}]},{"@type":"BreadcrumbList","@id":"https:\/\/ostersjostiftelsen.se\/project\/mediernas-diskurser-om-materiella-och-etniska-klyftor-en-jamforande-studie-i-st-petersburg-och-stockholm\/#breadcrumb","itemListElement":[{"@type":"ListItem","position":1,"name":"Home","item":"https:\/\/ostersjostiftelsen.se\/en\/"},{"@type":"ListItem","position":2,"name":"Projekt","item":"https:\/\/ostersjostiftelsen.se\/project\/"},{"@type":"ListItem","position":3,"name":"Mediernas diskurser om materiella och etniska klyftor. En jämförande studie i St Petersburg och Stockholm"}]},{"@type":"WebSite","@id":"https:\/\/ostersjostiftelsen.se\/#website","url":"https:\/\/ostersjostiftelsen.se\/","name":"Östersjöstiftelsen","description":"Stiftelsen för forskning inom områden med anknytning till Östersjöregionen och Östeuropa","potentialAction":[{"@type":"SearchAction","target":{"@type":"EntryPoint","urlTemplate":"https:\/\/ostersjostiftelsen.se\/?s={search_term_string}"},"query-input":{"@type":"PropertyValueSpecification","valueRequired":true,"valueName":"search_term_string"}}],"inLanguage":"en-US"}]}</script>
<!-- / Yoast SEO plugin. -->

Mediernas diskurser om materiella och etniska klyftor. En jämförande studie i St Petersburg och Stockholm - Östersjöstiftelsen

Östersjöstiftelsen

Stiftelsen för forskning inom områden med anknytning till Östersjöregionen och Östeuropa
