{"id":666,"date":"2019-09-23T19:19:15","date_gmt":"2019-09-23T17:19:15","guid":{"rendered":"http:\/\/ostersjostiftelsen.se\/?post_type=project&#038;p=666"},"modified":"2020-12-16T13:09:12","modified_gmt":"2020-12-16T12:09:12","slug":"rum-makt-och-ideologi","status":"publish","type":"project","link":"https:\/\/ostersjostiftelsen.se\/en\/project\/rum-makt-och-ideologi\/","title":{"rendered":"Rum, makt och ideologi"},"content":{"rendered":"\n<p>Through an investigation relating to the concepts of power, space, and ideology, the project aspires to determine central aspects of what a critical theory of architecture and the visual arts could mean today. This comprises a genealogy of the philosophical condition for critical theory today, which must transcend the parameters defined by the classical Frankfurt School, in order to understand contemporary artistic practices. Central problem facing such a theory relate to the status of affectivity and resistance, in a society that has been defined as a \u201csociety of control\u201d (Deleuze), or a society based in \u201cnoopolitics\u201d (Maurizio Lazzarato). This first part looks particularly at the concept of ideology, in two historical moments: the emergence of the concept in the shift between the 18th and 19th century, and the way its basis in a philosophy of subjectivity has been questioned since the 1960s.<\/p>\n\n\n\n<p>These current debates largely draw on theoretical and ideological displacements that took place in the late 60s, and eventually ushered in the concept \u201cpostmodernism.\u201d In the second part of the project, the emergence of this term will be analyzed in the context of architectural discourse, but also with respect to the image and media industries that increasingly have come to dominate the general view of architecture, and in relation to the conception of the market that formed the implicit basis for many of these ideas.<\/p>\n\n\n\n<p>The questioning of the classical form of critical theory has also in recent years informed a significant amount of alternative architectural practices, which attempt to define a different site for architectural production. On the basis of several case studies, the project will examine the scope and possibilities of such practices, which are often local, but also attempt to define a new idea of globality.<\/p>\n\n\n\n<p>In attempting to redraw the boundaries of architecture, these practices often come close to similar practices in contemporary art, and the fourth part of the project will look at exhibition making, both in relation to the past and to its present possibilities, as a point of intersection between art and architecture.<\/p>\n","protected":false},"featured_media":0,"parent":0,"menu_order":0,"template":"","class_list":["post-666","project","type-project","status-publish","hentry"],"acf":[],"yoast_head":"<!-- This site is optimized with the Yoast SEO plugin v27.3 - https:\/\/yoast.com\/product\/yoast-seo-wordpress\/ -->\n<title>Rum, makt och ideologi - \u00d6stersj\u00f6stiftelsen<\/title>\n<meta name=\"robots\" content=\"index, follow, max-snippet:-1, max-image-preview:large, max-video-preview:-1\" \/>\n<link rel=\"canonical\" href=\"https:\/\/ostersjostiftelsen.se\/project\/rum-makt-och-ideologi\/\" \/>\n<meta property=\"og:locale\" content=\"en_US\" \/>\n<meta property=\"og:type\" content=\"article\" \/>\n<meta property=\"og:title\" content=\"Rum, makt och ideologi - \u00d6stersj\u00f6stiftelsen\" \/>\n<meta property=\"og:description\" content=\"Through an investigation relating to the concepts of power, space, and ideology, the project aspires...\" \/>\n<meta property=\"og:url\" content=\"https:\/\/ostersjostiftelsen.se\/project\/rum-makt-och-ideologi\/\" \/>\n<meta property=\"og:site_name\" content=\"\u00d6stersj\u00f6stiftelsen\" \/>\n<meta property=\"article:modified_time\" content=\"2020-12-16T12:09:12+00:00\" \/>\n<meta name=\"twitter:card\" content=\"summary_large_image\" \/>\n<meta name=\"twitter:label1\" content=\"Est. reading time\" \/>\n\t<meta name=\"twitter:data1\" content=\"2 minutes\" \/>\n<script type=\"application\/ld+json\" class=\"yoast-schema-graph\">{\"@context\":\"https:\\\/\\\/schema.org\",\"@graph\":[{\"@type\":\"WebPage\",\"@id\":\"https:\\\/\\\/ostersjostiftelsen.se\\\/project\\\/rum-makt-och-ideologi\\\/\",\"url\":\"https:\\\/\\\/ostersjostiftelsen.se\\\/project\\\/rum-makt-och-ideologi\\\/\",\"name\":\"Rum, makt och ideologi - \u00d6stersj\u00f6stiftelsen\",\"isPartOf\":{\"@id\":\"https:\\\/\\\/ostersjostiftelsen.se\\\/#website\"},\"datePublished\":\"2019-09-23T17:19:15+00:00\",\"dateModified\":\"2020-12-16T12:09:12+00:00\",\"breadcrumb\":{\"@id\":\"https:\\\/\\\/ostersjostiftelsen.se\\\/project\\\/rum-makt-och-ideologi\\\/#breadcrumb\"},\"inLanguage\":\"en-US\",\"potentialAction\":[{\"@type\":\"ReadAction\",\"target\":[\"https:\\\/\\\/ostersjostiftelsen.se\\\/project\\\/rum-makt-och-ideologi\\\/\"]}]},{\"@type\":\"BreadcrumbList\",\"@id\":\"https:\\\/\\\/ostersjostiftelsen.se\\\/project\\\/rum-makt-och-ideologi\\\/#breadcrumb\",\"itemListElement\":[{\"@type\":\"ListItem\",\"position\":1,\"name\":\"Home\",\"item\":\"https:\\\/\\\/ostersjostiftelsen.se\\\/en\\\/\"},{\"@type\":\"ListItem\",\"position\":2,\"name\":\"Projekt\",\"item\":\"https:\\\/\\\/ostersjostiftelsen.se\\\/project\\\/\"},{\"@type\":\"ListItem\",\"position\":3,\"name\":\"Rum, makt och ideologi\"}]},{\"@type\":\"WebSite\",\"@id\":\"https:\\\/\\\/ostersjostiftelsen.se\\\/#website\",\"url\":\"https:\\\/\\\/ostersjostiftelsen.se\\\/\",\"name\":\"\u00d6stersj\u00f6stiftelsen\",\"description\":\"Stiftelsen f\u00f6r forskning inom omr\u00e5den med anknytning till \u00d6stersj\u00f6regionen och \u00d6steuropa\",\"potentialAction\":[{\"@type\":\"SearchAction\",\"target\":{\"@type\":\"EntryPoint\",\"urlTemplate\":\"https:\\\/\\\/ostersjostiftelsen.se\\\/?s={search_term_string}\"},\"query-input\":{\"@type\":\"PropertyValueSpecification\",\"valueRequired\":true,\"valueName\":\"search_term_string\"}}],\"inLanguage\":\"en-US\"}]}<\/script>\n<!-- \/ Yoast SEO plugin. -->","yoast_head_json":{"title":"Rum, makt och ideologi - \u00d6stersj\u00f6stiftelsen","robots":{"index":"index","follow":"follow","max-snippet":"max-snippet:-1","max-image-preview":"max-image-preview:large","max-video-preview":"max-video-preview:-1"},"canonical":"https:\/\/ostersjostiftelsen.se\/project\/rum-makt-och-ideologi\/","og_locale":"en_US","og_type":"article","og_title":"Rum, makt och ideologi - \u00d6stersj\u00f6stiftelsen","og_description":"Through an investigation relating to the concepts of power, space, and ideology, the project aspires...","og_url":"https:\/\/ostersjostiftelsen.se\/project\/rum-makt-och-ideologi\/","og_site_name":"\u00d6stersj\u00f6stiftelsen","article_modified_time":"2020-12-16T12:09:12+00:00","twitter_card":"summary_large_image","twitter_misc":{"Est. reading time":"2 minutes"},"schema":{"@context":"https:\/\/schema.org","@graph":[{"@type":"WebPage","@id":"https:\/\/ostersjostiftelsen.se\/project\/rum-makt-och-ideologi\/","url":"https:\/\/ostersjostiftelsen.se\/project\/rum-makt-och-ideologi\/","name":"Rum, makt och ideologi - \u00d6stersj\u00f6stiftelsen","isPartOf":{"@id":"https:\/\/ostersjostiftelsen.se\/#website"},"datePublished":"2019-09-23T17:19:15+00:00","dateModified":"2020-12-16T12:09:12+00:00","breadcrumb":{"@id":"https:\/\/ostersjostiftelsen.se\/project\/rum-makt-och-ideologi\/#breadcrumb"},"inLanguage":"en-US","potentialAction":[{"@type":"ReadAction","target":["https:\/\/ostersjostiftelsen.se\/project\/rum-makt-och-ideologi\/"]}]},{"@type":"BreadcrumbList","@id":"https:\/\/ostersjostiftelsen.se\/project\/rum-makt-och-ideologi\/#breadcrumb","itemListElement":[{"@type":"ListItem","position":1,"name":"Home","item":"https:\/\/ostersjostiftelsen.se\/en\/"},{"@type":"ListItem","position":2,"name":"Projekt","item":"https:\/\/ostersjostiftelsen.se\/project\/"},{"@type":"ListItem","position":3,"name":"Rum, makt och ideologi"}]},{"@type":"WebSite","@id":"https:\/\/ostersjostiftelsen.se\/#website","url":"https:\/\/ostersjostiftelsen.se\/","name":"\u00d6stersj\u00f6stiftelsen","description":"Stiftelsen f\u00f6r forskning inom omr\u00e5den med anknytning till \u00d6stersj\u00f6regionen och \u00d6steuropa","potentialAction":[{"@type":"SearchAction","target":{"@type":"EntryPoint","urlTemplate":"https:\/\/ostersjostiftelsen.se\/?s={search_term_string}"},"query-input":{"@type":"PropertyValueSpecification","valueRequired":true,"valueName":"search_term_string"}}],"inLanguage":"en-US"}]}},"_links":{"self":[{"href":"https:\/\/ostersjostiftelsen.se\/en\/wp-json\/wp\/v2\/project\/666","targetHints":{"allow":["GET"]}}],"collection":[{"href":"https:\/\/ostersjostiftelsen.se\/en\/wp-json\/wp\/v2\/project"}],"about":[{"href":"https:\/\/ostersjostiftelsen.se\/en\/wp-json\/wp\/v2\/types\/project"}],"wp:attachment":[{"href":"https:\/\/ostersjostiftelsen.se\/en\/wp-json\/wp\/v2\/media?parent=666"}],"curies":[{"name":"wp","href":"https:\/\/api.w.org\/{rel}","templated":true}]}}

<!-- This site is optimized with the Yoast SEO plugin v27.3 - https://yoast.com/product/yoast-seo-wordpress/ -->
<title>Rum, makt och ideologi - Östersjöstiftelsen</title>
<meta name="robots" content="index, follow, max-snippet:-1, max-image-preview:large, max-video-preview:-1" />
<link rel="canonical" href="https://ostersjostiftelsen.se/project/rum-makt-och-ideologi/" />
<meta property="og:locale" content="en_US" />
<meta property="og:type" content="article" />
<meta property="og:title" content="Rum, makt och ideologi - Östersjöstiftelsen" />
<meta property="og:description" content="Through an investigation relating to the concepts of power, space, and ideology, the project aspires..." />
<meta property="og:url" content="https://ostersjostiftelsen.se/project/rum-makt-och-ideologi/" />
<meta property="og:site_name" content="Östersjöstiftelsen" />
<meta property="article:modified_time" content="2020-12-16T12:09:12+00:00" />
<meta name="twitter:card" content="summary_large_image" />
<meta name="twitter:label1" content="Est. reading time" />
	<meta name="twitter:data1" content="2 minutes" />
<script type="application/ld+json" class="yoast-schema-graph">{"@context":"https:\/\/schema.org","@graph":[{"@type":"WebPage","@id":"https:\/\/ostersjostiftelsen.se\/project\/rum-makt-och-ideologi\/","url":"https:\/\/ostersjostiftelsen.se\/project\/rum-makt-och-ideologi\/","name":"Rum, makt och ideologi - Östersjöstiftelsen","isPartOf":{"@id":"https:\/\/ostersjostiftelsen.se\/#website"},"datePublished":"2019-09-23T17:19:15+00:00","dateModified":"2020-12-16T12:09:12+00:00","breadcrumb":{"@id":"https:\/\/ostersjostiftelsen.se\/project\/rum-makt-och-ideologi\/#breadcrumb"},"inLanguage":"en-US","potentialAction":[{"@type":"ReadAction","target":["https:\/\/ostersjostiftelsen.se\/project\/rum-makt-och-ideologi\/"]}]},{"@type":"BreadcrumbList","@id":"https:\/\/ostersjostiftelsen.se\/project\/rum-makt-och-ideologi\/#breadcrumb","itemListElement":[{"@type":"ListItem","position":1,"name":"Home","item":"https:\/\/ostersjostiftelsen.se\/en\/"},{"@type":"ListItem","position":2,"name":"Projekt","item":"https:\/\/ostersjostiftelsen.se\/project\/"},{"@type":"ListItem","position":3,"name":"Rum, makt och ideologi"}]},{"@type":"WebSite","@id":"https:\/\/ostersjostiftelsen.se\/#website","url":"https:\/\/ostersjostiftelsen.se\/","name":"Östersjöstiftelsen","description":"Stiftelsen för forskning inom områden med anknytning till Östersjöregionen och Östeuropa","potentialAction":[{"@type":"SearchAction","target":{"@type":"EntryPoint","urlTemplate":"https:\/\/ostersjostiftelsen.se\/?s={search_term_string}"},"query-input":{"@type":"PropertyValueSpecification","valueRequired":true,"valueName":"search_term_string"}}],"inLanguage":"en-US"}]}</script>
<!-- / Yoast SEO plugin. -->

Rum, makt och ideologi - Östersjöstiftelsen

Östersjöstiftelsen

Stiftelsen för forskning inom områden med anknytning till Östersjöregionen och Östeuropa
